{"id":1435,"date":"2022-11-21T11:32:45","date_gmt":"2022-11-21T11:32:45","guid":{"rendered":"https:\/\/www.cruillaconcerts.cat\/?post_type=artists&#038;p=1435"},"modified":"2023-03-25T09:22:03","modified_gmt":"2023-03-25T09:22:03","slug":"delafe-y-las-flores-azules-2","status":"publish","type":"artists","link":"https:\/\/www.cruillaconcerts.cat\/es\/artists\/delafe-y-las-flores-azules-2\/","title":{"rendered":"Delaf\u00e9 y las flores azules"},"content":{"rendered":"<h2>Concierto de Delaf\u00e9 y las Flores Azules en el Cru\u00eflla Primavera 2023<\/h2>\n<p><strong>Delaf\u00e9 y Las Flores Azules<\/strong> marcaron a toda una generaci\u00f3n gracias a un sello inconfundible de <strong>hip hop de medio tiempo<\/strong> acompa\u00f1ado de <strong>melod\u00edas dulces<\/strong> y <strong>letras costumbristas<\/strong> que romantizan la <strong>cotidianidad urbanita<\/strong>.<\/p>\n<p>En 2015 <strong>Delaf\u00e9 y Las Flores Azules<\/strong> se separaron y por fin, en 2022, despu\u00e9s de 7 a\u00f1os de carreras en solitario, Oscar D&#8217;Aniello y Helena Miquel <strong>se volvieron a encontrar<\/strong> sobre el escenario. Ahora, <strong>ha llegado la hora de cerrar el c\u00edrculo.<\/strong><\/p>\n<p>El a\u00f1o pasado tuvimos el placer de verlos en el Cru\u00eflla XXS y en el Festival Cru\u00eflla 2022. Ahora, es el momento de recibir a <strong>Delaf\u00e9 y Las Flores Azules<\/strong> en el <strong>Cru\u00eflla Primavera 2023<\/strong>. \u00a1Nos vemos el pr\u00f3ximo <strong>24 de marzo<\/strong> en la <strong>Sala Razzmatazz<\/strong>!<\/p>\n<!-- auto-added video if acf\/single-artist-video not used  --> <iframe style=\"width: 100%;max-width: 100%;height: auto;aspect-ratio: 16 \/ 9;\" src=\"https:\/\/www.youtube-nocookie.com\/embed\/oV8270wL0YU\" frameborder=\"0\" allow=\"accelerometer; autoplay; encrypted-media; gyroscope; picture-in-picture\" allowfullscreen><\/iframe>","protected":false},"featured_media":1439,"parent":0,"template":"","meta":{"_acf_changed":false},"artists_edition":[52],"class_list":["post-1435","artists","type-artists","status-publish","has-post-thumbnail","hentry","artists_location-razzmatazz-1","artists_edition-primavera-2023"],"acf":{"_thumbnail_id":1439,"youtube_player":"oV8270wL0YU","artist_edition":[52],"artist_date":"20230324","artist_time":"21:00","artist_time_2":"19:30","artist_location":[22],"artist_ticket_url":"","artist_ticket_status":"","artist_extra_date__show":false,"artist_extra_date_2":null,"artist_time_of_date2":"","artist_extra_date_3":null,"artist_time_of_date3":"","artist_extra_date_4":null,"artist_time_of_date4":"","artist_extra_date_5":null,"artist_time_of_date5":"","artist_date__show_month":true,"artist_sidebar_active":false,"show_in_agenda":false,"artist_sidebar__banner_img":null,"artist_sidebar__banner_link":"","artist_hero_content":"Cru\u00eflla Primavera 2023","artist_style":false,"artist_nationality":false,"artist_audience_age":false},"yoast_head":"<!-- This site is optimized with the Yoast SEO plugin v27.5 - https:\/\/yoast.com\/product\/yoast-seo-wordpress\/ -->\n<title>Delaf\u00e9 y las flores azules, el 24 de marzo en Barcelona<\/title>\n<meta name=\"description\" content=\"Compra entradas para el concierto de Delaf\u00e9 y las flores azules en el Cru\u00eflla de Primavera 2023, el 24 de marzo en la sala Razzmatazz de BCN\" \/>\n<meta name=\"robots\" content=\"index, follow, max-snippet:-1, max-image-preview:large, max-video-preview:-1\" \/>\n<link rel=\"canonical\" href=\"https:\/\/www.cruillaconcerts.cat\/es\/artists\/delafe-y-las-flores-azules-2\/\" \/>\n<meta property=\"og:locale\" content=\"es_ES\" \/>\n<meta property=\"og:type\" content=\"article\" \/>\n<meta property=\"og:title\" content=\"Delaf\u00e9 y las flores azules, el 24 de marzo en Barcelona\" \/>\n<meta property=\"og:description\" content=\"Compra entradas para el concierto de Delaf\u00e9 y las flores azules en el Cru\u00eflla de Primavera 2023, el 24 de marzo en la sala Razzmatazz de BCN\" \/>\n<meta property=\"og:url\" content=\"https:\/\/www.cruillaconcerts.cat\/es\/artists\/delafe-y-las-flores-azules-2\/\" \/>\n<meta property=\"og:site_name\" content=\"Cru\u00eflla Concerts\" \/>\n<meta property=\"article:modified_time\" content=\"2023-03-25T09:22:03+00:00\" \/>\n<meta property=\"og:image\" content=\"https:\/\/www.cruillaconcerts.cat\/wp-content\/uploads\/2022\/11\/Delafe_1000x1000.jpg\" \/>\n\t<meta property=\"og:image:width\" content=\"1000\" \/>\n\t<meta property=\"og:image:height\" content=\"1000\" \/>\n\t<meta property=\"og:image:type\" content=\"image\/jpeg\" \/>\n<meta name=\"twitter:card\" content=\"summary_large_image\" \/>\n<meta name=\"twitter:label1\" content=\"Tiempo de lectura\" \/>\n\t<meta name=\"twitter:data1\" content=\"1 minuto\" \/>\n<script type=\"application\/ld+json\" class=\"yoast-schema-graph\">{\"@context\":\"https:\\\/\\\/schema.org\",\"@graph\":[{\"@type\":\"WebPage\",\"@id\":\"https:\\\/\\\/www.cruillaconcerts.cat\\\/es\\\/artists\\\/delafe-y-las-flores-azules-2\\\/\",\"url\":\"https:\\\/\\\/www.cruillaconcerts.cat\\\/es\\\/artists\\\/delafe-y-las-flores-azules-2\\\/\",\"name\":\"Delaf\u00e9 y las flores azules, el 24 de marzo en Barcelona\",\"isPartOf\":{\"@id\":\"https:\\\/\\\/www.cruillaconcerts.cat\\\/es\\\/#website\"},\"primaryImageOfPage\":{\"@id\":\"https:\\\/\\\/www.cruillaconcerts.cat\\\/es\\\/artists\\\/delafe-y-las-flores-azules-2\\\/#primaryimage\"},\"image\":{\"@id\":\"https:\\\/\\\/www.cruillaconcerts.cat\\\/es\\\/artists\\\/delafe-y-las-flores-azules-2\\\/#primaryimage\"},\"thumbnailUrl\":\"https:\\\/\\\/www.cruillaconcerts.cat\\\/wp-content\\\/uploads\\\/2022\\\/11\\\/Delafe_1000x1000.jpg\",\"datePublished\":\"2022-11-21T11:32:45+00:00\",\"dateModified\":\"2023-03-25T09:22:03+00:00\",\"description\":\"Compra entradas para el concierto de Delaf\u00e9 y las flores azules en el Cru\u00eflla de Primavera 2023, el 24 de marzo en la sala Razzmatazz de BCN\",\"breadcrumb\":{\"@id\":\"https:\\\/\\\/www.cruillaconcerts.cat\\\/es\\\/artists\\\/delafe-y-las-flores-azules-2\\\/#breadcrumb\"},\"inLanguage\":\"es\",\"potentialAction\":[{\"@type\":\"ReadAction\",\"target\":[\"https:\\\/\\\/www.cruillaconcerts.cat\\\/es\\\/artists\\\/delafe-y-las-flores-azules-2\\\/\"]}]},{\"@type\":\"ImageObject\",\"inLanguage\":\"es\",\"@id\":\"https:\\\/\\\/www.cruillaconcerts.cat\\\/es\\\/artists\\\/delafe-y-las-flores-azules-2\\\/#primaryimage\",\"url\":\"https:\\\/\\\/www.cruillaconcerts.cat\\\/wp-content\\\/uploads\\\/2022\\\/11\\\/Delafe_1000x1000.jpg\",\"contentUrl\":\"https:\\\/\\\/www.cruillaconcerts.cat\\\/wp-content\\\/uploads\\\/2022\\\/11\\\/Delafe_1000x1000.jpg\",\"width\":1000,\"height\":1000},{\"@type\":\"BreadcrumbList\",\"@id\":\"https:\\\/\\\/www.cruillaconcerts.cat\\\/es\\\/artists\\\/delafe-y-las-flores-azules-2\\\/#breadcrumb\",\"itemListElement\":[{\"@type\":\"ListItem\",\"position\":1,\"name\":\"Home\",\"item\":\"https:\\\/\\\/www.cruillaconcerts.cat\\\/es\\\/\"},{\"@type\":\"ListItem\",\"position\":2,\"name\":\"Delaf\u00e9 y las flores azules\"}]},{\"@type\":\"WebSite\",\"@id\":\"https:\\\/\\\/www.cruillaconcerts.cat\\\/es\\\/#website\",\"url\":\"https:\\\/\\\/www.cruillaconcerts.cat\\\/es\\\/\",\"name\":\"Cru\u00eflla Concerts\",\"description\":\"\",\"potentialAction\":[{\"@type\":\"SearchAction\",\"target\":{\"@type\":\"EntryPoint\",\"urlTemplate\":\"https:\\\/\\\/www.cruillaconcerts.cat\\\/es\\\/?s={search_term_string}\"},\"query-input\":{\"@type\":\"PropertyValueSpecification\",\"valueRequired\":true,\"valueName\":\"search_term_string\"}}],\"inLanguage\":\"es\"}]}<\/script>\n<!-- \/ Yoast SEO plugin. -->","yoast_head_json":{"title":"Delaf\u00e9 y las flores azules, el 24 de marzo en Barcelona","description":"Compra entradas para el concierto de Delaf\u00e9 y las flores azules en el Cru\u00eflla de Primavera 2023, el 24 de marzo en la sala Razzmatazz de BCN","robots":{"index":"index","follow":"follow","max-snippet":"max-snippet:-1","max-image-preview":"max-image-preview:large","max-video-preview":"max-video-preview:-1"},"canonical":"https:\/\/www.cruillaconcerts.cat\/es\/artists\/delafe-y-las-flores-azules-2\/","og_locale":"es_ES","og_type":"article","og_title":"Delaf\u00e9 y las flores azules, el 24 de marzo en Barcelona","og_description":"Compra entradas para el concierto de Delaf\u00e9 y las flores azules en el Cru\u00eflla de Primavera 2023, el 24 de marzo en la sala Razzmatazz de BCN","og_url":"https:\/\/www.cruillaconcerts.cat\/es\/artists\/delafe-y-las-flores-azules-2\/","og_site_name":"Cru\u00eflla Concerts","article_modified_time":"2023-03-25T09:22:03+00:00","og_image":[{"width":1000,"height":1000,"url":"https:\/\/www.cruillaconcerts.cat\/wp-content\/uploads\/2022\/11\/Delafe_1000x1000.jpg","type":"image\/jpeg"}],"twitter_card":"summary_large_image","twitter_misc":{"Tiempo de lectura":"1 minuto"},"schema":{"@context":"https:\/\/schema.org","@graph":[{"@type":"WebPage","@id":"https:\/\/www.cruillaconcerts.cat\/es\/artists\/delafe-y-las-flores-azules-2\/","url":"https:\/\/www.cruillaconcerts.cat\/es\/artists\/delafe-y-las-flores-azules-2\/","name":"Delaf\u00e9 y las flores azules, el 24 de marzo en Barcelona","isPartOf":{"@id":"https:\/\/www.cruillaconcerts.cat\/es\/#website"},"primaryImageOfPage":{"@id":"https:\/\/www.cruillaconcerts.cat\/es\/artists\/delafe-y-las-flores-azules-2\/#primaryimage"},"image":{"@id":"https:\/\/www.cruillaconcerts.cat\/es\/artists\/delafe-y-las-flores-azules-2\/#primaryimage"},"thumbnailUrl":"https:\/\/www.cruillaconcerts.cat\/wp-content\/uploads\/2022\/11\/Delafe_1000x1000.jpg","datePublished":"2022-11-21T11:32:45+00:00","dateModified":"2023-03-25T09:22:03+00:00","description":"Compra entradas para el concierto de Delaf\u00e9 y las flores azules en el Cru\u00eflla de Primavera 2023, el 24 de marzo en la sala Razzmatazz de BCN","breadcrumb":{"@id":"https:\/\/www.cruillaconcerts.cat\/es\/artists\/delafe-y-las-flores-azules-2\/#breadcrumb"},"inLanguage":"es","potentialAction":[{"@type":"ReadAction","target":["https:\/\/www.cruillaconcerts.cat\/es\/artists\/delafe-y-las-flores-azules-2\/"]}]},{"@type":"ImageObject","inLanguage":"es","@id":"https:\/\/www.cruillaconcerts.cat\/es\/artists\/delafe-y-las-flores-azules-2\/#primaryimage","url":"https:\/\/www.cruillaconcerts.cat\/wp-content\/uploads\/2022\/11\/Delafe_1000x1000.jpg","contentUrl":"https:\/\/www.cruillaconcerts.cat\/wp-content\/uploads\/2022\/11\/Delafe_1000x1000.jpg","width":1000,"height":1000},{"@type":"BreadcrumbList","@id":"https:\/\/www.cruillaconcerts.cat\/es\/artists\/delafe-y-las-flores-azules-2\/#breadcrumb","itemListElement":[{"@type":"ListItem","position":1,"name":"Home","item":"https:\/\/www.cruillaconcerts.cat\/es\/"},{"@type":"ListItem","position":2,"name":"Delaf\u00e9 y las flores azules"}]},{"@type":"WebSite","@id":"https:\/\/www.cruillaconcerts.cat\/es\/#website","url":"https:\/\/www.cruillaconcerts.cat\/es\/","name":"Cru\u00eflla Concerts","description":"","potentialAction":[{"@type":"SearchAction","target":{"@type":"EntryPoint","urlTemplate":"https:\/\/www.cruillaconcerts.cat\/es\/?s={search_term_string}"},"query-input":{"@type":"PropertyValueSpecification","valueRequired":true,"valueName":"search_term_string"}}],"inLanguage":"es"}]}},"_links":{"self":[{"href":"https:\/\/www.cruillaconcerts.cat\/es\/wp-json\/wp\/v2\/artists\/1435","targetHints":{"allow":["GET"]}}],"collection":[{"href":"https:\/\/www.cruillaconcerts.cat\/es\/wp-json\/wp\/v2\/artists"}],"about":[{"href":"https:\/\/www.cruillaconcerts.cat\/es\/wp-json\/wp\/v2\/types\/artists"}],"acf:term":[{"embeddable":true,"taxonomy":"artists_location","href":"https:\/\/www.cruillaconcerts.cat\/es\/wp-json\/wp\/v2\/artists_location\/22"},{"embeddable":true,"taxonomy":"artists_edition","href":"https:\/\/www.cruillaconcerts.cat\/es\/wp-json\/wp\/v2\/artists_edition\/52"}],"wp:featuredmedia":[{"embeddable":true,"href":"https:\/\/www.cruillaconcerts.cat\/es\/wp-json\/wp\/v2\/media\/1439"}],"wp:attachment":[{"href":"https:\/\/www.cruillaconcerts.cat\/es\/wp-json\/wp\/v2\/media?parent=1435"}],"wp:term":[{"taxonomy":"artists_edition","embeddable":true,"href":"https:\/\/www.cruillaconcerts.cat\/es\/wp-json\/wp\/v2\/artists_edition?post=1435"}],"curies":[{"name":"wp","href":"https:\/\/api.w.org\/{rel}","templated":true}]}}

Delafé y las flores azules

<h2>Concierto de Delafé y las Flores Azules en el Cruïlla Primavera 2023</h2>
<p><strong>Delafé y Las Flores Azules</strong> marcaron a toda una generación gracias a un sello inconfundible de <strong>hip hop de medio tiempo</strong> acompañado de <strong>melodías dulces</strong> y <strong>letras costumbristas</strong> que romantizan la <strong>cotidianidad urbanita</strong>.</p>
<p>En 2015 <strong>Delafé y Las Flores Azules</strong> se separaron y por fin, en 2022, después de 7 años de carreras en solitario, Oscar D&#8217;Aniello y Helena Miquel <strong>se volvieron a encontrar</strong> sobre el escenario. Ahora, <strong>ha llegado la hora de cerrar el círculo.</strong></p>
<p>El año pasado tuvimos el placer de verlos en el Cruïlla XXS y en el Festival Cruïlla 2022. Ahora, es el momento de recibir a <strong>Delafé y Las Flores Azules</strong> en el <strong>Cruïlla Primavera 2023</strong>. ¡Nos vemos el próximo <strong>24 de marzo</strong> en la <strong>Sala Razzmatazz</strong>!</p>
<!-- auto-added video if acf/single-artist-video not used  --> <iframe style="width: 100%;max-width: 100%;height: auto;aspect-ratio: 16 / 9;" src="https://www.youtube-nocookie.com/embed/oV8270wL0YU" frameborder="0" allow="accelerometer; autoplay; encrypted-media; gyroscope; picture-in-picture" allowfullscreen></iframe>

Cruïlla Primavera 2023

<!-- This site is optimized with the Yoast SEO plugin v27.5 - https://yoast.com/product/yoast-seo-wordpress/ -->
<title>Delafé y las flores azules, el 24 de marzo en Barcelona</title>
<meta name="description" content="Compra entradas para el concierto de Delafé y las flores azules en el Cruïlla de Primavera 2023, el 24 de marzo en la sala Razzmatazz de BCN" />
<meta name="robots" content="index, follow, max-snippet:-1, max-image-preview:large, max-video-preview:-1" />
<link rel="canonical" href="https://www.cruillaconcerts.cat/es/artists/delafe-y-las-flores-azules-2/" />
<meta property="og:locale" content="es_ES" />
<meta property="og:type" content="article" />
<meta property="og:title" content="Delafé y las flores azules, el 24 de marzo en Barcelona" />
<meta property="og:description" content="Compra entradas para el concierto de Delafé y las flores azules en el Cruïlla de Primavera 2023, el 24 de marzo en la sala Razzmatazz de BCN" />
<meta property="og:url" content="https://www.cruillaconcerts.cat/es/artists/delafe-y-las-flores-azules-2/" />
<meta property="og:site_name" content="Cruïlla Concerts" />
<meta property="article:modified_time" content="2023-03-25T09:22:03+00:00" />
<meta property="og:image" content="https://www.cruillaconcerts.cat/wp-content/uploads/2022/11/Delafe_1000x1000.jpg" />
	<meta property="og:image:width" content="1000" />
	<meta property="og:image:height" content="1000" />
	<meta property="og:image:type" content="image/jpeg" />
<meta name="twitter:card" content="summary_large_image" />
<meta name="twitter:label1" content="Tiempo de lectura" />
	<meta name="twitter:data1" content="1 minuto" />
<script type="application/ld+json" class="yoast-schema-graph">{"@context":"https:\/\/schema.org","@graph":[{"@type":"WebPage","@id":"https:\/\/www.cruillaconcerts.cat\/es\/artists\/delafe-y-las-flores-azules-2\/","url":"https:\/\/www.cruillaconcerts.cat\/es\/artists\/delafe-y-las-flores-azules-2\/","name":"Delafé y las flores azules, el 24 de marzo en Barcelona","isPartOf":{"@id":"https:\/\/www.cruillaconcerts.cat\/es\/#website"},"primaryImageOfPage":{"@id":"https:\/\/www.cruillaconcerts.cat\/es\/artists\/delafe-y-las-flores-azules-2\/#primaryimage"},"image":{"@id":"https:\/\/www.cruillaconcerts.cat\/es\/artists\/delafe-y-las-flores-azules-2\/#primaryimage"},"thumbnailUrl":"https:\/\/www.cruillaconcerts.cat\/wp-content\/uploads\/2022\/11\/Delafe_1000x1000.jpg","datePublished":"2022-11-21T11:32:45+00:00","dateModified":"2023-03-25T09:22:03+00:00","description":"Compra entradas para el concierto de Delafé y las flores azules en el Cruïlla de Primavera 2023, el 24 de marzo en la sala Razzmatazz de BCN","breadcrumb":{"@id":"https:\/\/www.cruillaconcerts.cat\/es\/artists\/delafe-y-las-flores-azules-2\/#breadcrumb"},"inLanguage":"es","potentialAction":[{"@type":"ReadAction","target":["https:\/\/www.cruillaconcerts.cat\/es\/artists\/delafe-y-las-flores-azules-2\/"]}]},{"@type":"ImageObject","inLanguage":"es","@id":"https:\/\/www.cruillaconcerts.cat\/es\/artists\/delafe-y-las-flores-azules-2\/#primaryimage","url":"https:\/\/www.cruillaconcerts.cat\/wp-content\/uploads\/2022\/11\/Delafe_1000x1000.jpg","contentUrl":"https:\/\/www.cruillaconcerts.cat\/wp-content\/uploads\/2022\/11\/Delafe_1000x1000.jpg","width":1000,"height":1000},{"@type":"BreadcrumbList","@id":"https:\/\/www.cruillaconcerts.cat\/es\/artists\/delafe-y-las-flores-azules-2\/#breadcrumb","itemListElement":[{"@type":"ListItem","position":1,"name":"Home","item":"https:\/\/www.cruillaconcerts.cat\/es\/"},{"@type":"ListItem","position":2,"name":"Delafé y las flores azules"}]},{"@type":"WebSite","@id":"https:\/\/www.cruillaconcerts.cat\/es\/#website","url":"https:\/\/www.cruillaconcerts.cat\/es\/","name":"Cruïlla Concerts","description":"","potentialAction":[{"@type":"SearchAction","target":{"@type":"EntryPoint","urlTemplate":"https:\/\/www.cruillaconcerts.cat\/es\/?s={search_term_string}"},"query-input":{"@type":"PropertyValueSpecification","valueRequired":true,"valueName":"search_term_string"}}],"inLanguage":"es"}]}</script>
<!-- / Yoast SEO plugin. -->

Delafé y las flores azules, el 24 de marzo en Barcelona

Compra entradas para el concierto de Delafé y las flores azules en el Cruïlla de Primavera 2023, el 24 de marzo en la sala Razzmatazz de BCN

Cruïlla Concerts
