{"id":1738,"date":"2023-01-31T11:28:47","date_gmt":"2023-01-31T11:28:47","guid":{"rendered":"https:\/\/www.cruillaconcerts.cat\/?post_type=artists&#038;p=1738"},"modified":"2023-05-03T09:05:03","modified_gmt":"2023-05-03T09:05:03","slug":"miqui-puig-dj","status":"publish","type":"artists","link":"https:\/\/www.cruillaconcerts.cat\/es\/artists\/miqui-puig-dj\/","title":{"rendered":"Miqui Puig Dj"},"content":{"rendered":"<h2>\u00a1MIQUI PUIG DJ AL CRU\u00cfLLA DO TERRA ALTA!<\/h2>\n<h3>GOTITAS PA&#8217;L CORAZ\u00d3N<\/h3>\n<p>De triunfar con <strong>Los Sencillos<\/strong> a estrenar <strong>ocho discos en solitario<\/strong>. De ser jurado en talent shows como Operaci\u00f3n Triunfo o X Factor a llegar a los 1000 cap\u00edtulos de su programa de radio <em>Pista de fusta<\/em>. De fundar la productora LAV Records en el Vall\u00e8s Oriental a ser <strong>el DJ del Cru\u00eflla DO Terra Alta.<\/strong><\/p>\n<p><strong>Miqui Puig<\/strong> se define como un \u00abcantante de amor\u00bb y, por encima de todo, \u00abfan de la m\u00fasica\u00bb. Desde hace muchos a\u00f1os canaliza su pasi\u00f3n seleccionando <strong>la banda sonora de nuestras noches,<\/strong> rebuscando en su imaginario de soul, guitarras pop y trastos electr\u00f3nicos.<\/p>\n<hr \/>\n<p style=\"text-align: center;\"><em><strong>Consigue tu entrada de d\u00eda o abono del Cru\u00eflla DO Terra Alta:<\/strong><\/em><\/p>\n<p style=\"text-align: center;\"><a class=\"efsbutton button \" target=\"_blank\">ENTRADAS<\/a><\/p>\n<hr \/>\n<p>Mezclando temas que parec\u00edan olvidados con otros contempor\u00e1neos, las sesiones de <strong>Miqui Puig<\/strong> impregnan de <strong>felicidad<\/strong> con melod\u00edas y ritmos que s\u00f3lo \u00e9l sabe cu\u00e1ndo se acabar\u00e1n.<\/p>\n<p>El DJ de la Ametlla del Vall\u00e8s nos acompa\u00f1ar\u00e1 en el Village del Cru\u00eflla DO Terra Alta para demostrar que <strong>la m\u00fasica es el mejor maridaje para el vino.<\/strong><\/p>\n<p><img decoding=\"async\" class=\"aligncenter wp-image-1959\" src=\"https:\/\/www.cruillaconcerts.cat\/wp-content\/uploads\/2023\/01\/Promo_CruillaTerraAlta_Cartell_ES.jpg\" alt=\"\" width=\"900\" height=\"471\" srcset=\"https:\/\/www.cruillaconcerts.cat\/wp-content\/uploads\/2023\/01\/Promo_CruillaTerraAlta_Cartell_ES.jpg 1800w, https:\/\/www.cruillaconcerts.cat\/wp-content\/uploads\/2023\/01\/Promo_CruillaTerraAlta_Cartell_ES-1024x536.jpg 1024w, https:\/\/www.cruillaconcerts.cat\/wp-content\/uploads\/2023\/01\/Promo_CruillaTerraAlta_Cartell_ES-768x402.jpg 768w, https:\/\/www.cruillaconcerts.cat\/wp-content\/uploads\/2023\/01\/Promo_CruillaTerraAlta_Cartell_ES-1536x804.jpg 1536w, https:\/\/www.cruillaconcerts.cat\/wp-content\/uploads\/2023\/01\/Promo_CruillaTerraAlta_Cartell_ES-300x157.jpg 300w, https:\/\/www.cruillaconcerts.cat\/wp-content\/uploads\/2023\/01\/Promo_CruillaTerraAlta_Cartell_ES-1500x785.jpg 1500w\" sizes=\"(max-width: 900px) 100vw, 900px\" \/><\/p>\n","protected":false},"featured_media":1854,"parent":0,"template":"","meta":{"_acf_changed":false},"artists_edition":[55],"class_list":["post-1738","artists","type-artists","status-publish","has-post-thumbnail","hentry","artists_location-camp-de-futbol-de-batea","artists_nationality-catala","artists_audience_age-adult","artists_edition-cruilla-d-o-terra-alta"],"acf":{"_thumbnail_id":1854,"youtube_player":"","artist_edition":[55],"artist_date":"20230422","artist_time":"","artist_time_2":"","artist_location":[54],"artist_ticket_url":"https:\/\/www.cruillaconcerts.cat\/es\/tickets-terra-alta\/","artist_ticket_status":"","artist_extra_date__show":true,"artist_extra_date_2":"20230423","artist_time_of_date2":"","artist_extra_date_3":null,"artist_time_of_date3":"","artist_extra_date_4":null,"artist_time_of_date4":"","artist_extra_date_5":null,"artist_time_of_date5":"","artist_date__show_month":true,"artist_sidebar_active":true,"show_in_agenda":false,"artist_sidebar__banner_img":"","artist_sidebar__banner_link":"","artist_hero_content":"Cru\u00eflla DO Terra Alta","artist_style":false,"artist_nationality":[37],"artist_audience_age":[41]},"yoast_head":"<!-- This site is optimized with the Yoast SEO plugin v27.5 - https:\/\/yoast.com\/product\/yoast-seo-wordpress\/ -->\n<title>Miqui Puig Dj en el Cru\u00eflla DO Terra Alta<\/title>\n<meta name=\"description\" content=\"Compra entradas de d\u00eda o abono de fin de semana para el Cru\u00eflla DO Terra Alta. 22 y 23 de abril de 2023 en Batea.\" \/>\n<meta name=\"robots\" content=\"index, follow, max-snippet:-1, max-image-preview:large, max-video-preview:-1\" \/>\n<link rel=\"canonical\" href=\"https:\/\/www.cruillaconcerts.cat\/es\/artists\/miqui-puig-dj\/\" \/>\n<meta property=\"og:locale\" content=\"es_ES\" \/>\n<meta property=\"og:type\" content=\"article\" \/>\n<meta property=\"og:title\" content=\"Miqui Puig Dj en el Cru\u00eflla DO Terra Alta\" \/>\n<meta property=\"og:description\" content=\"Compra entradas de d\u00eda o abono de fin de semana para el Cru\u00eflla DO Terra Alta. 22 y 23 de abril de 2023 en Batea.\" \/>\n<meta property=\"og:url\" content=\"https:\/\/www.cruillaconcerts.cat\/es\/artists\/miqui-puig-dj\/\" \/>\n<meta property=\"og:site_name\" content=\"Cru\u00eflla Concerts\" \/>\n<meta property=\"article:modified_time\" content=\"2023-05-03T09:05:03+00:00\" \/>\n<meta property=\"og:image\" content=\"https:\/\/www.cruillaconcerts.cat\/wp-content\/uploads\/2023\/01\/Miqui-Film-Strip-Kodak-20_edit-1-1.jpg\" \/>\n\t<meta property=\"og:image:width\" content=\"1531\" \/>\n\t<meta property=\"og:image:height\" content=\"1531\" \/>\n\t<meta property=\"og:image:type\" content=\"image\/jpeg\" \/>\n<meta name=\"twitter:card\" content=\"summary_large_image\" \/>\n<meta name=\"twitter:label1\" content=\"Tiempo de lectura\" \/>\n\t<meta name=\"twitter:data1\" content=\"2 minutos\" \/>\n<script type=\"application\/ld+json\" class=\"yoast-schema-graph\">{\"@context\":\"https:\\\/\\\/schema.org\",\"@graph\":[{\"@type\":\"WebPage\",\"@id\":\"https:\\\/\\\/www.cruillaconcerts.cat\\\/es\\\/artists\\\/miqui-puig-dj\\\/\",\"url\":\"https:\\\/\\\/www.cruillaconcerts.cat\\\/es\\\/artists\\\/miqui-puig-dj\\\/\",\"name\":\"Miqui Puig Dj en el Cru\u00eflla DO Terra Alta\",\"isPartOf\":{\"@id\":\"https:\\\/\\\/www.cruillaconcerts.cat\\\/es\\\/#website\"},\"primaryImageOfPage\":{\"@id\":\"https:\\\/\\\/www.cruillaconcerts.cat\\\/es\\\/artists\\\/miqui-puig-dj\\\/#primaryimage\"},\"image\":{\"@id\":\"https:\\\/\\\/www.cruillaconcerts.cat\\\/es\\\/artists\\\/miqui-puig-dj\\\/#primaryimage\"},\"thumbnailUrl\":\"https:\\\/\\\/www.cruillaconcerts.cat\\\/wp-content\\\/uploads\\\/2023\\\/01\\\/Miqui-Film-Strip-Kodak-20_edit-1-1.jpg\",\"datePublished\":\"2023-01-31T11:28:47+00:00\",\"dateModified\":\"2023-05-03T09:05:03+00:00\",\"description\":\"Compra entradas de d\u00eda o abono de fin de semana para el Cru\u00eflla DO Terra Alta. 22 y 23 de abril de 2023 en Batea.\",\"breadcrumb\":{\"@id\":\"https:\\\/\\\/www.cruillaconcerts.cat\\\/es\\\/artists\\\/miqui-puig-dj\\\/#breadcrumb\"},\"inLanguage\":\"es\",\"potentialAction\":[{\"@type\":\"ReadAction\",\"target\":[\"https:\\\/\\\/www.cruillaconcerts.cat\\\/es\\\/artists\\\/miqui-puig-dj\\\/\"]}]},{\"@type\":\"ImageObject\",\"inLanguage\":\"es\",\"@id\":\"https:\\\/\\\/www.cruillaconcerts.cat\\\/es\\\/artists\\\/miqui-puig-dj\\\/#primaryimage\",\"url\":\"https:\\\/\\\/www.cruillaconcerts.cat\\\/wp-content\\\/uploads\\\/2023\\\/01\\\/Miqui-Film-Strip-Kodak-20_edit-1-1.jpg\",\"contentUrl\":\"https:\\\/\\\/www.cruillaconcerts.cat\\\/wp-content\\\/uploads\\\/2023\\\/01\\\/Miqui-Film-Strip-Kodak-20_edit-1-1.jpg\",\"width\":1531,\"height\":1531},{\"@type\":\"BreadcrumbList\",\"@id\":\"https:\\\/\\\/www.cruillaconcerts.cat\\\/es\\\/artists\\\/miqui-puig-dj\\\/#breadcrumb\",\"itemListElement\":[{\"@type\":\"ListItem\",\"position\":1,\"name\":\"Home\",\"item\":\"https:\\\/\\\/www.cruillaconcerts.cat\\\/es\\\/\"},{\"@type\":\"ListItem\",\"position\":2,\"name\":\"Miqui Puig Dj\"}]},{\"@type\":\"WebSite\",\"@id\":\"https:\\\/\\\/www.cruillaconcerts.cat\\\/es\\\/#website\",\"url\":\"https:\\\/\\\/www.cruillaconcerts.cat\\\/es\\\/\",\"name\":\"Cru\u00eflla Concerts\",\"description\":\"\",\"potentialAction\":[{\"@type\":\"SearchAction\",\"target\":{\"@type\":\"EntryPoint\",\"urlTemplate\":\"https:\\\/\\\/www.cruillaconcerts.cat\\\/es\\\/?s={search_term_string}\"},\"query-input\":{\"@type\":\"PropertyValueSpecification\",\"valueRequired\":true,\"valueName\":\"search_term_string\"}}],\"inLanguage\":\"es\"}]}<\/script>\n<!-- \/ Yoast SEO plugin. -->","yoast_head_json":{"title":"Miqui Puig Dj en el Cru\u00eflla DO Terra Alta","description":"Compra entradas de d\u00eda o abono de fin de semana para el Cru\u00eflla DO Terra Alta. 22 y 23 de abril de 2023 en Batea.","robots":{"index":"index","follow":"follow","max-snippet":"max-snippet:-1","max-image-preview":"max-image-preview:large","max-video-preview":"max-video-preview:-1"},"canonical":"https:\/\/www.cruillaconcerts.cat\/es\/artists\/miqui-puig-dj\/","og_locale":"es_ES","og_type":"article","og_title":"Miqui Puig Dj en el Cru\u00eflla DO Terra Alta","og_description":"Compra entradas de d\u00eda o abono de fin de semana para el Cru\u00eflla DO Terra Alta. 22 y 23 de abril de 2023 en Batea.","og_url":"https:\/\/www.cruillaconcerts.cat\/es\/artists\/miqui-puig-dj\/","og_site_name":"Cru\u00eflla Concerts","article_modified_time":"2023-05-03T09:05:03+00:00","og_image":[{"width":1531,"height":1531,"url":"https:\/\/www.cruillaconcerts.cat\/wp-content\/uploads\/2023\/01\/Miqui-Film-Strip-Kodak-20_edit-1-1.jpg","type":"image\/jpeg"}],"twitter_card":"summary_large_image","twitter_misc":{"Tiempo de lectura":"2 minutos"},"schema":{"@context":"https:\/\/schema.org","@graph":[{"@type":"WebPage","@id":"https:\/\/www.cruillaconcerts.cat\/es\/artists\/miqui-puig-dj\/","url":"https:\/\/www.cruillaconcerts.cat\/es\/artists\/miqui-puig-dj\/","name":"Miqui Puig Dj en el Cru\u00eflla DO Terra Alta","isPartOf":{"@id":"https:\/\/www.cruillaconcerts.cat\/es\/#website"},"primaryImageOfPage":{"@id":"https:\/\/www.cruillaconcerts.cat\/es\/artists\/miqui-puig-dj\/#primaryimage"},"image":{"@id":"https:\/\/www.cruillaconcerts.cat\/es\/artists\/miqui-puig-dj\/#primaryimage"},"thumbnailUrl":"https:\/\/www.cruillaconcerts.cat\/wp-content\/uploads\/2023\/01\/Miqui-Film-Strip-Kodak-20_edit-1-1.jpg","datePublished":"2023-01-31T11:28:47+00:00","dateModified":"2023-05-03T09:05:03+00:00","description":"Compra entradas de d\u00eda o abono de fin de semana para el Cru\u00eflla DO Terra Alta. 22 y 23 de abril de 2023 en Batea.","breadcrumb":{"@id":"https:\/\/www.cruillaconcerts.cat\/es\/artists\/miqui-puig-dj\/#breadcrumb"},"inLanguage":"es","potentialAction":[{"@type":"ReadAction","target":["https:\/\/www.cruillaconcerts.cat\/es\/artists\/miqui-puig-dj\/"]}]},{"@type":"ImageObject","inLanguage":"es","@id":"https:\/\/www.cruillaconcerts.cat\/es\/artists\/miqui-puig-dj\/#primaryimage","url":"https:\/\/www.cruillaconcerts.cat\/wp-content\/uploads\/2023\/01\/Miqui-Film-Strip-Kodak-20_edit-1-1.jpg","contentUrl":"https:\/\/www.cruillaconcerts.cat\/wp-content\/uploads\/2023\/01\/Miqui-Film-Strip-Kodak-20_edit-1-1.jpg","width":1531,"height":1531},{"@type":"BreadcrumbList","@id":"https:\/\/www.cruillaconcerts.cat\/es\/artists\/miqui-puig-dj\/#breadcrumb","itemListElement":[{"@type":"ListItem","position":1,"name":"Home","item":"https:\/\/www.cruillaconcerts.cat\/es\/"},{"@type":"ListItem","position":2,"name":"Miqui Puig Dj"}]},{"@type":"WebSite","@id":"https:\/\/www.cruillaconcerts.cat\/es\/#website","url":"https:\/\/www.cruillaconcerts.cat\/es\/","name":"Cru\u00eflla Concerts","description":"","potentialAction":[{"@type":"SearchAction","target":{"@type":"EntryPoint","urlTemplate":"https:\/\/www.cruillaconcerts.cat\/es\/?s={search_term_string}"},"query-input":{"@type":"PropertyValueSpecification","valueRequired":true,"valueName":"search_term_string"}}],"inLanguage":"es"}]}},"_links":{"self":[{"href":"https:\/\/www.cruillaconcerts.cat\/es\/wp-json\/wp\/v2\/artists\/1738","targetHints":{"allow":["GET"]}}],"collection":[{"href":"https:\/\/www.cruillaconcerts.cat\/es\/wp-json\/wp\/v2\/artists"}],"about":[{"href":"https:\/\/www.cruillaconcerts.cat\/es\/wp-json\/wp\/v2\/types\/artists"}],"acf:term":[{"embeddable":true,"taxonomy":"artists_audience_age","href":"https:\/\/www.cruillaconcerts.cat\/es\/wp-json\/wp\/v2\/artists_audience_age\/41"},{"embeddable":true,"taxonomy":"artists_nationality","href":"https:\/\/www.cruillaconcerts.cat\/es\/wp-json\/wp\/v2\/artists_nationality\/37"},{"embeddable":true,"taxonomy":"artists_location","href":"https:\/\/www.cruillaconcerts.cat\/es\/wp-json\/wp\/v2\/artists_location\/54"},{"embeddable":true,"taxonomy":"artists_edition","href":"https:\/\/www.cruillaconcerts.cat\/es\/wp-json\/wp\/v2\/artists_edition\/55"}],"wp:featuredmedia":[{"embeddable":true,"href":"https:\/\/www.cruillaconcerts.cat\/es\/wp-json\/wp\/v2\/media\/1854"}],"wp:attachment":[{"href":"https:\/\/www.cruillaconcerts.cat\/es\/wp-json\/wp\/v2\/media?parent=1738"}],"wp:term":[{"taxonomy":"artists_edition","embeddable":true,"href":"https:\/\/www.cruillaconcerts.cat\/es\/wp-json\/wp\/v2\/artists_edition?post=1738"}],"curies":[{"name":"wp","href":"https:\/\/api.w.org\/{rel}","templated":true}]}}

<h2>¡MIQUI PUIG DJ AL CRUÏLLA DO TERRA ALTA!</h2>
<h3>GOTITAS PA&#8217;L CORAZÓN</h3>
<p>De triunfar con <strong>Los Sencillos</strong> a estrenar <strong>ocho discos en solitario</strong>. De ser jurado en talent shows como Operación Triunfo o X Factor a llegar a los 1000 capítulos de su programa de radio <em>Pista de fusta</em>. De fundar la productora LAV Records en el Vallès Oriental a ser <strong>el DJ del Cruïlla DO Terra Alta.</strong></p>
<p><strong>Miqui Puig</strong> se define como un «cantante de amor» y, por encima de todo, «fan de la música». Desde hace muchos años canaliza su pasión seleccionando <strong>la banda sonora de nuestras noches,</strong> rebuscando en su imaginario de soul, guitarras pop y trastos electrónicos.</p>
<hr />
<p style="text-align: center;"><em><strong>Consigue tu entrada de día o abono del Cruïlla DO Terra Alta:</strong></em></p>
<p style="text-align: center;"><a class="efsbutton button " target="_blank">ENTRADAS</a></p>
<hr />
<p>Mezclando temas que parecían olvidados con otros contemporáneos, las sesiones de <strong>Miqui Puig</strong> impregnan de <strong>felicidad</strong> con melodías y ritmos que sólo él sabe cuándo se acabarán.</p>
<p>El DJ de la Ametlla del Vallès nos acompañará en el Village del Cruïlla DO Terra Alta para demostrar que <strong>la música es el mejor maridaje para el vino.</strong></p>
<p><img decoding="async" class="aligncenter wp-image-1959" src="https://www.cruillaconcerts.cat/wp-content/uploads/2023/01/Promo_CruillaTerraAlta_Cartell_ES.jpg" alt="" width="900" height="471" srcset="https://www.cruillaconcerts.cat/wp-content/uploads/2023/01/Promo_CruillaTerraAlta_Cartell_ES.jpg 1800w, https://www.cruillaconcerts.cat/wp-content/uploads/2023/01/Promo_CruillaTerraAlta_Cartell_ES-1024x536.jpg 1024w, https://www.cruillaconcerts.cat/wp-content/uploads/2023/01/Promo_CruillaTerraAlta_Cartell_ES-768x402.jpg 768w, https://www.cruillaconcerts.cat/wp-content/uploads/2023/01/Promo_CruillaTerraAlta_Cartell_ES-1536x804.jpg 1536w, https://www.cruillaconcerts.cat/wp-content/uploads/2023/01/Promo_CruillaTerraAlta_Cartell_ES-300x157.jpg 300w, https://www.cruillaconcerts.cat/wp-content/uploads/2023/01/Promo_CruillaTerraAlta_Cartell_ES-1500x785.jpg 1500w" sizes="(max-width: 900px) 100vw, 900px" /></p>

Cruïlla DO Terra Alta

<!-- This site is optimized with the Yoast SEO plugin v27.5 - https://yoast.com/product/yoast-seo-wordpress/ -->
<title>Miqui Puig Dj en el Cruïlla DO Terra Alta</title>
<meta name="description" content="Compra entradas de día o abono de fin de semana para el Cruïlla DO Terra Alta. 22 y 23 de abril de 2023 en Batea." />
<meta name="robots" content="index, follow, max-snippet:-1, max-image-preview:large, max-video-preview:-1" />
<link rel="canonical" href="https://www.cruillaconcerts.cat/es/artists/miqui-puig-dj/" />
<meta property="og:locale" content="es_ES" />
<meta property="og:type" content="article" />
<meta property="og:title" content="Miqui Puig Dj en el Cruïlla DO Terra Alta" />
<meta property="og:description" content="Compra entradas de día o abono de fin de semana para el Cruïlla DO Terra Alta. 22 y 23 de abril de 2023 en Batea." />
<meta property="og:url" content="https://www.cruillaconcerts.cat/es/artists/miqui-puig-dj/" />
<meta property="og:site_name" content="Cruïlla Concerts" />
<meta property="article:modified_time" content="2023-05-03T09:05:03+00:00" />
<meta property="og:image" content="https://www.cruillaconcerts.cat/wp-content/uploads/2023/01/Miqui-Film-Strip-Kodak-20_edit-1-1.jpg" />
	<meta property="og:image:width" content="1531" />
	<meta property="og:image:height" content="1531" />
	<meta property="og:image:type" content="image/jpeg" />
<meta name="twitter:card" content="summary_large_image" />
<meta name="twitter:label1" content="Tiempo de lectura" />
	<meta name="twitter:data1" content="2 minutos" />
<script type="application/ld+json" class="yoast-schema-graph">{"@context":"https:\/\/schema.org","@graph":[{"@type":"WebPage","@id":"https:\/\/www.cruillaconcerts.cat\/es\/artists\/miqui-puig-dj\/","url":"https:\/\/www.cruillaconcerts.cat\/es\/artists\/miqui-puig-dj\/","name":"Miqui Puig Dj en el Cruïlla DO Terra Alta","isPartOf":{"@id":"https:\/\/www.cruillaconcerts.cat\/es\/#website"},"primaryImageOfPage":{"@id":"https:\/\/www.cruillaconcerts.cat\/es\/artists\/miqui-puig-dj\/#primaryimage"},"image":{"@id":"https:\/\/www.cruillaconcerts.cat\/es\/artists\/miqui-puig-dj\/#primaryimage"},"thumbnailUrl":"https:\/\/www.cruillaconcerts.cat\/wp-content\/uploads\/2023\/01\/Miqui-Film-Strip-Kodak-20_edit-1-1.jpg","datePublished":"2023-01-31T11:28:47+00:00","dateModified":"2023-05-03T09:05:03+00:00","description":"Compra entradas de día o abono de fin de semana para el Cruïlla DO Terra Alta. 22 y 23 de abril de 2023 en Batea.","breadcrumb":{"@id":"https:\/\/www.cruillaconcerts.cat\/es\/artists\/miqui-puig-dj\/#breadcrumb"},"inLanguage":"es","potentialAction":[{"@type":"ReadAction","target":["https:\/\/www.cruillaconcerts.cat\/es\/artists\/miqui-puig-dj\/"]}]},{"@type":"ImageObject","inLanguage":"es","@id":"https:\/\/www.cruillaconcerts.cat\/es\/artists\/miqui-puig-dj\/#primaryimage","url":"https:\/\/www.cruillaconcerts.cat\/wp-content\/uploads\/2023\/01\/Miqui-Film-Strip-Kodak-20_edit-1-1.jpg","contentUrl":"https:\/\/www.cruillaconcerts.cat\/wp-content\/uploads\/2023\/01\/Miqui-Film-Strip-Kodak-20_edit-1-1.jpg","width":1531,"height":1531},{"@type":"BreadcrumbList","@id":"https:\/\/www.cruillaconcerts.cat\/es\/artists\/miqui-puig-dj\/#breadcrumb","itemListElement":[{"@type":"ListItem","position":1,"name":"Home","item":"https:\/\/www.cruillaconcerts.cat\/es\/"},{"@type":"ListItem","position":2,"name":"Miqui Puig Dj"}]},{"@type":"WebSite","@id":"https:\/\/www.cruillaconcerts.cat\/es\/#website","url":"https:\/\/www.cruillaconcerts.cat\/es\/","name":"Cruïlla Concerts","description":"","potentialAction":[{"@type":"SearchAction","target":{"@type":"EntryPoint","urlTemplate":"https:\/\/www.cruillaconcerts.cat\/es\/?s={search_term_string}"},"query-input":{"@type":"PropertyValueSpecification","valueRequired":true,"valueName":"search_term_string"}}],"inLanguage":"es"}]}</script>
<!-- / Yoast SEO plugin. -->

Miqui Puig Dj en el Cruïlla DO Terra Alta

Compra entradas de día o abono de fin de semana para el Cruïlla DO Terra Alta. 22 y 23 de abril de 2023 en Batea.

Cruïlla Concerts
