{"id":378,"date":"2024-07-23T09:56:08","date_gmt":"2024-07-23T09:56:08","guid":{"rendered":"https:\/\/www.cruillaconcerts.cat\/?post_type=artists&#038;p=378"},"modified":"2024-10-07T08:17:27","modified_gmt":"2024-10-07T08:17:27","slug":"delafe","status":"publish","type":"artists","link":"https:\/\/www.cruillaconcerts.cat\/es\/artists\/delafe\/","title":{"rendered":"Delaf\u00e9"},"content":{"rendered":"<h2>\u00a1DELAF\u00c9 EN CONCIERTO EN EL\u00a0CRU\u00cfLLA DELTA DE L&#8217;EBRE!<\/h2>\n<h3>MENOS CABEZA, M\u00c1S CORAZ\u00d3N<\/h3>\n<p>Con el paso de los a\u00f1os, Oscar D&#8217;Aniello ha ido transformando su trayectoria musical siguiendo el t\u00edtulo de una de sus canciones m\u00e1s conocidas: se ha ido dejando llevar por la emoci\u00f3n, que siempre ha caracterizado sus canciones, apostando cada vez m\u00e1s por lo personal, hasta configurar un directo \u00edntimo, ac\u00fastico y multi-instrumental junto a Andrea Mir. <em>Menos cabeza m\u00e1s coraz\u00f3n.<\/em><\/p>\n<p>El pr\u00f3ximo <strong>5 de octubre Delaf\u00e9<\/strong> \u00a1nos har\u00e1 descubrir qu\u00e9 es <em>Lo m\u00e1s bonito del mundo<\/em> en el Puerto Pesquero de L&#8217;Ampolla dentro del Cru\u00eflla Delta del &#8216;Ebre!<\/p>\n<hr \/>\n<p style=\"text-align: center;\"><strong><em>\u00a1Concierto Gratuito! Consulta el resto de programaci\u00f3n del Cru\u00eflla Delta del Ebre:<\/em><\/strong><\/p>\n<p style=\"text-align: center;\"><a class=\"efsbutton button \" target=\"_blank\">PROGRAMACI\u00d3N<\/a><\/p>\n<hr \/>\n<p>Mezclando de forma \u00fanica la poes\u00eda con la m\u00fasica, el rap con el pop, la potente l\u00edrica con la importancia del sonido y la personalidad del directo con la exquisitez del disco, Delaf\u00e9 ha llenado el cancionero nacional de \u00e9xitos como \u00abLa gran ola\u00bb, \u00abAdrenalina\u00bb o \u00abMixtape\u00bb, traspasando las fronteras de su ciudad natal, Barcelona.<\/p>\n<p>Si tienes ganas de disfrutarlos de una manera diferente, mucho m\u00e1s cercana y pudiendo vivir al m\u00e1ximo cada uno de sus versos y canciones, \u00a1no te los pierdas el 5 de octubre en el Cru\u00eflla Delta de l&#8217;Ebre!<\/p>\n<!-- auto-added video if acf\/single-artist-video not used  --> <iframe style=\"width: 100%;max-width: 100%;height: auto;aspect-ratio: 16 \/ 9;\" src=\"https:\/\/www.youtube-nocookie.com\/embed\/oV8270wL0YU\" frameborder=\"0\" allow=\"accelerometer; autoplay; encrypted-media; gyroscope; picture-in-picture\" allowfullscreen><\/iframe>","protected":false},"featured_media":4989,"parent":0,"template":"","meta":{"_acf_changed":false},"artists_edition":[89],"class_list":["post-378","artists","type-artists","status-publish","has-post-thumbnail","hentry","artists_location-l-ampolla","artists_style-pop","artists_nationality-catala","artists_audience_age-adult","artists_audience_age-jove","artists_edition-cruilla-delta-ebre-2024"],"acf":{"_thumbnail_id":4989,"youtube_player":"oV8270wL0YU","artist_edition":[89],"artist_date":"20241005","artist_time":"16:00","artist_time_2":"","artist_location":[96],"artist_ticket_url":"","artist_ticket_status":"","artist_extra_date__show":false,"artist_extra_date_2":null,"artist_time_of_date2":"","artist_extra_date_3":null,"artist_time_of_date3":"","artist_extra_date_4":null,"artist_time_of_date4":"","artist_extra_date_5":null,"artist_time_of_date5":"","artist_date__show_month":true,"artist_sidebar_active":true,"show_in_agenda":false,"artist_sidebar__banner_img":"","artist_sidebar__banner_link":"","artist_hero_content":"Cru\u00eflla Delta de l'Ebre","artist_style":[32],"artist_nationality":[37],"artist_audience_age":[41,40]},"yoast_head":"<!-- This site is optimized with the Yoast SEO plugin v27.5 - https:\/\/yoast.com\/product\/yoast-seo-wordpress\/ -->\n<title>\u00a1Delaf\u00e9 en concierto en el Cru\u00eflla Delta del Ebre!<\/title>\n<meta name=\"description\" content=\"\u00a1Ven a disfrutar del concierto de Delaf\u00e9 el 5 de octubre en L&#039;Ampolla, dentro de la programaci\u00f3n del Cru\u00eflla Delta de l&#039;Ebre!\" \/>\n<meta name=\"robots\" content=\"index, follow, max-snippet:-1, max-image-preview:large, max-video-preview:-1\" \/>\n<link rel=\"canonical\" href=\"https:\/\/www.cruillaconcerts.cat\/es\/artists\/delafe\/\" \/>\n<meta property=\"og:locale\" content=\"es_ES\" \/>\n<meta property=\"og:type\" content=\"article\" \/>\n<meta property=\"og:title\" content=\"\u00a1Delaf\u00e9 en concierto en el Cru\u00eflla Delta del Ebre!\" \/>\n<meta property=\"og:description\" content=\"\u00a1Ven a disfrutar del concierto de Delaf\u00e9 el 5 de octubre en L&#039;Ampolla, dentro de la programaci\u00f3n del Cru\u00eflla Delta de l&#039;Ebre!\" \/>\n<meta property=\"og:url\" content=\"https:\/\/www.cruillaconcerts.cat\/es\/artists\/delafe\/\" \/>\n<meta property=\"og:site_name\" content=\"Cru\u00eflla Concerts\" \/>\n<meta property=\"article:modified_time\" content=\"2024-10-07T08:17:27+00:00\" \/>\n<meta property=\"og:image\" content=\"https:\/\/www.cruillaconcerts.cat\/wp-content\/uploads\/2022\/04\/DELAFE-1-ALTA-1.jpg\" \/>\n\t<meta property=\"og:image:width\" content=\"1000\" \/>\n\t<meta property=\"og:image:height\" content=\"1000\" \/>\n\t<meta property=\"og:image:type\" content=\"image\/jpeg\" \/>\n<meta name=\"twitter:card\" content=\"summary_large_image\" \/>\n<meta name=\"twitter:label1\" content=\"Tiempo de lectura\" \/>\n\t<meta name=\"twitter:data1\" content=\"2 minutos\" \/>\n<script type=\"application\/ld+json\" class=\"yoast-schema-graph\">{\"@context\":\"https:\\\/\\\/schema.org\",\"@graph\":[{\"@type\":\"WebPage\",\"@id\":\"https:\\\/\\\/www.cruillaconcerts.cat\\\/es\\\/artists\\\/delafe\\\/\",\"url\":\"https:\\\/\\\/www.cruillaconcerts.cat\\\/es\\\/artists\\\/delafe\\\/\",\"name\":\"\u00a1Delaf\u00e9 en concierto en el Cru\u00eflla Delta del Ebre!\",\"isPartOf\":{\"@id\":\"https:\\\/\\\/www.cruillaconcerts.cat\\\/es\\\/#website\"},\"primaryImageOfPage\":{\"@id\":\"https:\\\/\\\/www.cruillaconcerts.cat\\\/es\\\/artists\\\/delafe\\\/#primaryimage\"},\"image\":{\"@id\":\"https:\\\/\\\/www.cruillaconcerts.cat\\\/es\\\/artists\\\/delafe\\\/#primaryimage\"},\"thumbnailUrl\":\"https:\\\/\\\/www.cruillaconcerts.cat\\\/wp-content\\\/uploads\\\/2022\\\/04\\\/DELAFE-1-ALTA-1.jpg\",\"datePublished\":\"2024-07-23T09:56:08+00:00\",\"dateModified\":\"2024-10-07T08:17:27+00:00\",\"description\":\"\u00a1Ven a disfrutar del concierto de Delaf\u00e9 el 5 de octubre en L'Ampolla, dentro de la programaci\u00f3n del Cru\u00eflla Delta de l'Ebre!\",\"breadcrumb\":{\"@id\":\"https:\\\/\\\/www.cruillaconcerts.cat\\\/es\\\/artists\\\/delafe\\\/#breadcrumb\"},\"inLanguage\":\"es\",\"potentialAction\":[{\"@type\":\"ReadAction\",\"target\":[\"https:\\\/\\\/www.cruillaconcerts.cat\\\/es\\\/artists\\\/delafe\\\/\"]}]},{\"@type\":\"ImageObject\",\"inLanguage\":\"es\",\"@id\":\"https:\\\/\\\/www.cruillaconcerts.cat\\\/es\\\/artists\\\/delafe\\\/#primaryimage\",\"url\":\"https:\\\/\\\/www.cruillaconcerts.cat\\\/wp-content\\\/uploads\\\/2022\\\/04\\\/DELAFE-1-ALTA-1.jpg\",\"contentUrl\":\"https:\\\/\\\/www.cruillaconcerts.cat\\\/wp-content\\\/uploads\\\/2022\\\/04\\\/DELAFE-1-ALTA-1.jpg\",\"width\":1000,\"height\":1000},{\"@type\":\"BreadcrumbList\",\"@id\":\"https:\\\/\\\/www.cruillaconcerts.cat\\\/es\\\/artists\\\/delafe\\\/#breadcrumb\",\"itemListElement\":[{\"@type\":\"ListItem\",\"position\":1,\"name\":\"Home\",\"item\":\"https:\\\/\\\/www.cruillaconcerts.cat\\\/es\\\/\"},{\"@type\":\"ListItem\",\"position\":2,\"name\":\"Delaf\u00e9\"}]},{\"@type\":\"WebSite\",\"@id\":\"https:\\\/\\\/www.cruillaconcerts.cat\\\/es\\\/#website\",\"url\":\"https:\\\/\\\/www.cruillaconcerts.cat\\\/es\\\/\",\"name\":\"Cru\u00eflla Concerts\",\"description\":\"\",\"potentialAction\":[{\"@type\":\"SearchAction\",\"target\":{\"@type\":\"EntryPoint\",\"urlTemplate\":\"https:\\\/\\\/www.cruillaconcerts.cat\\\/es\\\/?s={search_term_string}\"},\"query-input\":{\"@type\":\"PropertyValueSpecification\",\"valueRequired\":true,\"valueName\":\"search_term_string\"}}],\"inLanguage\":\"es\"}]}<\/script>\n<!-- \/ Yoast SEO plugin. -->","yoast_head_json":{"title":"\u00a1Delaf\u00e9 en concierto en el Cru\u00eflla Delta del Ebre!","description":"\u00a1Ven a disfrutar del concierto de Delaf\u00e9 el 5 de octubre en L'Ampolla, dentro de la programaci\u00f3n del Cru\u00eflla Delta de l'Ebre!","robots":{"index":"index","follow":"follow","max-snippet":"max-snippet:-1","max-image-preview":"max-image-preview:large","max-video-preview":"max-video-preview:-1"},"canonical":"https:\/\/www.cruillaconcerts.cat\/es\/artists\/delafe\/","og_locale":"es_ES","og_type":"article","og_title":"\u00a1Delaf\u00e9 en concierto en el Cru\u00eflla Delta del Ebre!","og_description":"\u00a1Ven a disfrutar del concierto de Delaf\u00e9 el 5 de octubre en L'Ampolla, dentro de la programaci\u00f3n del Cru\u00eflla Delta de l'Ebre!","og_url":"https:\/\/www.cruillaconcerts.cat\/es\/artists\/delafe\/","og_site_name":"Cru\u00eflla Concerts","article_modified_time":"2024-10-07T08:17:27+00:00","og_image":[{"width":1000,"height":1000,"url":"https:\/\/www.cruillaconcerts.cat\/wp-content\/uploads\/2022\/04\/DELAFE-1-ALTA-1.jpg","type":"image\/jpeg"}],"twitter_card":"summary_large_image","twitter_misc":{"Tiempo de lectura":"2 minutos"},"schema":{"@context":"https:\/\/schema.org","@graph":[{"@type":"WebPage","@id":"https:\/\/www.cruillaconcerts.cat\/es\/artists\/delafe\/","url":"https:\/\/www.cruillaconcerts.cat\/es\/artists\/delafe\/","name":"\u00a1Delaf\u00e9 en concierto en el Cru\u00eflla Delta del Ebre!","isPartOf":{"@id":"https:\/\/www.cruillaconcerts.cat\/es\/#website"},"primaryImageOfPage":{"@id":"https:\/\/www.cruillaconcerts.cat\/es\/artists\/delafe\/#primaryimage"},"image":{"@id":"https:\/\/www.cruillaconcerts.cat\/es\/artists\/delafe\/#primaryimage"},"thumbnailUrl":"https:\/\/www.cruillaconcerts.cat\/wp-content\/uploads\/2022\/04\/DELAFE-1-ALTA-1.jpg","datePublished":"2024-07-23T09:56:08+00:00","dateModified":"2024-10-07T08:17:27+00:00","description":"\u00a1Ven a disfrutar del concierto de Delaf\u00e9 el 5 de octubre en L'Ampolla, dentro de la programaci\u00f3n del Cru\u00eflla Delta de l'Ebre!","breadcrumb":{"@id":"https:\/\/www.cruillaconcerts.cat\/es\/artists\/delafe\/#breadcrumb"},"inLanguage":"es","potentialAction":[{"@type":"ReadAction","target":["https:\/\/www.cruillaconcerts.cat\/es\/artists\/delafe\/"]}]},{"@type":"ImageObject","inLanguage":"es","@id":"https:\/\/www.cruillaconcerts.cat\/es\/artists\/delafe\/#primaryimage","url":"https:\/\/www.cruillaconcerts.cat\/wp-content\/uploads\/2022\/04\/DELAFE-1-ALTA-1.jpg","contentUrl":"https:\/\/www.cruillaconcerts.cat\/wp-content\/uploads\/2022\/04\/DELAFE-1-ALTA-1.jpg","width":1000,"height":1000},{"@type":"BreadcrumbList","@id":"https:\/\/www.cruillaconcerts.cat\/es\/artists\/delafe\/#breadcrumb","itemListElement":[{"@type":"ListItem","position":1,"name":"Home","item":"https:\/\/www.cruillaconcerts.cat\/es\/"},{"@type":"ListItem","position":2,"name":"Delaf\u00e9"}]},{"@type":"WebSite","@id":"https:\/\/www.cruillaconcerts.cat\/es\/#website","url":"https:\/\/www.cruillaconcerts.cat\/es\/","name":"Cru\u00eflla Concerts","description":"","potentialAction":[{"@type":"SearchAction","target":{"@type":"EntryPoint","urlTemplate":"https:\/\/www.cruillaconcerts.cat\/es\/?s={search_term_string}"},"query-input":{"@type":"PropertyValueSpecification","valueRequired":true,"valueName":"search_term_string"}}],"inLanguage":"es"}]}},"_links":{"self":[{"href":"https:\/\/www.cruillaconcerts.cat\/es\/wp-json\/wp\/v2\/artists\/378","targetHints":{"allow":["GET"]}}],"collection":[{"href":"https:\/\/www.cruillaconcerts.cat\/es\/wp-json\/wp\/v2\/artists"}],"about":[{"href":"https:\/\/www.cruillaconcerts.cat\/es\/wp-json\/wp\/v2\/types\/artists"}],"acf:term":[{"embeddable":true,"taxonomy":"artists_audience_age","href":"https:\/\/www.cruillaconcerts.cat\/es\/wp-json\/wp\/v2\/artists_audience_age\/40"},{"embeddable":true,"taxonomy":"artists_audience_age","href":"https:\/\/www.cruillaconcerts.cat\/es\/wp-json\/wp\/v2\/artists_audience_age\/41"},{"embeddable":true,"taxonomy":"artists_nationality","href":"https:\/\/www.cruillaconcerts.cat\/es\/wp-json\/wp\/v2\/artists_nationality\/37"},{"embeddable":true,"taxonomy":"artists_style","href":"https:\/\/www.cruillaconcerts.cat\/es\/wp-json\/wp\/v2\/artists_style\/32"},{"embeddable":true,"taxonomy":"artists_location","href":"https:\/\/www.cruillaconcerts.cat\/es\/wp-json\/wp\/v2\/artists_location\/96"},{"embeddable":true,"taxonomy":"artists_edition","href":"https:\/\/www.cruillaconcerts.cat\/es\/wp-json\/wp\/v2\/artists_edition\/89"}],"wp:featuredmedia":[{"embeddable":true,"href":"https:\/\/www.cruillaconcerts.cat\/es\/wp-json\/wp\/v2\/media\/4989"}],"wp:attachment":[{"href":"https:\/\/www.cruillaconcerts.cat\/es\/wp-json\/wp\/v2\/media?parent=378"}],"wp:term":[{"taxonomy":"artists_edition","embeddable":true,"href":"https:\/\/www.cruillaconcerts.cat\/es\/wp-json\/wp\/v2\/artists_edition?post=378"}],"curies":[{"name":"wp","href":"https:\/\/api.w.org\/{rel}","templated":true}]}}

Delafé

<h2>¡DELAFÉ EN CONCIERTO EN EL CRUÏLLA DELTA DE L&#8217;EBRE!</h2>
<h3>MENOS CABEZA, MÁS CORAZÓN</h3>
<p>Con el paso de los años, Oscar D&#8217;Aniello ha ido transformando su trayectoria musical siguiendo el título de una de sus canciones más conocidas: se ha ido dejando llevar por la emoción, que siempre ha caracterizado sus canciones, apostando cada vez más por lo personal, hasta configurar un directo íntimo, acústico y multi-instrumental junto a Andrea Mir. <em>Menos cabeza más corazón.</em></p>
<p>El próximo <strong>5 de octubre Delafé</strong> ¡nos hará descubrir qué es <em>Lo más bonito del mundo</em> en el Puerto Pesquero de L&#8217;Ampolla dentro del Cruïlla Delta del &#8216;Ebre!</p>
<hr />
<p style="text-align: center;"><strong><em>¡Concierto Gratuito! Consulta el resto de programación del Cruïlla Delta del Ebre:</em></strong></p>
<p style="text-align: center;"><a class="efsbutton button " target="_blank">PROGRAMACIÓN</a></p>
<hr />
<p>Mezclando de forma única la poesía con la música, el rap con el pop, la potente lírica con la importancia del sonido y la personalidad del directo con la exquisitez del disco, Delafé ha llenado el cancionero nacional de éxitos como «La gran ola», «Adrenalina» o «Mixtape», traspasando las fronteras de su ciudad natal, Barcelona.</p>
<p>Si tienes ganas de disfrutarlos de una manera diferente, mucho más cercana y pudiendo vivir al máximo cada uno de sus versos y canciones, ¡no te los pierdas el 5 de octubre en el Cruïlla Delta de l&#8217;Ebre!</p>
<!-- auto-added video if acf/single-artist-video not used  --> <iframe style="width: 100%;max-width: 100%;height: auto;aspect-ratio: 16 / 9;" src="https://www.youtube-nocookie.com/embed/oV8270wL0YU" frameborder="0" allow="accelerometer; autoplay; encrypted-media; gyroscope; picture-in-picture" allowfullscreen></iframe>

Cruïlla Delta de l'Ebre

<!-- This site is optimized with the Yoast SEO plugin v27.5 - https://yoast.com/product/yoast-seo-wordpress/ -->
<title>¡Delafé en concierto en el Cruïlla Delta del Ebre!</title>
<meta name="description" content="¡Ven a disfrutar del concierto de Delafé el 5 de octubre en L&#039;Ampolla, dentro de la programación del Cruïlla Delta de l&#039;Ebre!" />
<meta name="robots" content="index, follow, max-snippet:-1, max-image-preview:large, max-video-preview:-1" />
<link rel="canonical" href="https://www.cruillaconcerts.cat/es/artists/delafe/" />
<meta property="og:locale" content="es_ES" />
<meta property="og:type" content="article" />
<meta property="og:title" content="¡Delafé en concierto en el Cruïlla Delta del Ebre!" />
<meta property="og:description" content="¡Ven a disfrutar del concierto de Delafé el 5 de octubre en L&#039;Ampolla, dentro de la programación del Cruïlla Delta de l&#039;Ebre!" />
<meta property="og:url" content="https://www.cruillaconcerts.cat/es/artists/delafe/" />
<meta property="og:site_name" content="Cruïlla Concerts" />
<meta property="article:modified_time" content="2024-10-07T08:17:27+00:00" />
<meta property="og:image" content="https://www.cruillaconcerts.cat/wp-content/uploads/2022/04/DELAFE-1-ALTA-1.jpg" />
	<meta property="og:image:width" content="1000" />
	<meta property="og:image:height" content="1000" />
	<meta property="og:image:type" content="image/jpeg" />
<meta name="twitter:card" content="summary_large_image" />
<meta name="twitter:label1" content="Tiempo de lectura" />
	<meta name="twitter:data1" content="2 minutos" />
<script type="application/ld+json" class="yoast-schema-graph">{"@context":"https:\/\/schema.org","@graph":[{"@type":"WebPage","@id":"https:\/\/www.cruillaconcerts.cat\/es\/artists\/delafe\/","url":"https:\/\/www.cruillaconcerts.cat\/es\/artists\/delafe\/","name":"¡Delafé en concierto en el Cruïlla Delta del Ebre!","isPartOf":{"@id":"https:\/\/www.cruillaconcerts.cat\/es\/#website"},"primaryImageOfPage":{"@id":"https:\/\/www.cruillaconcerts.cat\/es\/artists\/delafe\/#primaryimage"},"image":{"@id":"https:\/\/www.cruillaconcerts.cat\/es\/artists\/delafe\/#primaryimage"},"thumbnailUrl":"https:\/\/www.cruillaconcerts.cat\/wp-content\/uploads\/2022\/04\/DELAFE-1-ALTA-1.jpg","datePublished":"2024-07-23T09:56:08+00:00","dateModified":"2024-10-07T08:17:27+00:00","description":"¡Ven a disfrutar del concierto de Delafé el 5 de octubre en L'Ampolla, dentro de la programación del Cruïlla Delta de l'Ebre!","breadcrumb":{"@id":"https:\/\/www.cruillaconcerts.cat\/es\/artists\/delafe\/#breadcrumb"},"inLanguage":"es","potentialAction":[{"@type":"ReadAction","target":["https:\/\/www.cruillaconcerts.cat\/es\/artists\/delafe\/"]}]},{"@type":"ImageObject","inLanguage":"es","@id":"https:\/\/www.cruillaconcerts.cat\/es\/artists\/delafe\/#primaryimage","url":"https:\/\/www.cruillaconcerts.cat\/wp-content\/uploads\/2022\/04\/DELAFE-1-ALTA-1.jpg","contentUrl":"https:\/\/www.cruillaconcerts.cat\/wp-content\/uploads\/2022\/04\/DELAFE-1-ALTA-1.jpg","width":1000,"height":1000},{"@type":"BreadcrumbList","@id":"https:\/\/www.cruillaconcerts.cat\/es\/artists\/delafe\/#breadcrumb","itemListElement":[{"@type":"ListItem","position":1,"name":"Home","item":"https:\/\/www.cruillaconcerts.cat\/es\/"},{"@type":"ListItem","position":2,"name":"Delafé"}]},{"@type":"WebSite","@id":"https:\/\/www.cruillaconcerts.cat\/es\/#website","url":"https:\/\/www.cruillaconcerts.cat\/es\/","name":"Cruïlla Concerts","description":"","potentialAction":[{"@type":"SearchAction","target":{"@type":"EntryPoint","urlTemplate":"https:\/\/www.cruillaconcerts.cat\/es\/?s={search_term_string}"},"query-input":{"@type":"PropertyValueSpecification","valueRequired":true,"valueName":"search_term_string"}}],"inLanguage":"es"}]}</script>
<!-- / Yoast SEO plugin. -->

¡Delafé en concierto en el Cruïlla Delta del Ebre!

¡Ven a disfrutar del concierto de Delafé el 5 de octubre en L'Ampolla, dentro de la programación del Cruïlla Delta de l'Ebre!

Cruïlla Concerts
