{"id":3840,"date":"2023-09-28T12:09:27","date_gmt":"2023-09-28T12:09:27","guid":{"rendered":"https:\/\/www.cruillaconcerts.cat\/artists\/antonia-font\/"},"modified":"2024-10-07T08:16:00","modified_gmt":"2024-10-07T08:16:00","slug":"antonia-font","status":"publish","type":"artists","link":"https:\/\/www.cruillaconcerts.cat\/es\/artists\/antonia-font\/","title":{"rendered":"Ant\u00f2nia Font"},"content":{"rendered":"<h2>\u00a1ANT\u00d2NIA FONT EN CONCIERTO EN EL\u00a0CRU\u00cfLLA DELTA DE L&#8217;EBRE!<\/h2>\n<h3>ENTRE BOCAS Y RINCONES<\/h3>\n<p><em>Jo no sabia que en sa nit me tastaries, eren gustos que nedaven entre boques i racons (<\/em>yo no sab\u00eda que en la noche me catar\u00edas, eran gustos que nadaban entre bocas y rincones): este verso de una de sus canciones m\u00e1s aclamadas, \u00abViure sense tu\u00bb, tanto podr\u00eda estarnos hablando de una historia de amor nocturna como de lo que viviremos el pr\u00f3ximo 5 de octubre en el Cru\u00eflla Delta del Ebre, disfrutando de la m\u00fasica y el arroz en un triple concierto multitudinario donde los mallorquines ser\u00e1n uno de los platos fuertes.<\/p>\n<p>Ant\u00f2nia Font atravesar\u00e1n el Mediterr\u00e1neo para celebrar un concierto hist\u00f3rico en el territorio donde \u00e9ste se encuentra con el agua dulce del r\u00edo: \u00a1no te los pierdas en el Escenario Parlem del Parc dels Xiribecs de Amposta!<\/p>\n<hr \/>\n<p style=\"text-align: center;\"><strong><em>Consigue entradas para el concierto de Judit Neddermann, Ant\u00f2nia Font y Sopa de Cabra:<\/em><\/strong><\/p>\n<p style=\"text-align: center;\"><a class=\"efsbutton button \" target=\"_blank\">ENTRADAS<\/a><\/p>\n<hr \/>\n<p>Tras separarse en el 2012 de forma indefinida con decenas de himnos y conciertos inolvidables a sus espaldas, Ant\u00f2nia Font regresaron a los escenarios 10 a\u00f1os despu\u00e9s, en el 2022, con un nuevo \u00e1lbum, &#8216;Un minut estrobosc\u00f3pica&#8217;, que revolucion\u00f3 el panorama musical en catal\u00e1n y que sum\u00f3 a\u00fan m\u00e1s seguidores a su proyecto musical.<\/p>\n<p>Han actuado en festivales y teatros de los Pa\u00efsos Catalans y el pr\u00f3ximo 5 de octubre lo har\u00e1n en un nuevo escenario incomparable: \u00a1el Cru\u00eflla Delta de l&#8217;Ebre!<\/p>\n<!-- auto-added video if acf\/single-artist-video not used  --> <iframe style=\"width: 100%;max-width: 100%;height: auto;aspect-ratio: 16 \/ 9;\" src=\"https:\/\/www.youtube-nocookie.com\/embed\/4bQBHBNJnNA\" frameborder=\"0\" allow=\"accelerometer; autoplay; encrypted-media; gyroscope; picture-in-picture\" allowfullscreen><\/iframe>","protected":false},"featured_media":4824,"parent":0,"template":"","meta":{"_acf_changed":false},"artists_edition":[89],"class_list":["post-3840","artists","type-artists","status-publish","has-post-thumbnail","hentry","artists_location-amposta","artists_edition-cruilla-delta-ebre-2024"],"acf":{"_thumbnail_id":4824,"youtube_player":"4bQBHBNJnNA","artist_edition":[89],"artist_date":"20241005","artist_time":"19:00","artist_time_2":"","artist_location":[90],"artist_ticket_url":"https:\/\/cruilladeltadelebre.seetickets.com\/event\/sopa-de-cabra-antonia-font-judit-neddermann\/parc-dels-xiribecs\/3120514","artist_ticket_status":"","artist_extra_date__show":false,"artist_extra_date_2":null,"artist_time_of_date2":"","artist_extra_date_3":null,"artist_time_of_date3":"","artist_extra_date_4":null,"artist_time_of_date4":"","artist_extra_date_5":null,"artist_time_of_date5":"","artist_date__show_month":true,"artist_sidebar_active":true,"show_in_agenda":false,"artist_sidebar__banner_img":"","artist_sidebar__banner_link":"","artist_hero_content":"Cru\u00eflla Delta de l'Ebre","artist_style":false,"artist_nationality":false,"artist_audience_age":false},"yoast_head":"<!-- This site is optimized with the Yoast SEO plugin v27.5 - https:\/\/yoast.com\/product\/yoast-seo-wordpress\/ -->\n<title>\u00a1Ant\u00f2nia Font en concierto en el Cru\u00eflla Delta del Ebre!<\/title>\n<meta name=\"description\" content=\"\u00a1Ven a disfrutar del concierto de Judit Neddermann, Ant\u00f2nia Font y\u00a0Sopa de Cabra el 5 de octubre en Amposta, dentro de la programaci\u00f3n del Cru\u00eflla Delta del Ebre!\" \/>\n<meta name=\"robots\" content=\"index, follow, max-snippet:-1, max-image-preview:large, max-video-preview:-1\" \/>\n<link rel=\"canonical\" href=\"https:\/\/www.cruillaconcerts.cat\/es\/artists\/antonia-font\/\" \/>\n<meta property=\"og:locale\" content=\"es_ES\" \/>\n<meta property=\"og:type\" content=\"article\" \/>\n<meta property=\"og:title\" content=\"\u00a1Ant\u00f2nia Font en concierto en el Cru\u00eflla Delta del Ebre!\" \/>\n<meta property=\"og:description\" content=\"\u00a1Ven a disfrutar del concierto de Judit Neddermann, Ant\u00f2nia Font y\u00a0Sopa de Cabra el 5 de octubre en Amposta, dentro de la programaci\u00f3n del Cru\u00eflla Delta del Ebre!\" \/>\n<meta property=\"og:url\" content=\"https:\/\/www.cruillaconcerts.cat\/es\/artists\/antonia-font\/\" \/>\n<meta property=\"og:site_name\" content=\"Cru\u00eflla Concerts\" \/>\n<meta property=\"article:modified_time\" content=\"2024-10-07T08:16:00+00:00\" \/>\n<meta property=\"og:image\" content=\"https:\/\/www.cruillaconcerts.cat\/wp-content\/uploads\/2024\/01\/AntoniaFont.jpg\" \/>\n\t<meta property=\"og:image:width\" content=\"1080\" \/>\n\t<meta property=\"og:image:height\" content=\"1080\" \/>\n\t<meta property=\"og:image:type\" content=\"image\/jpeg\" \/>\n<meta name=\"twitter:card\" content=\"summary_large_image\" \/>\n<meta name=\"twitter:label1\" content=\"Tiempo de lectura\" \/>\n\t<meta name=\"twitter:data1\" content=\"2 minutos\" \/>\n<script type=\"application\/ld+json\" class=\"yoast-schema-graph\">{\"@context\":\"https:\\\/\\\/schema.org\",\"@graph\":[{\"@type\":\"WebPage\",\"@id\":\"https:\\\/\\\/www.cruillaconcerts.cat\\\/es\\\/artists\\\/antonia-font\\\/\",\"url\":\"https:\\\/\\\/www.cruillaconcerts.cat\\\/es\\\/artists\\\/antonia-font\\\/\",\"name\":\"\u00a1Ant\u00f2nia Font en concierto en el Cru\u00eflla Delta del Ebre!\",\"isPartOf\":{\"@id\":\"https:\\\/\\\/www.cruillaconcerts.cat\\\/es\\\/#website\"},\"primaryImageOfPage\":{\"@id\":\"https:\\\/\\\/www.cruillaconcerts.cat\\\/es\\\/artists\\\/antonia-font\\\/#primaryimage\"},\"image\":{\"@id\":\"https:\\\/\\\/www.cruillaconcerts.cat\\\/es\\\/artists\\\/antonia-font\\\/#primaryimage\"},\"thumbnailUrl\":\"https:\\\/\\\/www.cruillaconcerts.cat\\\/wp-content\\\/uploads\\\/2024\\\/01\\\/AntoniaFont.jpg\",\"datePublished\":\"2023-09-28T12:09:27+00:00\",\"dateModified\":\"2024-10-07T08:16:00+00:00\",\"description\":\"\u00a1Ven a disfrutar del concierto de Judit Neddermann, Ant\u00f2nia Font y\u00a0Sopa de Cabra el 5 de octubre en Amposta, dentro de la programaci\u00f3n del Cru\u00eflla Delta del Ebre!\",\"breadcrumb\":{\"@id\":\"https:\\\/\\\/www.cruillaconcerts.cat\\\/es\\\/artists\\\/antonia-font\\\/#breadcrumb\"},\"inLanguage\":\"es\",\"potentialAction\":[{\"@type\":\"ReadAction\",\"target\":[\"https:\\\/\\\/www.cruillaconcerts.cat\\\/es\\\/artists\\\/antonia-font\\\/\"]}]},{\"@type\":\"ImageObject\",\"inLanguage\":\"es\",\"@id\":\"https:\\\/\\\/www.cruillaconcerts.cat\\\/es\\\/artists\\\/antonia-font\\\/#primaryimage\",\"url\":\"https:\\\/\\\/www.cruillaconcerts.cat\\\/wp-content\\\/uploads\\\/2024\\\/01\\\/AntoniaFont.jpg\",\"contentUrl\":\"https:\\\/\\\/www.cruillaconcerts.cat\\\/wp-content\\\/uploads\\\/2024\\\/01\\\/AntoniaFont.jpg\",\"width\":1080,\"height\":1080},{\"@type\":\"BreadcrumbList\",\"@id\":\"https:\\\/\\\/www.cruillaconcerts.cat\\\/es\\\/artists\\\/antonia-font\\\/#breadcrumb\",\"itemListElement\":[{\"@type\":\"ListItem\",\"position\":1,\"name\":\"Home\",\"item\":\"https:\\\/\\\/www.cruillaconcerts.cat\\\/es\\\/\"},{\"@type\":\"ListItem\",\"position\":2,\"name\":\"Ant\u00f2nia Font\"}]},{\"@type\":\"WebSite\",\"@id\":\"https:\\\/\\\/www.cruillaconcerts.cat\\\/es\\\/#website\",\"url\":\"https:\\\/\\\/www.cruillaconcerts.cat\\\/es\\\/\",\"name\":\"Cru\u00eflla Concerts\",\"description\":\"\",\"potentialAction\":[{\"@type\":\"SearchAction\",\"target\":{\"@type\":\"EntryPoint\",\"urlTemplate\":\"https:\\\/\\\/www.cruillaconcerts.cat\\\/es\\\/?s={search_term_string}\"},\"query-input\":{\"@type\":\"PropertyValueSpecification\",\"valueRequired\":true,\"valueName\":\"search_term_string\"}}],\"inLanguage\":\"es\"}]}<\/script>\n<!-- \/ Yoast SEO plugin. -->","yoast_head_json":{"title":"\u00a1Ant\u00f2nia Font en concierto en el Cru\u00eflla Delta del Ebre!","description":"\u00a1Ven a disfrutar del concierto de Judit Neddermann, Ant\u00f2nia Font y\u00a0Sopa de Cabra el 5 de octubre en Amposta, dentro de la programaci\u00f3n del Cru\u00eflla Delta del Ebre!","robots":{"index":"index","follow":"follow","max-snippet":"max-snippet:-1","max-image-preview":"max-image-preview:large","max-video-preview":"max-video-preview:-1"},"canonical":"https:\/\/www.cruillaconcerts.cat\/es\/artists\/antonia-font\/","og_locale":"es_ES","og_type":"article","og_title":"\u00a1Ant\u00f2nia Font en concierto en el Cru\u00eflla Delta del Ebre!","og_description":"\u00a1Ven a disfrutar del concierto de Judit Neddermann, Ant\u00f2nia Font y\u00a0Sopa de Cabra el 5 de octubre en Amposta, dentro de la programaci\u00f3n del Cru\u00eflla Delta del Ebre!","og_url":"https:\/\/www.cruillaconcerts.cat\/es\/artists\/antonia-font\/","og_site_name":"Cru\u00eflla Concerts","article_modified_time":"2024-10-07T08:16:00+00:00","og_image":[{"width":1080,"height":1080,"url":"https:\/\/www.cruillaconcerts.cat\/wp-content\/uploads\/2024\/01\/AntoniaFont.jpg","type":"image\/jpeg"}],"twitter_card":"summary_large_image","twitter_misc":{"Tiempo de lectura":"2 minutos"},"schema":{"@context":"https:\/\/schema.org","@graph":[{"@type":"WebPage","@id":"https:\/\/www.cruillaconcerts.cat\/es\/artists\/antonia-font\/","url":"https:\/\/www.cruillaconcerts.cat\/es\/artists\/antonia-font\/","name":"\u00a1Ant\u00f2nia Font en concierto en el Cru\u00eflla Delta del Ebre!","isPartOf":{"@id":"https:\/\/www.cruillaconcerts.cat\/es\/#website"},"primaryImageOfPage":{"@id":"https:\/\/www.cruillaconcerts.cat\/es\/artists\/antonia-font\/#primaryimage"},"image":{"@id":"https:\/\/www.cruillaconcerts.cat\/es\/artists\/antonia-font\/#primaryimage"},"thumbnailUrl":"https:\/\/www.cruillaconcerts.cat\/wp-content\/uploads\/2024\/01\/AntoniaFont.jpg","datePublished":"2023-09-28T12:09:27+00:00","dateModified":"2024-10-07T08:16:00+00:00","description":"\u00a1Ven a disfrutar del concierto de Judit Neddermann, Ant\u00f2nia Font y\u00a0Sopa de Cabra el 5 de octubre en Amposta, dentro de la programaci\u00f3n del Cru\u00eflla Delta del Ebre!","breadcrumb":{"@id":"https:\/\/www.cruillaconcerts.cat\/es\/artists\/antonia-font\/#breadcrumb"},"inLanguage":"es","potentialAction":[{"@type":"ReadAction","target":["https:\/\/www.cruillaconcerts.cat\/es\/artists\/antonia-font\/"]}]},{"@type":"ImageObject","inLanguage":"es","@id":"https:\/\/www.cruillaconcerts.cat\/es\/artists\/antonia-font\/#primaryimage","url":"https:\/\/www.cruillaconcerts.cat\/wp-content\/uploads\/2024\/01\/AntoniaFont.jpg","contentUrl":"https:\/\/www.cruillaconcerts.cat\/wp-content\/uploads\/2024\/01\/AntoniaFont.jpg","width":1080,"height":1080},{"@type":"BreadcrumbList","@id":"https:\/\/www.cruillaconcerts.cat\/es\/artists\/antonia-font\/#breadcrumb","itemListElement":[{"@type":"ListItem","position":1,"name":"Home","item":"https:\/\/www.cruillaconcerts.cat\/es\/"},{"@type":"ListItem","position":2,"name":"Ant\u00f2nia Font"}]},{"@type":"WebSite","@id":"https:\/\/www.cruillaconcerts.cat\/es\/#website","url":"https:\/\/www.cruillaconcerts.cat\/es\/","name":"Cru\u00eflla Concerts","description":"","potentialAction":[{"@type":"SearchAction","target":{"@type":"EntryPoint","urlTemplate":"https:\/\/www.cruillaconcerts.cat\/es\/?s={search_term_string}"},"query-input":{"@type":"PropertyValueSpecification","valueRequired":true,"valueName":"search_term_string"}}],"inLanguage":"es"}]}},"_links":{"self":[{"href":"https:\/\/www.cruillaconcerts.cat\/es\/wp-json\/wp\/v2\/artists\/3840","targetHints":{"allow":["GET"]}}],"collection":[{"href":"https:\/\/www.cruillaconcerts.cat\/es\/wp-json\/wp\/v2\/artists"}],"about":[{"href":"https:\/\/www.cruillaconcerts.cat\/es\/wp-json\/wp\/v2\/types\/artists"}],"acf:term":[{"embeddable":true,"taxonomy":"artists_location","href":"https:\/\/www.cruillaconcerts.cat\/es\/wp-json\/wp\/v2\/artists_location\/90"},{"embeddable":true,"taxonomy":"artists_edition","href":"https:\/\/www.cruillaconcerts.cat\/es\/wp-json\/wp\/v2\/artists_edition\/89"}],"wp:featuredmedia":[{"embeddable":true,"href":"https:\/\/www.cruillaconcerts.cat\/es\/wp-json\/wp\/v2\/media\/4824"}],"wp:attachment":[{"href":"https:\/\/www.cruillaconcerts.cat\/es\/wp-json\/wp\/v2\/media?parent=3840"}],"wp:term":[{"taxonomy":"artists_edition","embeddable":true,"href":"https:\/\/www.cruillaconcerts.cat\/es\/wp-json\/wp\/v2\/artists_edition?post=3840"}],"curies":[{"name":"wp","href":"https:\/\/api.w.org\/{rel}","templated":true}]}}

Antònia Font

<h2>¡ANTÒNIA FONT EN CONCIERTO EN EL CRUÏLLA DELTA DE L&#8217;EBRE!</h2>
<h3>ENTRE BOCAS Y RINCONES</h3>
<p><em>Jo no sabia que en sa nit me tastaries, eren gustos que nedaven entre boques i racons (</em>yo no sabía que en la noche me catarías, eran gustos que nadaban entre bocas y rincones): este verso de una de sus canciones más aclamadas, «Viure sense tu», tanto podría estarnos hablando de una historia de amor nocturna como de lo que viviremos el próximo 5 de octubre en el Cruïlla Delta del Ebre, disfrutando de la música y el arroz en un triple concierto multitudinario donde los mallorquines serán uno de los platos fuertes.</p>
<p>Antònia Font atravesarán el Mediterráneo para celebrar un concierto histórico en el territorio donde éste se encuentra con el agua dulce del río: ¡no te los pierdas en el Escenario Parlem del Parc dels Xiribecs de Amposta!</p>
<hr />
<p style="text-align: center;"><strong><em>Consigue entradas para el concierto de Judit Neddermann, Antònia Font y Sopa de Cabra:</em></strong></p>
<p style="text-align: center;"><a class="efsbutton button " target="_blank">ENTRADAS</a></p>
<hr />
<p>Tras separarse en el 2012 de forma indefinida con decenas de himnos y conciertos inolvidables a sus espaldas, Antònia Font regresaron a los escenarios 10 años después, en el 2022, con un nuevo álbum, &#8216;Un minut estroboscópica&#8217;, que revolucionó el panorama musical en catalán y que sumó aún más seguidores a su proyecto musical.</p>
<p>Han actuado en festivales y teatros de los Països Catalans y el próximo 5 de octubre lo harán en un nuevo escenario incomparable: ¡el Cruïlla Delta de l&#8217;Ebre!</p>
<!-- auto-added video if acf/single-artist-video not used  --> <iframe style="width: 100%;max-width: 100%;height: auto;aspect-ratio: 16 / 9;" src="https://www.youtube-nocookie.com/embed/4bQBHBNJnNA" frameborder="0" allow="accelerometer; autoplay; encrypted-media; gyroscope; picture-in-picture" allowfullscreen></iframe>

Cruïlla Delta de l'Ebre

<!-- This site is optimized with the Yoast SEO plugin v27.5 - https://yoast.com/product/yoast-seo-wordpress/ -->
<title>¡Antònia Font en concierto en el Cruïlla Delta del Ebre!</title>
<meta name="description" content="¡Ven a disfrutar del concierto de Judit Neddermann, Antònia Font y Sopa de Cabra el 5 de octubre en Amposta, dentro de la programación del Cruïlla Delta del Ebre!" />
<meta name="robots" content="index, follow, max-snippet:-1, max-image-preview:large, max-video-preview:-1" />
<link rel="canonical" href="https://www.cruillaconcerts.cat/es/artists/antonia-font/" />
<meta property="og:locale" content="es_ES" />
<meta property="og:type" content="article" />
<meta property="og:title" content="¡Antònia Font en concierto en el Cruïlla Delta del Ebre!" />
<meta property="og:description" content="¡Ven a disfrutar del concierto de Judit Neddermann, Antònia Font y Sopa de Cabra el 5 de octubre en Amposta, dentro de la programación del Cruïlla Delta del Ebre!" />
<meta property="og:url" content="https://www.cruillaconcerts.cat/es/artists/antonia-font/" />
<meta property="og:site_name" content="Cruïlla Concerts" />
<meta property="article:modified_time" content="2024-10-07T08:16:00+00:00" />
<meta property="og:image" content="https://www.cruillaconcerts.cat/wp-content/uploads/2024/01/AntoniaFont.jpg" />
	<meta property="og:image:width" content="1080" />
	<meta property="og:image:height" content="1080" />
	<meta property="og:image:type" content="image/jpeg" />
<meta name="twitter:card" content="summary_large_image" />
<meta name="twitter:label1" content="Tiempo de lectura" />
	<meta name="twitter:data1" content="2 minutos" />
<script type="application/ld+json" class="yoast-schema-graph">{"@context":"https:\/\/schema.org","@graph":[{"@type":"WebPage","@id":"https:\/\/www.cruillaconcerts.cat\/es\/artists\/antonia-font\/","url":"https:\/\/www.cruillaconcerts.cat\/es\/artists\/antonia-font\/","name":"¡Antònia Font en concierto en el Cruïlla Delta del Ebre!","isPartOf":{"@id":"https:\/\/www.cruillaconcerts.cat\/es\/#website"},"primaryImageOfPage":{"@id":"https:\/\/www.cruillaconcerts.cat\/es\/artists\/antonia-font\/#primaryimage"},"image":{"@id":"https:\/\/www.cruillaconcerts.cat\/es\/artists\/antonia-font\/#primaryimage"},"thumbnailUrl":"https:\/\/www.cruillaconcerts.cat\/wp-content\/uploads\/2024\/01\/AntoniaFont.jpg","datePublished":"2023-09-28T12:09:27+00:00","dateModified":"2024-10-07T08:16:00+00:00","description":"¡Ven a disfrutar del concierto de Judit Neddermann, Antònia Font y Sopa de Cabra el 5 de octubre en Amposta, dentro de la programación del Cruïlla Delta del Ebre!","breadcrumb":{"@id":"https:\/\/www.cruillaconcerts.cat\/es\/artists\/antonia-font\/#breadcrumb"},"inLanguage":"es","potentialAction":[{"@type":"ReadAction","target":["https:\/\/www.cruillaconcerts.cat\/es\/artists\/antonia-font\/"]}]},{"@type":"ImageObject","inLanguage":"es","@id":"https:\/\/www.cruillaconcerts.cat\/es\/artists\/antonia-font\/#primaryimage","url":"https:\/\/www.cruillaconcerts.cat\/wp-content\/uploads\/2024\/01\/AntoniaFont.jpg","contentUrl":"https:\/\/www.cruillaconcerts.cat\/wp-content\/uploads\/2024\/01\/AntoniaFont.jpg","width":1080,"height":1080},{"@type":"BreadcrumbList","@id":"https:\/\/www.cruillaconcerts.cat\/es\/artists\/antonia-font\/#breadcrumb","itemListElement":[{"@type":"ListItem","position":1,"name":"Home","item":"https:\/\/www.cruillaconcerts.cat\/es\/"},{"@type":"ListItem","position":2,"name":"Antònia Font"}]},{"@type":"WebSite","@id":"https:\/\/www.cruillaconcerts.cat\/es\/#website","url":"https:\/\/www.cruillaconcerts.cat\/es\/","name":"Cruïlla Concerts","description":"","potentialAction":[{"@type":"SearchAction","target":{"@type":"EntryPoint","urlTemplate":"https:\/\/www.cruillaconcerts.cat\/es\/?s={search_term_string}"},"query-input":{"@type":"PropertyValueSpecification","valueRequired":true,"valueName":"search_term_string"}}],"inLanguage":"es"}]}</script>
<!-- / Yoast SEO plugin. -->

¡Antònia Font en concierto en el Cruïlla Delta del Ebre!

¡Ven a disfrutar del concierto de Judit Neddermann, Antònia Font y Sopa de Cabra el 5 de octubre en Amposta, dentro de la programación del Cruïlla Delta del Ebre!

Cruïlla Concerts
