{"id":3926,"date":"2023-10-03T07:58:19","date_gmt":"2023-10-03T07:58:19","guid":{"rendered":"https:\/\/www.cruillaconcerts.cat\/?post_type=artists&#038;p=3926"},"modified":"2024-02-23T21:05:52","modified_gmt":"2024-02-23T21:05:52","slug":"delaporte","status":"publish","type":"artists","link":"https:\/\/www.cruillaconcerts.cat\/es\/artists\/delaporte\/","title":{"rendered":"Delaporte + Los Eclipses"},"content":{"rendered":"<h2>\u00a1DELAPORTE Y LOS ECLIPSES EN CONCIERTO EN EL CRU\u00cfLLA HIVERN 2024!<\/h2>\n<h3>UN NUEVO PROTAGONISMO<\/h3>\n<p><span style=\"font-weight: 400;\">Cinco a\u00f1os despu\u00e9s de estrenar <\/span><b>\u2018Uno\u2019<\/b><span style=\"font-weight: 400;\">, el EP que los situar\u00eda en el centro de la escena indie-electr\u00f3nica nacional con canciones como <\/span><b>\u201cUn jard\u00edn\u201d o \u201cCari\u00f1ito\u201d<\/b><span style=\"font-weight: 400;\">, este dueto italo-espa\u00f1ol empieza ahora una nueva etapa musical, con un nuevo protagonismo dentro de esta misma escena pero tambi\u00e9n dentro de su propia m\u00fasica.<\/span><\/p>\n<p><span style=\"font-weight: 400;\">La etiqueta de grupo emergente ya hace tiempo que ha quedado peque\u00f1a para <\/span><b>Delaporte<\/b><span style=\"font-weight: 400;\">, considerados actualmente protagonistas de la alternativa espa\u00f1ola, por eso han decidido convertir el directo en el nuevo protagonista de su proyecto musical. \u00a1Ven a comprobarlo <\/span><b>el pr\u00f3ximo 23 de febrero a la sala Paral\u00b7lel 62!<\/b><\/p>\n<hr \/>\n<p style=\"text-align: center;\"><strong><em>Compra aqu\u00ed tus entradas desde 20\u20ac a 24\u20ac<\/em><\/strong><\/p>\n<p style=\"text-align: center;\"><a class=\"efsbutton button \" target=\"_blank\">ENTRADAS<\/a><\/p>\n<hr \/>\n<p><b>Sandra y Sergio <\/b><span style=\"font-weight: 400;\">cerrar\u00e1n la primera edici\u00f3n del <\/span><b>Cru\u00eflla Hivern<\/b><span style=\"font-weight: 400;\"> con un concierto que pondr\u00e1 en valor la m\u00fasica creada al mismo tiempo que se muestra, apostando as\u00ed por una mayor conexi\u00f3n con su p\u00fablico. A\u00fan as\u00ed, no dejar\u00e1n atr\u00e1s trabajos como <\/span><b>\u2018Como Anoche\u2019 o \u2018Las Monta\u00f1as\u2019<\/b><span style=\"font-weight: 400;\">, as\u00ed como su nuevo \u00e1lbum <strong>&#8216;Aqu\u00ed y Ahora&#8217;.<\/strong><\/span><\/p>\n<p><span style=\"font-weight: 400;\">Menos romanticismo y m\u00e1s honestidad; menos repeticiones y m\u00e1s sorpresas, menos <\/span><i><span style=\"font-weight: 400;\">me ahogo en tu pendiente<\/span><\/i><span style=\"font-weight: 400;\"> y m\u00e1s <\/span><i><span style=\"font-weight: 400;\">yo hago lo que quiero cuando quiera con quien quiera<\/span><\/i><span style=\"font-weight: 400;\">; \u00a1menos ruido y m\u00e1s Delaporte! Adem\u00e1s, la banda estar\u00e1 teloneada por el dueto\u00a0<strong>Los Eclipses.<\/strong><\/span><\/p>\n<!-- auto-added video if acf\/single-artist-video not used  --> <iframe style=\"width: 100%;max-width: 100%;height: auto;aspect-ratio: 16 \/ 9;\" src=\"https:\/\/www.youtube-nocookie.com\/embed\/vhdGVt9Ks-A\" frameborder=\"0\" allow=\"accelerometer; autoplay; encrypted-media; gyroscope; picture-in-picture\" allowfullscreen><\/iframe>","protected":false},"featured_media":3900,"parent":0,"template":"","meta":{"_acf_changed":false},"artists_edition":[66],"class_list":["post-3926","artists","type-artists","status-publish","has-post-thumbnail","hentry","artists_location-parallel-62","artists_edition-hivern-2024"],"acf":{"_thumbnail_id":3900,"youtube_player":"vhdGVt9Ks-A","artist_edition":[66],"artist_date":"20240223","artist_time":"21:00","artist_time_2":"20:00","artist_location":[59],"artist_ticket_url":"https:\/\/cruillahivern.seetickets.com\/event\/delaporte-cruilla-hivern-\/paral-lel-62-barcelona\/2794784","artist_ticket_status":"","artist_extra_date__show":false,"artist_extra_date_2":null,"artist_time_of_date2":"","artist_extra_date_3":null,"artist_time_of_date3":"","artist_extra_date_4":null,"artist_time_of_date4":"","artist_extra_date_5":null,"artist_time_of_date5":"","artist_date__show_month":true,"artist_sidebar_active":false,"show_in_agenda":false,"artist_sidebar__banner_img":null,"artist_sidebar__banner_link":"","artist_hero_content":"Cru\u00eflla Hivern 2024","artist_style":false,"artist_nationality":false,"artist_audience_age":false},"yoast_head":"<!-- This site is optimized with the Yoast SEO plugin v27.5 - https:\/\/yoast.com\/product\/yoast-seo-wordpress\/ -->\n<title>Concierto de Delaporte el 23 de febrero de 2024 en el Cru\u00eflla Hivern<\/title>\n<meta name=\"description\" content=\"\u00a1Compra entradas para el concierto de Delaporte el 23 de febrero de 2024 en el Paral\u00b7lel 62, dentro el Cru\u00eflla Hivern 2024!\" \/>\n<meta name=\"robots\" content=\"index, follow, max-snippet:-1, max-image-preview:large, max-video-preview:-1\" \/>\n<link rel=\"canonical\" href=\"https:\/\/www.cruillaconcerts.cat\/es\/artists\/delaporte\/\" \/>\n<meta property=\"og:locale\" content=\"es_ES\" \/>\n<meta property=\"og:type\" content=\"article\" \/>\n<meta property=\"og:title\" content=\"Concierto de Delaporte el 23 de febrero de 2024 en el Cru\u00eflla Hivern\" \/>\n<meta property=\"og:description\" content=\"\u00a1Compra entradas para el concierto de Delaporte el 23 de febrero de 2024 en el Paral\u00b7lel 62, dentro el Cru\u00eflla Hivern 2024!\" \/>\n<meta property=\"og:url\" content=\"https:\/\/www.cruillaconcerts.cat\/es\/artists\/delaporte\/\" \/>\n<meta property=\"og:site_name\" content=\"Cru\u00eflla Concerts\" \/>\n<meta property=\"article:modified_time\" content=\"2024-02-23T21:05:52+00:00\" \/>\n<meta property=\"og:image\" content=\"https:\/\/www.cruillaconcerts.cat\/wp-content\/uploads\/2023\/09\/IG-REDES-10.jpg\" \/>\n\t<meta property=\"og:image:width\" content=\"1000\" \/>\n\t<meta property=\"og:image:height\" content=\"1000\" \/>\n\t<meta property=\"og:image:type\" content=\"image\/jpeg\" \/>\n<meta name=\"twitter:card\" content=\"summary_large_image\" \/>\n<meta name=\"twitter:label1\" content=\"Tiempo de lectura\" \/>\n\t<meta name=\"twitter:data1\" content=\"2 minutos\" \/>\n<script type=\"application\/ld+json\" class=\"yoast-schema-graph\">{\"@context\":\"https:\\\/\\\/schema.org\",\"@graph\":[{\"@type\":\"WebPage\",\"@id\":\"https:\\\/\\\/www.cruillaconcerts.cat\\\/es\\\/artists\\\/delaporte\\\/\",\"url\":\"https:\\\/\\\/www.cruillaconcerts.cat\\\/es\\\/artists\\\/delaporte\\\/\",\"name\":\"Concierto de Delaporte el 23 de febrero de 2024 en el Cru\u00eflla Hivern\",\"isPartOf\":{\"@id\":\"https:\\\/\\\/www.cruillaconcerts.cat\\\/es\\\/#website\"},\"primaryImageOfPage\":{\"@id\":\"https:\\\/\\\/www.cruillaconcerts.cat\\\/es\\\/artists\\\/delaporte\\\/#primaryimage\"},\"image\":{\"@id\":\"https:\\\/\\\/www.cruillaconcerts.cat\\\/es\\\/artists\\\/delaporte\\\/#primaryimage\"},\"thumbnailUrl\":\"https:\\\/\\\/www.cruillaconcerts.cat\\\/wp-content\\\/uploads\\\/2023\\\/09\\\/IG-REDES-10.jpg\",\"datePublished\":\"2023-10-03T07:58:19+00:00\",\"dateModified\":\"2024-02-23T21:05:52+00:00\",\"description\":\"\u00a1Compra entradas para el concierto de Delaporte el 23 de febrero de 2024 en el Paral\u00b7lel 62, dentro el Cru\u00eflla Hivern 2024!\",\"breadcrumb\":{\"@id\":\"https:\\\/\\\/www.cruillaconcerts.cat\\\/es\\\/artists\\\/delaporte\\\/#breadcrumb\"},\"inLanguage\":\"es\",\"potentialAction\":[{\"@type\":\"ReadAction\",\"target\":[\"https:\\\/\\\/www.cruillaconcerts.cat\\\/es\\\/artists\\\/delaporte\\\/\"]}]},{\"@type\":\"ImageObject\",\"inLanguage\":\"es\",\"@id\":\"https:\\\/\\\/www.cruillaconcerts.cat\\\/es\\\/artists\\\/delaporte\\\/#primaryimage\",\"url\":\"https:\\\/\\\/www.cruillaconcerts.cat\\\/wp-content\\\/uploads\\\/2023\\\/09\\\/IG-REDES-10.jpg\",\"contentUrl\":\"https:\\\/\\\/www.cruillaconcerts.cat\\\/wp-content\\\/uploads\\\/2023\\\/09\\\/IG-REDES-10.jpg\",\"width\":1000,\"height\":1000},{\"@type\":\"BreadcrumbList\",\"@id\":\"https:\\\/\\\/www.cruillaconcerts.cat\\\/es\\\/artists\\\/delaporte\\\/#breadcrumb\",\"itemListElement\":[{\"@type\":\"ListItem\",\"position\":1,\"name\":\"Home\",\"item\":\"https:\\\/\\\/www.cruillaconcerts.cat\\\/es\\\/\"},{\"@type\":\"ListItem\",\"position\":2,\"name\":\"Delaporte + Los Eclipses\"}]},{\"@type\":\"WebSite\",\"@id\":\"https:\\\/\\\/www.cruillaconcerts.cat\\\/es\\\/#website\",\"url\":\"https:\\\/\\\/www.cruillaconcerts.cat\\\/es\\\/\",\"name\":\"Cru\u00eflla Concerts\",\"description\":\"\",\"potentialAction\":[{\"@type\":\"SearchAction\",\"target\":{\"@type\":\"EntryPoint\",\"urlTemplate\":\"https:\\\/\\\/www.cruillaconcerts.cat\\\/es\\\/?s={search_term_string}\"},\"query-input\":{\"@type\":\"PropertyValueSpecification\",\"valueRequired\":true,\"valueName\":\"search_term_string\"}}],\"inLanguage\":\"es\"}]}<\/script>\n<!-- \/ Yoast SEO plugin. -->","yoast_head_json":{"title":"Concierto de Delaporte el 23 de febrero de 2024 en el Cru\u00eflla Hivern","description":"\u00a1Compra entradas para el concierto de Delaporte el 23 de febrero de 2024 en el Paral\u00b7lel 62, dentro el Cru\u00eflla Hivern 2024!","robots":{"index":"index","follow":"follow","max-snippet":"max-snippet:-1","max-image-preview":"max-image-preview:large","max-video-preview":"max-video-preview:-1"},"canonical":"https:\/\/www.cruillaconcerts.cat\/es\/artists\/delaporte\/","og_locale":"es_ES","og_type":"article","og_title":"Concierto de Delaporte el 23 de febrero de 2024 en el Cru\u00eflla Hivern","og_description":"\u00a1Compra entradas para el concierto de Delaporte el 23 de febrero de 2024 en el Paral\u00b7lel 62, dentro el Cru\u00eflla Hivern 2024!","og_url":"https:\/\/www.cruillaconcerts.cat\/es\/artists\/delaporte\/","og_site_name":"Cru\u00eflla Concerts","article_modified_time":"2024-02-23T21:05:52+00:00","og_image":[{"width":1000,"height":1000,"url":"https:\/\/www.cruillaconcerts.cat\/wp-content\/uploads\/2023\/09\/IG-REDES-10.jpg","type":"image\/jpeg"}],"twitter_card":"summary_large_image","twitter_misc":{"Tiempo de lectura":"2 minutos"},"schema":{"@context":"https:\/\/schema.org","@graph":[{"@type":"WebPage","@id":"https:\/\/www.cruillaconcerts.cat\/es\/artists\/delaporte\/","url":"https:\/\/www.cruillaconcerts.cat\/es\/artists\/delaporte\/","name":"Concierto de Delaporte el 23 de febrero de 2024 en el Cru\u00eflla Hivern","isPartOf":{"@id":"https:\/\/www.cruillaconcerts.cat\/es\/#website"},"primaryImageOfPage":{"@id":"https:\/\/www.cruillaconcerts.cat\/es\/artists\/delaporte\/#primaryimage"},"image":{"@id":"https:\/\/www.cruillaconcerts.cat\/es\/artists\/delaporte\/#primaryimage"},"thumbnailUrl":"https:\/\/www.cruillaconcerts.cat\/wp-content\/uploads\/2023\/09\/IG-REDES-10.jpg","datePublished":"2023-10-03T07:58:19+00:00","dateModified":"2024-02-23T21:05:52+00:00","description":"\u00a1Compra entradas para el concierto de Delaporte el 23 de febrero de 2024 en el Paral\u00b7lel 62, dentro el Cru\u00eflla Hivern 2024!","breadcrumb":{"@id":"https:\/\/www.cruillaconcerts.cat\/es\/artists\/delaporte\/#breadcrumb"},"inLanguage":"es","potentialAction":[{"@type":"ReadAction","target":["https:\/\/www.cruillaconcerts.cat\/es\/artists\/delaporte\/"]}]},{"@type":"ImageObject","inLanguage":"es","@id":"https:\/\/www.cruillaconcerts.cat\/es\/artists\/delaporte\/#primaryimage","url":"https:\/\/www.cruillaconcerts.cat\/wp-content\/uploads\/2023\/09\/IG-REDES-10.jpg","contentUrl":"https:\/\/www.cruillaconcerts.cat\/wp-content\/uploads\/2023\/09\/IG-REDES-10.jpg","width":1000,"height":1000},{"@type":"BreadcrumbList","@id":"https:\/\/www.cruillaconcerts.cat\/es\/artists\/delaporte\/#breadcrumb","itemListElement":[{"@type":"ListItem","position":1,"name":"Home","item":"https:\/\/www.cruillaconcerts.cat\/es\/"},{"@type":"ListItem","position":2,"name":"Delaporte + Los Eclipses"}]},{"@type":"WebSite","@id":"https:\/\/www.cruillaconcerts.cat\/es\/#website","url":"https:\/\/www.cruillaconcerts.cat\/es\/","name":"Cru\u00eflla Concerts","description":"","potentialAction":[{"@type":"SearchAction","target":{"@type":"EntryPoint","urlTemplate":"https:\/\/www.cruillaconcerts.cat\/es\/?s={search_term_string}"},"query-input":{"@type":"PropertyValueSpecification","valueRequired":true,"valueName":"search_term_string"}}],"inLanguage":"es"}]}},"_links":{"self":[{"href":"https:\/\/www.cruillaconcerts.cat\/es\/wp-json\/wp\/v2\/artists\/3926","targetHints":{"allow":["GET"]}}],"collection":[{"href":"https:\/\/www.cruillaconcerts.cat\/es\/wp-json\/wp\/v2\/artists"}],"about":[{"href":"https:\/\/www.cruillaconcerts.cat\/es\/wp-json\/wp\/v2\/types\/artists"}],"acf:term":[{"embeddable":true,"taxonomy":"artists_location","href":"https:\/\/www.cruillaconcerts.cat\/es\/wp-json\/wp\/v2\/artists_location\/59"},{"embeddable":true,"taxonomy":"artists_edition","href":"https:\/\/www.cruillaconcerts.cat\/es\/wp-json\/wp\/v2\/artists_edition\/66"}],"wp:featuredmedia":[{"embeddable":true,"href":"https:\/\/www.cruillaconcerts.cat\/es\/wp-json\/wp\/v2\/media\/3900"}],"wp:attachment":[{"href":"https:\/\/www.cruillaconcerts.cat\/es\/wp-json\/wp\/v2\/media?parent=3926"}],"wp:term":[{"taxonomy":"artists_edition","embeddable":true,"href":"https:\/\/www.cruillaconcerts.cat\/es\/wp-json\/wp\/v2\/artists_edition?post=3926"}],"curies":[{"name":"wp","href":"https:\/\/api.w.org\/{rel}","templated":true}]}}

<h2>¡DELAPORTE Y LOS ECLIPSES EN CONCIERTO EN EL CRUÏLLA HIVERN 2024!</h2>
<h3>UN NUEVO PROTAGONISMO</h3>
<p><span style="font-weight: 400;">Cinco años después de estrenar </span><b>‘Uno’</b><span style="font-weight: 400;">, el EP que los situaría en el centro de la escena indie-electrónica nacional con canciones como </span><b>“Un jardín” o “Cariñito”</b><span style="font-weight: 400;">, este dueto italo-español empieza ahora una nueva etapa musical, con un nuevo protagonismo dentro de esta misma escena pero también dentro de su propia música.</span></p>
<p><span style="font-weight: 400;">La etiqueta de grupo emergente ya hace tiempo que ha quedado pequeña para </span><b>Delaporte</b><span style="font-weight: 400;">, considerados actualmente protagonistas de la alternativa española, por eso han decidido convertir el directo en el nuevo protagonista de su proyecto musical. ¡Ven a comprobarlo </span><b>el próximo 23 de febrero a la sala Paral·lel 62!</b></p>
<hr />
<p style="text-align: center;"><strong><em>Compra aquí tus entradas desde 20€ a 24€</em></strong></p>
<p style="text-align: center;"><a class="efsbutton button " target="_blank">ENTRADAS</a></p>
<hr />
<p><b>Sandra y Sergio </b><span style="font-weight: 400;">cerrarán la primera edición del </span><b>Cruïlla Hivern</b><span style="font-weight: 400;"> con un concierto que pondrá en valor la música creada al mismo tiempo que se muestra, apostando así por una mayor conexión con su público. Aún así, no dejarán atrás trabajos como </span><b>‘Como Anoche’ o ‘Las Montañas’</b><span style="font-weight: 400;">, así como su nuevo álbum <strong>&#8216;Aquí y Ahora&#8217;.</strong></span></p>
<p><span style="font-weight: 400;">Menos romanticismo y más honestidad; menos repeticiones y más sorpresas, menos </span><i><span style="font-weight: 400;">me ahogo en tu pendiente</span></i><span style="font-weight: 400;"> y más </span><i><span style="font-weight: 400;">yo hago lo que quiero cuando quiera con quien quiera</span></i><span style="font-weight: 400;">; ¡menos ruido y más Delaporte! Además, la banda estará teloneada por el dueto <strong>Los Eclipses.</strong></span></p>
<!-- auto-added video if acf/single-artist-video not used  --> <iframe style="width: 100%;max-width: 100%;height: auto;aspect-ratio: 16 / 9;" src="https://www.youtube-nocookie.com/embed/vhdGVt9Ks-A" frameborder="0" allow="accelerometer; autoplay; encrypted-media; gyroscope; picture-in-picture" allowfullscreen></iframe>

Cruïlla Hivern 2024

<!-- This site is optimized with the Yoast SEO plugin v27.5 - https://yoast.com/product/yoast-seo-wordpress/ -->
<title>Concierto de Delaporte el 23 de febrero de 2024 en el Cruïlla Hivern</title>
<meta name="description" content="¡Compra entradas para el concierto de Delaporte el 23 de febrero de 2024 en el Paral·lel 62, dentro el Cruïlla Hivern 2024!" />
<meta name="robots" content="index, follow, max-snippet:-1, max-image-preview:large, max-video-preview:-1" />
<link rel="canonical" href="https://www.cruillaconcerts.cat/es/artists/delaporte/" />
<meta property="og:locale" content="es_ES" />
<meta property="og:type" content="article" />
<meta property="og:title" content="Concierto de Delaporte el 23 de febrero de 2024 en el Cruïlla Hivern" />
<meta property="og:description" content="¡Compra entradas para el concierto de Delaporte el 23 de febrero de 2024 en el Paral·lel 62, dentro el Cruïlla Hivern 2024!" />
<meta property="og:url" content="https://www.cruillaconcerts.cat/es/artists/delaporte/" />
<meta property="og:site_name" content="Cruïlla Concerts" />
<meta property="article:modified_time" content="2024-02-23T21:05:52+00:00" />
<meta property="og:image" content="https://www.cruillaconcerts.cat/wp-content/uploads/2023/09/IG-REDES-10.jpg" />
	<meta property="og:image:width" content="1000" />
	<meta property="og:image:height" content="1000" />
	<meta property="og:image:type" content="image/jpeg" />
<meta name="twitter:card" content="summary_large_image" />
<meta name="twitter:label1" content="Tiempo de lectura" />
	<meta name="twitter:data1" content="2 minutos" />
<script type="application/ld+json" class="yoast-schema-graph">{"@context":"https:\/\/schema.org","@graph":[{"@type":"WebPage","@id":"https:\/\/www.cruillaconcerts.cat\/es\/artists\/delaporte\/","url":"https:\/\/www.cruillaconcerts.cat\/es\/artists\/delaporte\/","name":"Concierto de Delaporte el 23 de febrero de 2024 en el Cruïlla Hivern","isPartOf":{"@id":"https:\/\/www.cruillaconcerts.cat\/es\/#website"},"primaryImageOfPage":{"@id":"https:\/\/www.cruillaconcerts.cat\/es\/artists\/delaporte\/#primaryimage"},"image":{"@id":"https:\/\/www.cruillaconcerts.cat\/es\/artists\/delaporte\/#primaryimage"},"thumbnailUrl":"https:\/\/www.cruillaconcerts.cat\/wp-content\/uploads\/2023\/09\/IG-REDES-10.jpg","datePublished":"2023-10-03T07:58:19+00:00","dateModified":"2024-02-23T21:05:52+00:00","description":"¡Compra entradas para el concierto de Delaporte el 23 de febrero de 2024 en el Paral·lel 62, dentro el Cruïlla Hivern 2024!","breadcrumb":{"@id":"https:\/\/www.cruillaconcerts.cat\/es\/artists\/delaporte\/#breadcrumb"},"inLanguage":"es","potentialAction":[{"@type":"ReadAction","target":["https:\/\/www.cruillaconcerts.cat\/es\/artists\/delaporte\/"]}]},{"@type":"ImageObject","inLanguage":"es","@id":"https:\/\/www.cruillaconcerts.cat\/es\/artists\/delaporte\/#primaryimage","url":"https:\/\/www.cruillaconcerts.cat\/wp-content\/uploads\/2023\/09\/IG-REDES-10.jpg","contentUrl":"https:\/\/www.cruillaconcerts.cat\/wp-content\/uploads\/2023\/09\/IG-REDES-10.jpg","width":1000,"height":1000},{"@type":"BreadcrumbList","@id":"https:\/\/www.cruillaconcerts.cat\/es\/artists\/delaporte\/#breadcrumb","itemListElement":[{"@type":"ListItem","position":1,"name":"Home","item":"https:\/\/www.cruillaconcerts.cat\/es\/"},{"@type":"ListItem","position":2,"name":"Delaporte + Los Eclipses"}]},{"@type":"WebSite","@id":"https:\/\/www.cruillaconcerts.cat\/es\/#website","url":"https:\/\/www.cruillaconcerts.cat\/es\/","name":"Cruïlla Concerts","description":"","potentialAction":[{"@type":"SearchAction","target":{"@type":"EntryPoint","urlTemplate":"https:\/\/www.cruillaconcerts.cat\/es\/?s={search_term_string}"},"query-input":{"@type":"PropertyValueSpecification","valueRequired":true,"valueName":"search_term_string"}}],"inLanguage":"es"}]}</script>
<!-- / Yoast SEO plugin. -->

Concierto de Delaporte el 23 de febrero de 2024 en el Cruïlla Hivern

¡Compra entradas para el concierto de Delaporte el 23 de febrero de 2024 en el Paral·lel 62, dentro el Cruïlla Hivern 2024!

Cruïlla Concerts
