{"id":417,"date":"2022-04-20T14:39:51","date_gmt":"2022-04-20T14:39:51","guid":{"rendered":"https:\/\/www.cruillaconcerts.cat\/?post_type=artists&#038;p=417"},"modified":"2024-10-07T08:15:53","modified_gmt":"2024-10-07T08:15:53","slug":"sopa-de-cabra","status":"publish","type":"artists","link":"https:\/\/www.cruillaconcerts.cat\/es\/artists\/sopa-de-cabra\/","title":{"rendered":"Sopa de Cabra"},"content":{"rendered":"<h2>\u00a1SOPA DE CABRA EN CONCIERTO EN EL CRU\u00cfLLA DELTA DE L&#8217;EBRE!<\/h2>\n<h3>TIEMPO DE SIEGA<\/h3>\n<p>No tenemos ninguna duda de que cuando dicen que s\u00f3lo el faro del sur ella se mira, en realidad se trata del Faro del Fangar de las Terres de l&#8217;Ebre. Que, aunque uno de sus himnos se titule \u00abL&#8217;Empord\u00e0\u00bb, su concierto en el Cru\u00eflla Delta de l&#8217;Ebre ser\u00e1 hist\u00f3rico. Que, cuando canten lo de caminos que ya son nuevos, se refieren a los que seguir\u00e1n para llegar a Amposta el pr\u00f3ximo 5 de octubre.<\/p>\n<p>Sopa de Cabra es uno de los grupos m\u00e1s importantes de la historia de Catalu\u00f1a y \u00a1este oto\u00f1o los tendremos en el Escenario Parlem en el Parc dels Xiribecs!<\/p>\n<hr \/>\n<p style=\"text-align: center;\"><strong><em>Consigue entradas para el concierto de Judit Neddermann, Ant\u00f2nia Font y Sopa de Cabra:<\/em><\/strong><\/p>\n<p style=\"text-align: center;\"><a class=\"efsbutton button \" target=\"_blank\">ENTRADAS<\/a><\/p>\n<hr \/>\n<p>Despu\u00e9s de un a\u00f1o y medio de descanso y de haber celebrado sus 30 a\u00f1os de carrera con una gira que agot\u00f3 todas las entradas, la banda liderada por Gerard Quintana regresa a los escenarios para presentar su nuevo disco &#8216;Alma&#8217;, del que ya han avanzado \u00abTiempo de Sega\u00bb, que no podr\u00eda ser m\u00e1s oportuno ya que el Cru\u00eflla Delta del Ebre coincidir\u00e1 con esta \u00e9poca agr\u00edcola en relaci\u00f3n al arroz.<\/p>\n<p>\u00a1Prep\u00e1rate para darlo todo con los grandes \u00e9xitos de Sopa de Cabra y con sus nuevas propuestas el pr\u00f3ximo 5 de octubre en el Cru\u00eflla Delta de l&#8217;Ebre!<\/p>\n<!-- auto-added video if acf\/single-artist-video not used  --> <iframe style=\"width: 100%;max-width: 100%;height: auto;aspect-ratio: 16 \/ 9;\" src=\"https:\/\/www.youtube-nocookie.com\/embed\/yBcS82RNq7s\" frameborder=\"0\" allow=\"accelerometer; autoplay; encrypted-media; gyroscope; picture-in-picture\" allowfullscreen><\/iframe>","protected":false},"featured_media":1285,"parent":0,"template":"","meta":{"_acf_changed":false},"artists_edition":[89],"class_list":["post-417","artists","type-artists","status-publish","has-post-thumbnail","hentry","artists_location-amposta","artists_edition-cruilla-delta-ebre-2024"],"acf":{"_thumbnail_id":1285,"youtube_player":"yBcS82RNq7s","artist_edition":[89],"artist_date":"20241005","artist_time":"21:00","artist_time_2":"","artist_location":[90],"artist_ticket_url":"https:\/\/cruilladeltadelebre.seetickets.com\/event\/sopa-de-cabra-antonia-font-judit-neddermann\/parc-dels-xiribecs\/3120514","artist_ticket_status":"","artist_extra_date__show":false,"artist_extra_date_2":null,"artist_time_of_date2":"","artist_extra_date_3":null,"artist_time_of_date3":"","artist_extra_date_4":null,"artist_time_of_date4":"","artist_extra_date_5":null,"artist_time_of_date5":"","artist_date__show_month":true,"artist_sidebar_active":true,"show_in_agenda":false,"artist_sidebar__banner_img":"","artist_sidebar__banner_link":"","artist_hero_content":"Cru\u00eflla Delta de l'Ebre","artist_style":false,"artist_nationality":false,"artist_audience_age":false},"yoast_head":"<!-- This site is optimized with the Yoast SEO plugin v27.5 - https:\/\/yoast.com\/product\/yoast-seo-wordpress\/ -->\n<title>\u00a1Sopa de Cabra en concierto en el Cru\u00eflla Delta del Ebre!<\/title>\n<meta name=\"description\" content=\"\u00a1Ven a disfrutar del concierto de Judit Neddermann, Ant\u00f2nia Font y\u00a0Sopa de Cabra el 5 de octubre en Amposta, dentro de la programaci\u00f3n del Cru\u00eflla Delta del Ebre!\" \/>\n<meta name=\"robots\" content=\"index, follow, max-snippet:-1, max-image-preview:large, max-video-preview:-1\" \/>\n<link rel=\"canonical\" href=\"https:\/\/www.cruillaconcerts.cat\/es\/artists\/sopa-de-cabra\/\" \/>\n<meta property=\"og:locale\" content=\"es_ES\" \/>\n<meta property=\"og:type\" content=\"article\" \/>\n<meta property=\"og:title\" content=\"\u00a1Sopa de Cabra en concierto en el Cru\u00eflla Delta del Ebre!\" \/>\n<meta property=\"og:description\" content=\"\u00a1Ven a disfrutar del concierto de Judit Neddermann, Ant\u00f2nia Font y\u00a0Sopa de Cabra el 5 de octubre en Amposta, dentro de la programaci\u00f3n del Cru\u00eflla Delta del Ebre!\" \/>\n<meta property=\"og:url\" content=\"https:\/\/www.cruillaconcerts.cat\/es\/artists\/sopa-de-cabra\/\" \/>\n<meta property=\"og:site_name\" content=\"Cru\u00eflla Concerts\" \/>\n<meta property=\"article:modified_time\" content=\"2024-10-07T08:15:53+00:00\" \/>\n<meta property=\"og:image\" content=\"https:\/\/www.cruillaconcerts.cat\/wp-content\/uploads\/2022\/04\/Sopa-de-Cabra.jpeg\" \/>\n\t<meta property=\"og:image:width\" content=\"800\" \/>\n\t<meta property=\"og:image:height\" content=\"800\" \/>\n\t<meta property=\"og:image:type\" content=\"image\/jpeg\" \/>\n<meta name=\"twitter:card\" content=\"summary_large_image\" \/>\n<meta name=\"twitter:label1\" content=\"Tiempo de lectura\" \/>\n\t<meta name=\"twitter:data1\" content=\"2 minutos\" \/>\n<script type=\"application\/ld+json\" class=\"yoast-schema-graph\">{\"@context\":\"https:\\\/\\\/schema.org\",\"@graph\":[{\"@type\":\"WebPage\",\"@id\":\"https:\\\/\\\/www.cruillaconcerts.cat\\\/es\\\/artists\\\/sopa-de-cabra\\\/\",\"url\":\"https:\\\/\\\/www.cruillaconcerts.cat\\\/es\\\/artists\\\/sopa-de-cabra\\\/\",\"name\":\"\u00a1Sopa de Cabra en concierto en el Cru\u00eflla Delta del Ebre!\",\"isPartOf\":{\"@id\":\"https:\\\/\\\/www.cruillaconcerts.cat\\\/es\\\/#website\"},\"primaryImageOfPage\":{\"@id\":\"https:\\\/\\\/www.cruillaconcerts.cat\\\/es\\\/artists\\\/sopa-de-cabra\\\/#primaryimage\"},\"image\":{\"@id\":\"https:\\\/\\\/www.cruillaconcerts.cat\\\/es\\\/artists\\\/sopa-de-cabra\\\/#primaryimage\"},\"thumbnailUrl\":\"https:\\\/\\\/www.cruillaconcerts.cat\\\/wp-content\\\/uploads\\\/2022\\\/04\\\/Sopa-de-Cabra.jpeg\",\"datePublished\":\"2022-04-20T14:39:51+00:00\",\"dateModified\":\"2024-10-07T08:15:53+00:00\",\"description\":\"\u00a1Ven a disfrutar del concierto de Judit Neddermann, Ant\u00f2nia Font y\u00a0Sopa de Cabra el 5 de octubre en Amposta, dentro de la programaci\u00f3n del Cru\u00eflla Delta del Ebre!\",\"breadcrumb\":{\"@id\":\"https:\\\/\\\/www.cruillaconcerts.cat\\\/es\\\/artists\\\/sopa-de-cabra\\\/#breadcrumb\"},\"inLanguage\":\"es\",\"potentialAction\":[{\"@type\":\"ReadAction\",\"target\":[\"https:\\\/\\\/www.cruillaconcerts.cat\\\/es\\\/artists\\\/sopa-de-cabra\\\/\"]}]},{\"@type\":\"ImageObject\",\"inLanguage\":\"es\",\"@id\":\"https:\\\/\\\/www.cruillaconcerts.cat\\\/es\\\/artists\\\/sopa-de-cabra\\\/#primaryimage\",\"url\":\"https:\\\/\\\/www.cruillaconcerts.cat\\\/wp-content\\\/uploads\\\/2022\\\/04\\\/Sopa-de-Cabra.jpeg\",\"contentUrl\":\"https:\\\/\\\/www.cruillaconcerts.cat\\\/wp-content\\\/uploads\\\/2022\\\/04\\\/Sopa-de-Cabra.jpeg\",\"width\":800,\"height\":800},{\"@type\":\"BreadcrumbList\",\"@id\":\"https:\\\/\\\/www.cruillaconcerts.cat\\\/es\\\/artists\\\/sopa-de-cabra\\\/#breadcrumb\",\"itemListElement\":[{\"@type\":\"ListItem\",\"position\":1,\"name\":\"Home\",\"item\":\"https:\\\/\\\/www.cruillaconcerts.cat\\\/es\\\/\"},{\"@type\":\"ListItem\",\"position\":2,\"name\":\"Sopa de Cabra\"}]},{\"@type\":\"WebSite\",\"@id\":\"https:\\\/\\\/www.cruillaconcerts.cat\\\/es\\\/#website\",\"url\":\"https:\\\/\\\/www.cruillaconcerts.cat\\\/es\\\/\",\"name\":\"Cru\u00eflla Concerts\",\"description\":\"\",\"potentialAction\":[{\"@type\":\"SearchAction\",\"target\":{\"@type\":\"EntryPoint\",\"urlTemplate\":\"https:\\\/\\\/www.cruillaconcerts.cat\\\/es\\\/?s={search_term_string}\"},\"query-input\":{\"@type\":\"PropertyValueSpecification\",\"valueRequired\":true,\"valueName\":\"search_term_string\"}}],\"inLanguage\":\"es\"}]}<\/script>\n<!-- \/ Yoast SEO plugin. -->","yoast_head_json":{"title":"\u00a1Sopa de Cabra en concierto en el Cru\u00eflla Delta del Ebre!","description":"\u00a1Ven a disfrutar del concierto de Judit Neddermann, Ant\u00f2nia Font y\u00a0Sopa de Cabra el 5 de octubre en Amposta, dentro de la programaci\u00f3n del Cru\u00eflla Delta del Ebre!","robots":{"index":"index","follow":"follow","max-snippet":"max-snippet:-1","max-image-preview":"max-image-preview:large","max-video-preview":"max-video-preview:-1"},"canonical":"https:\/\/www.cruillaconcerts.cat\/es\/artists\/sopa-de-cabra\/","og_locale":"es_ES","og_type":"article","og_title":"\u00a1Sopa de Cabra en concierto en el Cru\u00eflla Delta del Ebre!","og_description":"\u00a1Ven a disfrutar del concierto de Judit Neddermann, Ant\u00f2nia Font y\u00a0Sopa de Cabra el 5 de octubre en Amposta, dentro de la programaci\u00f3n del Cru\u00eflla Delta del Ebre!","og_url":"https:\/\/www.cruillaconcerts.cat\/es\/artists\/sopa-de-cabra\/","og_site_name":"Cru\u00eflla Concerts","article_modified_time":"2024-10-07T08:15:53+00:00","og_image":[{"width":800,"height":800,"url":"https:\/\/www.cruillaconcerts.cat\/wp-content\/uploads\/2022\/04\/Sopa-de-Cabra.jpeg","type":"image\/jpeg"}],"twitter_card":"summary_large_image","twitter_misc":{"Tiempo de lectura":"2 minutos"},"schema":{"@context":"https:\/\/schema.org","@graph":[{"@type":"WebPage","@id":"https:\/\/www.cruillaconcerts.cat\/es\/artists\/sopa-de-cabra\/","url":"https:\/\/www.cruillaconcerts.cat\/es\/artists\/sopa-de-cabra\/","name":"\u00a1Sopa de Cabra en concierto en el Cru\u00eflla Delta del Ebre!","isPartOf":{"@id":"https:\/\/www.cruillaconcerts.cat\/es\/#website"},"primaryImageOfPage":{"@id":"https:\/\/www.cruillaconcerts.cat\/es\/artists\/sopa-de-cabra\/#primaryimage"},"image":{"@id":"https:\/\/www.cruillaconcerts.cat\/es\/artists\/sopa-de-cabra\/#primaryimage"},"thumbnailUrl":"https:\/\/www.cruillaconcerts.cat\/wp-content\/uploads\/2022\/04\/Sopa-de-Cabra.jpeg","datePublished":"2022-04-20T14:39:51+00:00","dateModified":"2024-10-07T08:15:53+00:00","description":"\u00a1Ven a disfrutar del concierto de Judit Neddermann, Ant\u00f2nia Font y\u00a0Sopa de Cabra el 5 de octubre en Amposta, dentro de la programaci\u00f3n del Cru\u00eflla Delta del Ebre!","breadcrumb":{"@id":"https:\/\/www.cruillaconcerts.cat\/es\/artists\/sopa-de-cabra\/#breadcrumb"},"inLanguage":"es","potentialAction":[{"@type":"ReadAction","target":["https:\/\/www.cruillaconcerts.cat\/es\/artists\/sopa-de-cabra\/"]}]},{"@type":"ImageObject","inLanguage":"es","@id":"https:\/\/www.cruillaconcerts.cat\/es\/artists\/sopa-de-cabra\/#primaryimage","url":"https:\/\/www.cruillaconcerts.cat\/wp-content\/uploads\/2022\/04\/Sopa-de-Cabra.jpeg","contentUrl":"https:\/\/www.cruillaconcerts.cat\/wp-content\/uploads\/2022\/04\/Sopa-de-Cabra.jpeg","width":800,"height":800},{"@type":"BreadcrumbList","@id":"https:\/\/www.cruillaconcerts.cat\/es\/artists\/sopa-de-cabra\/#breadcrumb","itemListElement":[{"@type":"ListItem","position":1,"name":"Home","item":"https:\/\/www.cruillaconcerts.cat\/es\/"},{"@type":"ListItem","position":2,"name":"Sopa de Cabra"}]},{"@type":"WebSite","@id":"https:\/\/www.cruillaconcerts.cat\/es\/#website","url":"https:\/\/www.cruillaconcerts.cat\/es\/","name":"Cru\u00eflla Concerts","description":"","potentialAction":[{"@type":"SearchAction","target":{"@type":"EntryPoint","urlTemplate":"https:\/\/www.cruillaconcerts.cat\/es\/?s={search_term_string}"},"query-input":{"@type":"PropertyValueSpecification","valueRequired":true,"valueName":"search_term_string"}}],"inLanguage":"es"}]}},"_links":{"self":[{"href":"https:\/\/www.cruillaconcerts.cat\/es\/wp-json\/wp\/v2\/artists\/417","targetHints":{"allow":["GET"]}}],"collection":[{"href":"https:\/\/www.cruillaconcerts.cat\/es\/wp-json\/wp\/v2\/artists"}],"about":[{"href":"https:\/\/www.cruillaconcerts.cat\/es\/wp-json\/wp\/v2\/types\/artists"}],"acf:term":[{"embeddable":true,"taxonomy":"artists_location","href":"https:\/\/www.cruillaconcerts.cat\/es\/wp-json\/wp\/v2\/artists_location\/90"},{"embeddable":true,"taxonomy":"artists_edition","href":"https:\/\/www.cruillaconcerts.cat\/es\/wp-json\/wp\/v2\/artists_edition\/89"}],"wp:featuredmedia":[{"embeddable":true,"href":"https:\/\/www.cruillaconcerts.cat\/es\/wp-json\/wp\/v2\/media\/1285"}],"wp:attachment":[{"href":"https:\/\/www.cruillaconcerts.cat\/es\/wp-json\/wp\/v2\/media?parent=417"}],"wp:term":[{"taxonomy":"artists_edition","embeddable":true,"href":"https:\/\/www.cruillaconcerts.cat\/es\/wp-json\/wp\/v2\/artists_edition?post=417"}],"curies":[{"name":"wp","href":"https:\/\/api.w.org\/{rel}","templated":true}]}}

<h2>¡SOPA DE CABRA EN CONCIERTO EN EL CRUÏLLA DELTA DE L&#8217;EBRE!</h2>
<h3>TIEMPO DE SIEGA</h3>
<p>No tenemos ninguna duda de que cuando dicen que sólo el faro del sur ella se mira, en realidad se trata del Faro del Fangar de las Terres de l&#8217;Ebre. Que, aunque uno de sus himnos se titule «L&#8217;Empordà», su concierto en el Cruïlla Delta de l&#8217;Ebre será histórico. Que, cuando canten lo de caminos que ya son nuevos, se refieren a los que seguirán para llegar a Amposta el próximo 5 de octubre.</p>
<p>Sopa de Cabra es uno de los grupos más importantes de la historia de Cataluña y ¡este otoño los tendremos en el Escenario Parlem en el Parc dels Xiribecs!</p>
<hr />
<p style="text-align: center;"><strong><em>Consigue entradas para el concierto de Judit Neddermann, Antònia Font y Sopa de Cabra:</em></strong></p>
<p style="text-align: center;"><a class="efsbutton button " target="_blank">ENTRADAS</a></p>
<hr />
<p>Después de un año y medio de descanso y de haber celebrado sus 30 años de carrera con una gira que agotó todas las entradas, la banda liderada por Gerard Quintana regresa a los escenarios para presentar su nuevo disco &#8216;Alma&#8217;, del que ya han avanzado «Tiempo de Sega», que no podría ser más oportuno ya que el Cruïlla Delta del Ebre coincidirá con esta época agrícola en relación al arroz.</p>
<p>¡Prepárate para darlo todo con los grandes éxitos de Sopa de Cabra y con sus nuevas propuestas el próximo 5 de octubre en el Cruïlla Delta de l&#8217;Ebre!</p>
<!-- auto-added video if acf/single-artist-video not used  --> <iframe style="width: 100%;max-width: 100%;height: auto;aspect-ratio: 16 / 9;" src="https://www.youtube-nocookie.com/embed/yBcS82RNq7s" frameborder="0" allow="accelerometer; autoplay; encrypted-media; gyroscope; picture-in-picture" allowfullscreen></iframe>

Cruïlla Delta de l'Ebre

<!-- This site is optimized with the Yoast SEO plugin v27.5 - https://yoast.com/product/yoast-seo-wordpress/ -->
<title>¡Sopa de Cabra en concierto en el Cruïlla Delta del Ebre!</title>
<meta name="description" content="¡Ven a disfrutar del concierto de Judit Neddermann, Antònia Font y Sopa de Cabra el 5 de octubre en Amposta, dentro de la programación del Cruïlla Delta del Ebre!" />
<meta name="robots" content="index, follow, max-snippet:-1, max-image-preview:large, max-video-preview:-1" />
<link rel="canonical" href="https://www.cruillaconcerts.cat/es/artists/sopa-de-cabra/" />
<meta property="og:locale" content="es_ES" />
<meta property="og:type" content="article" />
<meta property="og:title" content="¡Sopa de Cabra en concierto en el Cruïlla Delta del Ebre!" />
<meta property="og:description" content="¡Ven a disfrutar del concierto de Judit Neddermann, Antònia Font y Sopa de Cabra el 5 de octubre en Amposta, dentro de la programación del Cruïlla Delta del Ebre!" />
<meta property="og:url" content="https://www.cruillaconcerts.cat/es/artists/sopa-de-cabra/" />
<meta property="og:site_name" content="Cruïlla Concerts" />
<meta property="article:modified_time" content="2024-10-07T08:15:53+00:00" />
<meta property="og:image" content="https://www.cruillaconcerts.cat/wp-content/uploads/2022/04/Sopa-de-Cabra.jpeg" />
	<meta property="og:image:width" content="800" />
	<meta property="og:image:height" content="800" />
	<meta property="og:image:type" content="image/jpeg" />
<meta name="twitter:card" content="summary_large_image" />
<meta name="twitter:label1" content="Tiempo de lectura" />
	<meta name="twitter:data1" content="2 minutos" />
<script type="application/ld+json" class="yoast-schema-graph">{"@context":"https:\/\/schema.org","@graph":[{"@type":"WebPage","@id":"https:\/\/www.cruillaconcerts.cat\/es\/artists\/sopa-de-cabra\/","url":"https:\/\/www.cruillaconcerts.cat\/es\/artists\/sopa-de-cabra\/","name":"¡Sopa de Cabra en concierto en el Cruïlla Delta del Ebre!","isPartOf":{"@id":"https:\/\/www.cruillaconcerts.cat\/es\/#website"},"primaryImageOfPage":{"@id":"https:\/\/www.cruillaconcerts.cat\/es\/artists\/sopa-de-cabra\/#primaryimage"},"image":{"@id":"https:\/\/www.cruillaconcerts.cat\/es\/artists\/sopa-de-cabra\/#primaryimage"},"thumbnailUrl":"https:\/\/www.cruillaconcerts.cat\/wp-content\/uploads\/2022\/04\/Sopa-de-Cabra.jpeg","datePublished":"2022-04-20T14:39:51+00:00","dateModified":"2024-10-07T08:15:53+00:00","description":"¡Ven a disfrutar del concierto de Judit Neddermann, Antònia Font y Sopa de Cabra el 5 de octubre en Amposta, dentro de la programación del Cruïlla Delta del Ebre!","breadcrumb":{"@id":"https:\/\/www.cruillaconcerts.cat\/es\/artists\/sopa-de-cabra\/#breadcrumb"},"inLanguage":"es","potentialAction":[{"@type":"ReadAction","target":["https:\/\/www.cruillaconcerts.cat\/es\/artists\/sopa-de-cabra\/"]}]},{"@type":"ImageObject","inLanguage":"es","@id":"https:\/\/www.cruillaconcerts.cat\/es\/artists\/sopa-de-cabra\/#primaryimage","url":"https:\/\/www.cruillaconcerts.cat\/wp-content\/uploads\/2022\/04\/Sopa-de-Cabra.jpeg","contentUrl":"https:\/\/www.cruillaconcerts.cat\/wp-content\/uploads\/2022\/04\/Sopa-de-Cabra.jpeg","width":800,"height":800},{"@type":"BreadcrumbList","@id":"https:\/\/www.cruillaconcerts.cat\/es\/artists\/sopa-de-cabra\/#breadcrumb","itemListElement":[{"@type":"ListItem","position":1,"name":"Home","item":"https:\/\/www.cruillaconcerts.cat\/es\/"},{"@type":"ListItem","position":2,"name":"Sopa de Cabra"}]},{"@type":"WebSite","@id":"https:\/\/www.cruillaconcerts.cat\/es\/#website","url":"https:\/\/www.cruillaconcerts.cat\/es\/","name":"Cruïlla Concerts","description":"","potentialAction":[{"@type":"SearchAction","target":{"@type":"EntryPoint","urlTemplate":"https:\/\/www.cruillaconcerts.cat\/es\/?s={search_term_string}"},"query-input":{"@type":"PropertyValueSpecification","valueRequired":true,"valueName":"search_term_string"}}],"inLanguage":"es"}]}</script>
<!-- / Yoast SEO plugin. -->

¡Sopa de Cabra en concierto en el Cruïlla Delta del Ebre!

¡Ven a disfrutar del concierto de Judit Neddermann, Antònia Font y Sopa de Cabra el 5 de octubre en Amposta, dentro de la programación del Cruïlla Delta del Ebre!

Cruïlla Concerts
