{"id":5039,"date":"2024-01-25T10:53:22","date_gmt":"2024-01-25T10:53:22","guid":{"rendered":"https:\/\/www.cruillaconcerts.cat\/?post_type=artists&#038;p=5039"},"modified":"2024-03-11T15:21:51","modified_gmt":"2024-03-11T15:21:51","slug":"renaldo-clara","status":"publish","type":"artists","link":"https:\/\/www.cruillaconcerts.cat\/es\/artists\/renaldo-clara\/","title":{"rendered":"Renaldo &#038; Clara"},"content":{"rendered":"<h2>\u00a1RENALDO &amp; CLARA EN CONCIERTO EN EL CRU\u00cfLLA BAIX SEGRE!<\/h2>\n<h3>UN TECHO ENORME Y PRECIOSO<\/h3>\n<p style=\"text-align: center;\"><span style=\"color: #ff0000;\"><strong>SOLD OUT<\/strong><\/span><\/p>\n<p><em>S\u2019est\u00e0 millor al carrer que dins de casa<\/em>\u00a0\/\u00a0<em>Se est\u00e1 mejor en la calle que dentro de casa,\u00a0<\/em>\u00bfpero qu\u00e9 pasa cuando el paisaje es casa? \u00bfQu\u00e9 pasa si el\u00a0<em>sostre enorme i preci\u00f3s \/ techo enorme y precioso\u00a0<\/em>es de flores y no de cielo? Y si, aunque\u00a0<em>en sabem de ser a prop \/ sabemos estar cerca,\u00a0<\/em>por una vez viajamos lejos?<\/p>\n<p>\u00a1El pr\u00f3ximo\u00a0<strong>9 de marzo\u00a0<\/strong>la banda leridana\u00a0<strong>Renaldo &amp; Clara<\/strong>\u00a0nos dar\u00e1 todas las respuestas en el\u00a0<strong>Cru\u00eflla Baix Segre<\/strong>\u00a0regal\u00e1ndonos un concierto en\u00a0<strong>Torres de Segre<\/strong>\u00a0que nos har\u00e1\u00a0<strong>\u2018La boca aigua\u2019\u00a0<\/strong>\/ La boca agua!<\/p>\n<p>La artista de Lleida presentar\u00e1 su cuarto disco en\u00a0el<strong>\u00a0Tossal de Carrassumada<\/strong>\u00a0llenando de su pop desgarrador pero extremadamente dulce las vistas de 360\u00ba del\u00a0<strong>Espacio Natural de los Secanos del Segri\u00e0 y Utxesa<\/strong>\u00a0que nos regala este paraje incomparable.<\/p>\n<p>Adem\u00e1s, el Ayuntamiento de Torres de Segre organiza una caminata por los paisajes de la floraci\u00f3n que acabar\u00e1 en el lugar del concierto.<\/p>\n<p style=\"text-align: center;\"><em>\u00bfQuieres saber qu\u00e9 m\u00e1s puedes hacer en el Cru\u00eflla Baix Segre para aprovechar el d\u00eda, descubrir la comarca y sumar m\u00e1s conciertos a tu agenda?<\/em><\/p>\n<p style=\"text-align: center;\"><a class=\"efsbutton button \" target=\"_blank\">ENCUENTRA TU RUTA<\/a><\/p>\n<!-- auto-added video if acf\/single-artist-video not used  --> <iframe style=\"width: 100%;max-width: 100%;height: auto;aspect-ratio: 16 \/ 9;\" src=\"https:\/\/www.youtube-nocookie.com\/embed\/LeV-GBuER2E\" frameborder=\"0\" allow=\"accelerometer; autoplay; encrypted-media; gyroscope; picture-in-picture\" allowfullscreen><\/iframe>","protected":false},"featured_media":5848,"parent":0,"template":"","meta":{"_acf_changed":false},"artists_edition":[71],"class_list":["post-5039","artists","type-artists","status-publish","has-post-thumbnail","hentry","artists_location-tossal-de-carrassumada","artists_edition-baix-segre-2024"],"acf":{"_thumbnail_id":5848,"youtube_player":"LeV-GBuER2E","artist_edition":[71],"artist_date":"20240309","artist_time":"11:30","artist_time_2":"","artist_location":[76],"artist_ticket_url":"","artist_ticket_status":"","artist_extra_date__show":false,"artist_extra_date_2":null,"artist_time_of_date2":"","artist_extra_date_3":null,"artist_time_of_date3":"","artist_extra_date_4":null,"artist_time_of_date4":"","artist_extra_date_5":null,"artist_time_of_date5":"","artist_date__show_month":true,"artist_sidebar_active":true,"show_in_agenda":false,"artist_sidebar__banner_img":"","artist_sidebar__banner_link":"","artist_hero_content":"Cru\u00eflla Baix Segre 2024","artist_style":false,"artist_nationality":false,"artist_audience_age":false},"yoast_head":"<!-- This site is optimized with the Yoast SEO plugin v27.5 - https:\/\/yoast.com\/product\/yoast-seo-wordpress\/ -->\n<title>Renaldo &amp; Clara en concierto en el Cru\u00eflla Baix Segre<\/title>\n<meta name=\"description\" content=\"Compra tus entradas para el concierto de Renaldo &amp; Clara en el Cru\u00eflla Baix Segre 2024, el 9 de marzo en el Tossal de Carrassumada\" \/>\n<meta name=\"robots\" content=\"index, follow, max-snippet:-1, max-image-preview:large, max-video-preview:-1\" \/>\n<link rel=\"canonical\" href=\"https:\/\/www.cruillaconcerts.cat\/es\/artists\/renaldo-clara\/\" \/>\n<meta property=\"og:locale\" content=\"es_ES\" \/>\n<meta property=\"og:type\" content=\"article\" \/>\n<meta property=\"og:title\" content=\"Renaldo &amp; Clara en concierto en el Cru\u00eflla Baix Segre\" \/>\n<meta property=\"og:description\" content=\"Compra tus entradas para el concierto de Renaldo &amp; Clara en el Cru\u00eflla Baix Segre 2024, el 9 de marzo en el Tossal de Carrassumada\" \/>\n<meta property=\"og:url\" content=\"https:\/\/www.cruillaconcerts.cat\/es\/artists\/renaldo-clara\/\" \/>\n<meta property=\"og:site_name\" content=\"Cru\u00eflla Concerts\" \/>\n<meta property=\"article:modified_time\" content=\"2024-03-11T15:21:51+00:00\" \/>\n<meta property=\"og:image\" content=\"https:\/\/www.cruillaconcerts.cat\/wp-content\/uploads\/2024\/03\/SBS24_Web_RenaldoClara_SoldOut.jpg\" \/>\n\t<meta property=\"og:image:width\" content=\"1000\" \/>\n\t<meta property=\"og:image:height\" content=\"1000\" \/>\n\t<meta property=\"og:image:type\" content=\"image\/jpeg\" \/>\n<meta name=\"twitter:card\" content=\"summary_large_image\" \/>\n<meta name=\"twitter:label1\" content=\"Tiempo de lectura\" \/>\n\t<meta name=\"twitter:data1\" content=\"2 minutos\" \/>\n<script type=\"application\/ld+json\" class=\"yoast-schema-graph\">{\"@context\":\"https:\\\/\\\/schema.org\",\"@graph\":[{\"@type\":\"WebPage\",\"@id\":\"https:\\\/\\\/www.cruillaconcerts.cat\\\/es\\\/artists\\\/renaldo-clara\\\/\",\"url\":\"https:\\\/\\\/www.cruillaconcerts.cat\\\/es\\\/artists\\\/renaldo-clara\\\/\",\"name\":\"Renaldo & Clara en concierto en el Cru\u00eflla Baix Segre\",\"isPartOf\":{\"@id\":\"https:\\\/\\\/www.cruillaconcerts.cat\\\/es\\\/#website\"},\"primaryImageOfPage\":{\"@id\":\"https:\\\/\\\/www.cruillaconcerts.cat\\\/es\\\/artists\\\/renaldo-clara\\\/#primaryimage\"},\"image\":{\"@id\":\"https:\\\/\\\/www.cruillaconcerts.cat\\\/es\\\/artists\\\/renaldo-clara\\\/#primaryimage\"},\"thumbnailUrl\":\"https:\\\/\\\/www.cruillaconcerts.cat\\\/wp-content\\\/uploads\\\/2024\\\/03\\\/SBS24_Web_RenaldoClara_SoldOut.jpg\",\"datePublished\":\"2024-01-25T10:53:22+00:00\",\"dateModified\":\"2024-03-11T15:21:51+00:00\",\"description\":\"Compra tus entradas para el concierto de Renaldo & Clara en el Cru\u00eflla Baix Segre 2024, el 9 de marzo en el Tossal de Carrassumada\",\"breadcrumb\":{\"@id\":\"https:\\\/\\\/www.cruillaconcerts.cat\\\/es\\\/artists\\\/renaldo-clara\\\/#breadcrumb\"},\"inLanguage\":\"es\",\"potentialAction\":[{\"@type\":\"ReadAction\",\"target\":[\"https:\\\/\\\/www.cruillaconcerts.cat\\\/es\\\/artists\\\/renaldo-clara\\\/\"]}]},{\"@type\":\"ImageObject\",\"inLanguage\":\"es\",\"@id\":\"https:\\\/\\\/www.cruillaconcerts.cat\\\/es\\\/artists\\\/renaldo-clara\\\/#primaryimage\",\"url\":\"https:\\\/\\\/www.cruillaconcerts.cat\\\/wp-content\\\/uploads\\\/2024\\\/03\\\/SBS24_Web_RenaldoClara_SoldOut.jpg\",\"contentUrl\":\"https:\\\/\\\/www.cruillaconcerts.cat\\\/wp-content\\\/uploads\\\/2024\\\/03\\\/SBS24_Web_RenaldoClara_SoldOut.jpg\",\"width\":1000,\"height\":1000},{\"@type\":\"BreadcrumbList\",\"@id\":\"https:\\\/\\\/www.cruillaconcerts.cat\\\/es\\\/artists\\\/renaldo-clara\\\/#breadcrumb\",\"itemListElement\":[{\"@type\":\"ListItem\",\"position\":1,\"name\":\"Home\",\"item\":\"https:\\\/\\\/www.cruillaconcerts.cat\\\/es\\\/\"},{\"@type\":\"ListItem\",\"position\":2,\"name\":\"Renaldo &#038; Clara\"}]},{\"@type\":\"WebSite\",\"@id\":\"https:\\\/\\\/www.cruillaconcerts.cat\\\/es\\\/#website\",\"url\":\"https:\\\/\\\/www.cruillaconcerts.cat\\\/es\\\/\",\"name\":\"Cru\u00eflla Concerts\",\"description\":\"\",\"potentialAction\":[{\"@type\":\"SearchAction\",\"target\":{\"@type\":\"EntryPoint\",\"urlTemplate\":\"https:\\\/\\\/www.cruillaconcerts.cat\\\/es\\\/?s={search_term_string}\"},\"query-input\":{\"@type\":\"PropertyValueSpecification\",\"valueRequired\":true,\"valueName\":\"search_term_string\"}}],\"inLanguage\":\"es\"}]}<\/script>\n<!-- \/ Yoast SEO plugin. -->","yoast_head_json":{"title":"Renaldo & Clara en concierto en el Cru\u00eflla Baix Segre","description":"Compra tus entradas para el concierto de Renaldo & Clara en el Cru\u00eflla Baix Segre 2024, el 9 de marzo en el Tossal de Carrassumada","robots":{"index":"index","follow":"follow","max-snippet":"max-snippet:-1","max-image-preview":"max-image-preview:large","max-video-preview":"max-video-preview:-1"},"canonical":"https:\/\/www.cruillaconcerts.cat\/es\/artists\/renaldo-clara\/","og_locale":"es_ES","og_type":"article","og_title":"Renaldo & Clara en concierto en el Cru\u00eflla Baix Segre","og_description":"Compra tus entradas para el concierto de Renaldo & Clara en el Cru\u00eflla Baix Segre 2024, el 9 de marzo en el Tossal de Carrassumada","og_url":"https:\/\/www.cruillaconcerts.cat\/es\/artists\/renaldo-clara\/","og_site_name":"Cru\u00eflla Concerts","article_modified_time":"2024-03-11T15:21:51+00:00","og_image":[{"width":1000,"height":1000,"url":"https:\/\/www.cruillaconcerts.cat\/wp-content\/uploads\/2024\/03\/SBS24_Web_RenaldoClara_SoldOut.jpg","type":"image\/jpeg"}],"twitter_card":"summary_large_image","twitter_misc":{"Tiempo de lectura":"2 minutos"},"schema":{"@context":"https:\/\/schema.org","@graph":[{"@type":"WebPage","@id":"https:\/\/www.cruillaconcerts.cat\/es\/artists\/renaldo-clara\/","url":"https:\/\/www.cruillaconcerts.cat\/es\/artists\/renaldo-clara\/","name":"Renaldo & Clara en concierto en el Cru\u00eflla Baix Segre","isPartOf":{"@id":"https:\/\/www.cruillaconcerts.cat\/es\/#website"},"primaryImageOfPage":{"@id":"https:\/\/www.cruillaconcerts.cat\/es\/artists\/renaldo-clara\/#primaryimage"},"image":{"@id":"https:\/\/www.cruillaconcerts.cat\/es\/artists\/renaldo-clara\/#primaryimage"},"thumbnailUrl":"https:\/\/www.cruillaconcerts.cat\/wp-content\/uploads\/2024\/03\/SBS24_Web_RenaldoClara_SoldOut.jpg","datePublished":"2024-01-25T10:53:22+00:00","dateModified":"2024-03-11T15:21:51+00:00","description":"Compra tus entradas para el concierto de Renaldo & Clara en el Cru\u00eflla Baix Segre 2024, el 9 de marzo en el Tossal de Carrassumada","breadcrumb":{"@id":"https:\/\/www.cruillaconcerts.cat\/es\/artists\/renaldo-clara\/#breadcrumb"},"inLanguage":"es","potentialAction":[{"@type":"ReadAction","target":["https:\/\/www.cruillaconcerts.cat\/es\/artists\/renaldo-clara\/"]}]},{"@type":"ImageObject","inLanguage":"es","@id":"https:\/\/www.cruillaconcerts.cat\/es\/artists\/renaldo-clara\/#primaryimage","url":"https:\/\/www.cruillaconcerts.cat\/wp-content\/uploads\/2024\/03\/SBS24_Web_RenaldoClara_SoldOut.jpg","contentUrl":"https:\/\/www.cruillaconcerts.cat\/wp-content\/uploads\/2024\/03\/SBS24_Web_RenaldoClara_SoldOut.jpg","width":1000,"height":1000},{"@type":"BreadcrumbList","@id":"https:\/\/www.cruillaconcerts.cat\/es\/artists\/renaldo-clara\/#breadcrumb","itemListElement":[{"@type":"ListItem","position":1,"name":"Home","item":"https:\/\/www.cruillaconcerts.cat\/es\/"},{"@type":"ListItem","position":2,"name":"Renaldo &#038; Clara"}]},{"@type":"WebSite","@id":"https:\/\/www.cruillaconcerts.cat\/es\/#website","url":"https:\/\/www.cruillaconcerts.cat\/es\/","name":"Cru\u00eflla Concerts","description":"","potentialAction":[{"@type":"SearchAction","target":{"@type":"EntryPoint","urlTemplate":"https:\/\/www.cruillaconcerts.cat\/es\/?s={search_term_string}"},"query-input":{"@type":"PropertyValueSpecification","valueRequired":true,"valueName":"search_term_string"}}],"inLanguage":"es"}]}},"_links":{"self":[{"href":"https:\/\/www.cruillaconcerts.cat\/es\/wp-json\/wp\/v2\/artists\/5039","targetHints":{"allow":["GET"]}}],"collection":[{"href":"https:\/\/www.cruillaconcerts.cat\/es\/wp-json\/wp\/v2\/artists"}],"about":[{"href":"https:\/\/www.cruillaconcerts.cat\/es\/wp-json\/wp\/v2\/types\/artists"}],"acf:term":[{"embeddable":true,"taxonomy":"artists_location","href":"https:\/\/www.cruillaconcerts.cat\/es\/wp-json\/wp\/v2\/artists_location\/76"},{"embeddable":true,"taxonomy":"artists_edition","href":"https:\/\/www.cruillaconcerts.cat\/es\/wp-json\/wp\/v2\/artists_edition\/71"}],"wp:featuredmedia":[{"embeddable":true,"href":"https:\/\/www.cruillaconcerts.cat\/es\/wp-json\/wp\/v2\/media\/5848"}],"wp:attachment":[{"href":"https:\/\/www.cruillaconcerts.cat\/es\/wp-json\/wp\/v2\/media?parent=5039"}],"wp:term":[{"taxonomy":"artists_edition","embeddable":true,"href":"https:\/\/www.cruillaconcerts.cat\/es\/wp-json\/wp\/v2\/artists_edition?post=5039"}],"curies":[{"name":"wp","href":"https:\/\/api.w.org\/{rel}","templated":true}]}}

<h2>¡RENALDO &amp; CLARA EN CONCIERTO EN EL CRUÏLLA BAIX SEGRE!</h2>
<h3>UN TECHO ENORME Y PRECIOSO</h3>
<p style="text-align: center;"><span style="color: #ff0000;"><strong>SOLD OUT</strong></span></p>
<p><em>S’està millor al carrer que dins de casa</em> / <em>Se está mejor en la calle que dentro de casa, </em>¿pero qué pasa cuando el paisaje es casa? ¿Qué pasa si el <em>sostre enorme i preciós / techo enorme y precioso </em>es de flores y no de cielo? Y si, aunque <em>en sabem de ser a prop / sabemos estar cerca, </em>por una vez viajamos lejos?</p>
<p>¡El próximo <strong>9 de marzo </strong>la banda leridana <strong>Renaldo &amp; Clara</strong> nos dará todas las respuestas en el <strong>Cruïlla Baix Segre</strong> regalándonos un concierto en <strong>Torres de Segre</strong> que nos hará <strong>‘La boca aigua’ </strong>/ La boca agua!</p>
<p>La artista de Lleida presentará su cuarto disco en el<strong> Tossal de Carrassumada</strong> llenando de su pop desgarrador pero extremadamente dulce las vistas de 360º del <strong>Espacio Natural de los Secanos del Segrià y Utxesa</strong> que nos regala este paraje incomparable.</p>
<p>Además, el Ayuntamiento de Torres de Segre organiza una caminata por los paisajes de la floración que acabará en el lugar del concierto.</p>
<p style="text-align: center;"><em>¿Quieres saber qué más puedes hacer en el Cruïlla Baix Segre para aprovechar el día, descubrir la comarca y sumar más conciertos a tu agenda?</em></p>
<p style="text-align: center;"><a class="efsbutton button " target="_blank">ENCUENTRA TU RUTA</a></p>
<!-- auto-added video if acf/single-artist-video not used  --> <iframe style="width: 100%;max-width: 100%;height: auto;aspect-ratio: 16 / 9;" src="https://www.youtube-nocookie.com/embed/LeV-GBuER2E" frameborder="0" allow="accelerometer; autoplay; encrypted-media; gyroscope; picture-in-picture" allowfullscreen></iframe>

Cruïlla Baix Segre 2024

<!-- This site is optimized with the Yoast SEO plugin v27.5 - https://yoast.com/product/yoast-seo-wordpress/ -->
<title>Renaldo &amp; Clara en concierto en el Cruïlla Baix Segre</title>
<meta name="description" content="Compra tus entradas para el concierto de Renaldo &amp; Clara en el Cruïlla Baix Segre 2024, el 9 de marzo en el Tossal de Carrassumada" />
<meta name="robots" content="index, follow, max-snippet:-1, max-image-preview:large, max-video-preview:-1" />
<link rel="canonical" href="https://www.cruillaconcerts.cat/es/artists/renaldo-clara/" />
<meta property="og:locale" content="es_ES" />
<meta property="og:type" content="article" />
<meta property="og:title" content="Renaldo &amp; Clara en concierto en el Cruïlla Baix Segre" />
<meta property="og:description" content="Compra tus entradas para el concierto de Renaldo &amp; Clara en el Cruïlla Baix Segre 2024, el 9 de marzo en el Tossal de Carrassumada" />
<meta property="og:url" content="https://www.cruillaconcerts.cat/es/artists/renaldo-clara/" />
<meta property="og:site_name" content="Cruïlla Concerts" />
<meta property="article:modified_time" content="2024-03-11T15:21:51+00:00" />
<meta property="og:image" content="https://www.cruillaconcerts.cat/wp-content/uploads/2024/03/SBS24_Web_RenaldoClara_SoldOut.jpg" />
	<meta property="og:image:width" content="1000" />
	<meta property="og:image:height" content="1000" />
	<meta property="og:image:type" content="image/jpeg" />
<meta name="twitter:card" content="summary_large_image" />
<meta name="twitter:label1" content="Tiempo de lectura" />
	<meta name="twitter:data1" content="2 minutos" />
<script type="application/ld+json" class="yoast-schema-graph">{"@context":"https:\/\/schema.org","@graph":[{"@type":"WebPage","@id":"https:\/\/www.cruillaconcerts.cat\/es\/artists\/renaldo-clara\/","url":"https:\/\/www.cruillaconcerts.cat\/es\/artists\/renaldo-clara\/","name":"Renaldo & Clara en concierto en el Cruïlla Baix Segre","isPartOf":{"@id":"https:\/\/www.cruillaconcerts.cat\/es\/#website"},"primaryImageOfPage":{"@id":"https:\/\/www.cruillaconcerts.cat\/es\/artists\/renaldo-clara\/#primaryimage"},"image":{"@id":"https:\/\/www.cruillaconcerts.cat\/es\/artists\/renaldo-clara\/#primaryimage"},"thumbnailUrl":"https:\/\/www.cruillaconcerts.cat\/wp-content\/uploads\/2024\/03\/SBS24_Web_RenaldoClara_SoldOut.jpg","datePublished":"2024-01-25T10:53:22+00:00","dateModified":"2024-03-11T15:21:51+00:00","description":"Compra tus entradas para el concierto de Renaldo & Clara en el Cruïlla Baix Segre 2024, el 9 de marzo en el Tossal de Carrassumada","breadcrumb":{"@id":"https:\/\/www.cruillaconcerts.cat\/es\/artists\/renaldo-clara\/#breadcrumb"},"inLanguage":"es","potentialAction":[{"@type":"ReadAction","target":["https:\/\/www.cruillaconcerts.cat\/es\/artists\/renaldo-clara\/"]}]},{"@type":"ImageObject","inLanguage":"es","@id":"https:\/\/www.cruillaconcerts.cat\/es\/artists\/renaldo-clara\/#primaryimage","url":"https:\/\/www.cruillaconcerts.cat\/wp-content\/uploads\/2024\/03\/SBS24_Web_RenaldoClara_SoldOut.jpg","contentUrl":"https:\/\/www.cruillaconcerts.cat\/wp-content\/uploads\/2024\/03\/SBS24_Web_RenaldoClara_SoldOut.jpg","width":1000,"height":1000},{"@type":"BreadcrumbList","@id":"https:\/\/www.cruillaconcerts.cat\/es\/artists\/renaldo-clara\/#breadcrumb","itemListElement":[{"@type":"ListItem","position":1,"name":"Home","item":"https:\/\/www.cruillaconcerts.cat\/es\/"},{"@type":"ListItem","position":2,"name":"Renaldo &#038; Clara"}]},{"@type":"WebSite","@id":"https:\/\/www.cruillaconcerts.cat\/es\/#website","url":"https:\/\/www.cruillaconcerts.cat\/es\/","name":"Cruïlla Concerts","description":"","potentialAction":[{"@type":"SearchAction","target":{"@type":"EntryPoint","urlTemplate":"https:\/\/www.cruillaconcerts.cat\/es\/?s={search_term_string}"},"query-input":{"@type":"PropertyValueSpecification","valueRequired":true,"valueName":"search_term_string"}}],"inLanguage":"es"}]}</script>
<!-- / Yoast SEO plugin. -->

Renaldo & Clara en concierto en el Cruïlla Baix Segre

Compra tus entradas para el concierto de Renaldo & Clara en el Cruïlla Baix Segre 2024, el 9 de marzo en el Tossal de Carrassumada

Cruïlla Concerts
