{"id":5041,"date":"2024-01-25T10:53:20","date_gmt":"2024-01-25T10:53:20","guid":{"rendered":"https:\/\/www.cruillaconcerts.cat\/?post_type=artists&#038;p=5041"},"modified":"2024-03-11T15:22:03","modified_gmt":"2024-03-11T15:22:03","slug":"clara-peya","status":"publish","type":"artists","link":"https:\/\/www.cruillaconcerts.cat\/es\/artists\/clara-peya\/","title":{"rendered":"Clara Peya"},"content":{"rendered":"<h2>CLARA PEYA EN CONCIERTO EN EL CRU\u00cfLLA BAIX SEGRE!<\/h2>\n<h3>DESLIGADA<\/h3>\n<p style=\"text-align: center;\"><span style=\"color: #ff0000;\"><strong>SOLD OUT<\/strong><\/span><\/p>\n<p>De la presi\u00f3n est\u00e9tica y social. Del corset de la perfecci\u00f3n y las violencias que \u00e9sta nos comporta. De los g\u00e9neros musicales y de los roles premeditadamente establecidos en la industria musical. De la individualizaci\u00f3n y del ego\u00edsmo.<\/p>\n<p><strong>Clara Peya<\/strong>\u00a0nos ha demostrado con su \u00faltimo disco\u00a0<strong><em>CORS\u00c9<\/em><\/strong>\u00a0que est\u00e1 desatada de todo esto y el pr\u00f3ximo<strong>\u00a09 de marzo<\/strong>\u00a0vendr\u00e1 a demost\u00e1rnoslo en el\u00a0<strong>Cru\u00eflla Baix Segre!<\/strong><\/p>\n<p>Considerada una de las pianistas y compositoras m\u00e1s prol\u00edficas y transgresoras de la escena musical de nuestra casa, esta artista inclasificable llevar\u00e1 su repertorio de canciones comprometidas hasta el espacio\u00a0<strong>Aitona Gourmet<\/strong>, que pondr\u00e1 en valor la labor agr\u00edcola del Baix Segre.<\/p>\n<p><span style=\"color: #ff0000;\">Por previsi\u00f3n de lluvia, el concierto se har\u00e1 en la misma ubicaci\u00f3n pero en el interior.<\/span><\/p>\n<p style=\"text-align: center;\"><em>\u00bfQuieres saber qu\u00e9 m\u00e1s puedes hacer en el Cru\u00eflla Baix Segre para aprovechar el d\u00eda, descubrir la comarca y sumar m\u00e1s conciertos a tu agenda?<\/em><\/p>\n<p style=\"text-align: center;\"><a class=\"efsbutton button \" target=\"_blank\">ENCUENTRA TU RUTA<\/a><\/p>\n<!-- auto-added video if acf\/single-artist-video not used  --> <iframe style=\"width: 100%;max-width: 100%;height: auto;aspect-ratio: 16 \/ 9;\" src=\"https:\/\/www.youtube-nocookie.com\/embed\/nCn0EtOCUb8\" frameborder=\"0\" allow=\"accelerometer; autoplay; encrypted-media; gyroscope; picture-in-picture\" allowfullscreen><\/iframe>","protected":false},"featured_media":5863,"parent":0,"template":"","meta":{"_acf_changed":false},"artists_edition":[71],"class_list":["post-5041","artists","type-artists","status-publish","has-post-thumbnail","hentry","artists_location-aitona-gourmet","artists_edition-baix-segre-2024"],"acf":{"_thumbnail_id":5863,"youtube_player":"nCn0EtOCUb8","artist_edition":[71],"artist_date":"20240309","artist_time":"13:15","artist_time_2":"","artist_location":[79],"artist_ticket_url":"","artist_ticket_status":"","artist_extra_date__show":false,"artist_extra_date_2":null,"artist_time_of_date2":"","artist_extra_date_3":null,"artist_time_of_date3":"","artist_extra_date_4":null,"artist_time_of_date4":"","artist_extra_date_5":null,"artist_time_of_date5":"","artist_date__show_month":true,"artist_sidebar_active":true,"show_in_agenda":false,"artist_sidebar__banner_img":"","artist_sidebar__banner_link":"","artist_hero_content":"Cru\u00eflla Baix Segre 2024","artist_style":false,"artist_nationality":false,"artist_audience_age":false},"yoast_head":"<!-- This site is optimized with the Yoast SEO plugin v27.5 - https:\/\/yoast.com\/product\/yoast-seo-wordpress\/ -->\n<title>Clara Peya en concierto en el Cru\u00eflla Baix Segre 2024<\/title>\n<meta name=\"description\" content=\"Compra tus entradas para el concierto de Clara Peya en el Cru\u00eflla Baix Segre 2024, el 9 de marzo en Aitona Gourmet\" \/>\n<meta name=\"robots\" content=\"index, follow, max-snippet:-1, max-image-preview:large, max-video-preview:-1\" \/>\n<link rel=\"canonical\" href=\"https:\/\/www.cruillaconcerts.cat\/es\/artists\/clara-peya\/\" \/>\n<meta property=\"og:locale\" content=\"es_ES\" \/>\n<meta property=\"og:type\" content=\"article\" \/>\n<meta property=\"og:title\" content=\"Clara Peya en concierto en el Cru\u00eflla Baix Segre 2024\" \/>\n<meta property=\"og:description\" content=\"Compra tus entradas para el concierto de Clara Peya en el Cru\u00eflla Baix Segre 2024, el 9 de marzo en Aitona Gourmet\" \/>\n<meta property=\"og:url\" content=\"https:\/\/www.cruillaconcerts.cat\/es\/artists\/clara-peya\/\" \/>\n<meta property=\"og:site_name\" content=\"Cru\u00eflla Concerts\" \/>\n<meta property=\"article:modified_time\" content=\"2024-03-11T15:22:03+00:00\" \/>\n<meta property=\"og:image\" content=\"https:\/\/www.cruillaconcerts.cat\/wp-content\/uploads\/2024\/03\/SBS24_Web_ClaraPeya_SoldOut.jpg\" \/>\n\t<meta property=\"og:image:width\" content=\"1000\" \/>\n\t<meta property=\"og:image:height\" content=\"1000\" \/>\n\t<meta property=\"og:image:type\" content=\"image\/jpeg\" \/>\n<meta name=\"twitter:card\" content=\"summary_large_image\" \/>\n<meta name=\"twitter:label1\" content=\"Tiempo de lectura\" \/>\n\t<meta name=\"twitter:data1\" content=\"2 minutos\" \/>\n<script type=\"application\/ld+json\" class=\"yoast-schema-graph\">{\"@context\":\"https:\\\/\\\/schema.org\",\"@graph\":[{\"@type\":\"WebPage\",\"@id\":\"https:\\\/\\\/www.cruillaconcerts.cat\\\/es\\\/artists\\\/clara-peya\\\/\",\"url\":\"https:\\\/\\\/www.cruillaconcerts.cat\\\/es\\\/artists\\\/clara-peya\\\/\",\"name\":\"Clara Peya en concierto en el Cru\u00eflla Baix Segre 2024\",\"isPartOf\":{\"@id\":\"https:\\\/\\\/www.cruillaconcerts.cat\\\/es\\\/#website\"},\"primaryImageOfPage\":{\"@id\":\"https:\\\/\\\/www.cruillaconcerts.cat\\\/es\\\/artists\\\/clara-peya\\\/#primaryimage\"},\"image\":{\"@id\":\"https:\\\/\\\/www.cruillaconcerts.cat\\\/es\\\/artists\\\/clara-peya\\\/#primaryimage\"},\"thumbnailUrl\":\"https:\\\/\\\/www.cruillaconcerts.cat\\\/wp-content\\\/uploads\\\/2024\\\/03\\\/SBS24_Web_ClaraPeya_SoldOut.jpg\",\"datePublished\":\"2024-01-25T10:53:20+00:00\",\"dateModified\":\"2024-03-11T15:22:03+00:00\",\"description\":\"Compra tus entradas para el concierto de Clara Peya en el Cru\u00eflla Baix Segre 2024, el 9 de marzo en Aitona Gourmet\",\"breadcrumb\":{\"@id\":\"https:\\\/\\\/www.cruillaconcerts.cat\\\/es\\\/artists\\\/clara-peya\\\/#breadcrumb\"},\"inLanguage\":\"es\",\"potentialAction\":[{\"@type\":\"ReadAction\",\"target\":[\"https:\\\/\\\/www.cruillaconcerts.cat\\\/es\\\/artists\\\/clara-peya\\\/\"]}]},{\"@type\":\"ImageObject\",\"inLanguage\":\"es\",\"@id\":\"https:\\\/\\\/www.cruillaconcerts.cat\\\/es\\\/artists\\\/clara-peya\\\/#primaryimage\",\"url\":\"https:\\\/\\\/www.cruillaconcerts.cat\\\/wp-content\\\/uploads\\\/2024\\\/03\\\/SBS24_Web_ClaraPeya_SoldOut.jpg\",\"contentUrl\":\"https:\\\/\\\/www.cruillaconcerts.cat\\\/wp-content\\\/uploads\\\/2024\\\/03\\\/SBS24_Web_ClaraPeya_SoldOut.jpg\",\"width\":1000,\"height\":1000},{\"@type\":\"BreadcrumbList\",\"@id\":\"https:\\\/\\\/www.cruillaconcerts.cat\\\/es\\\/artists\\\/clara-peya\\\/#breadcrumb\",\"itemListElement\":[{\"@type\":\"ListItem\",\"position\":1,\"name\":\"Home\",\"item\":\"https:\\\/\\\/www.cruillaconcerts.cat\\\/es\\\/\"},{\"@type\":\"ListItem\",\"position\":2,\"name\":\"Clara Peya\"}]},{\"@type\":\"WebSite\",\"@id\":\"https:\\\/\\\/www.cruillaconcerts.cat\\\/es\\\/#website\",\"url\":\"https:\\\/\\\/www.cruillaconcerts.cat\\\/es\\\/\",\"name\":\"Cru\u00eflla Concerts\",\"description\":\"\",\"potentialAction\":[{\"@type\":\"SearchAction\",\"target\":{\"@type\":\"EntryPoint\",\"urlTemplate\":\"https:\\\/\\\/www.cruillaconcerts.cat\\\/es\\\/?s={search_term_string}\"},\"query-input\":{\"@type\":\"PropertyValueSpecification\",\"valueRequired\":true,\"valueName\":\"search_term_string\"}}],\"inLanguage\":\"es\"}]}<\/script>\n<!-- \/ Yoast SEO plugin. -->","yoast_head_json":{"title":"Clara Peya en concierto en el Cru\u00eflla Baix Segre 2024","description":"Compra tus entradas para el concierto de Clara Peya en el Cru\u00eflla Baix Segre 2024, el 9 de marzo en Aitona Gourmet","robots":{"index":"index","follow":"follow","max-snippet":"max-snippet:-1","max-image-preview":"max-image-preview:large","max-video-preview":"max-video-preview:-1"},"canonical":"https:\/\/www.cruillaconcerts.cat\/es\/artists\/clara-peya\/","og_locale":"es_ES","og_type":"article","og_title":"Clara Peya en concierto en el Cru\u00eflla Baix Segre 2024","og_description":"Compra tus entradas para el concierto de Clara Peya en el Cru\u00eflla Baix Segre 2024, el 9 de marzo en Aitona Gourmet","og_url":"https:\/\/www.cruillaconcerts.cat\/es\/artists\/clara-peya\/","og_site_name":"Cru\u00eflla Concerts","article_modified_time":"2024-03-11T15:22:03+00:00","og_image":[{"width":1000,"height":1000,"url":"https:\/\/www.cruillaconcerts.cat\/wp-content\/uploads\/2024\/03\/SBS24_Web_ClaraPeya_SoldOut.jpg","type":"image\/jpeg"}],"twitter_card":"summary_large_image","twitter_misc":{"Tiempo de lectura":"2 minutos"},"schema":{"@context":"https:\/\/schema.org","@graph":[{"@type":"WebPage","@id":"https:\/\/www.cruillaconcerts.cat\/es\/artists\/clara-peya\/","url":"https:\/\/www.cruillaconcerts.cat\/es\/artists\/clara-peya\/","name":"Clara Peya en concierto en el Cru\u00eflla Baix Segre 2024","isPartOf":{"@id":"https:\/\/www.cruillaconcerts.cat\/es\/#website"},"primaryImageOfPage":{"@id":"https:\/\/www.cruillaconcerts.cat\/es\/artists\/clara-peya\/#primaryimage"},"image":{"@id":"https:\/\/www.cruillaconcerts.cat\/es\/artists\/clara-peya\/#primaryimage"},"thumbnailUrl":"https:\/\/www.cruillaconcerts.cat\/wp-content\/uploads\/2024\/03\/SBS24_Web_ClaraPeya_SoldOut.jpg","datePublished":"2024-01-25T10:53:20+00:00","dateModified":"2024-03-11T15:22:03+00:00","description":"Compra tus entradas para el concierto de Clara Peya en el Cru\u00eflla Baix Segre 2024, el 9 de marzo en Aitona Gourmet","breadcrumb":{"@id":"https:\/\/www.cruillaconcerts.cat\/es\/artists\/clara-peya\/#breadcrumb"},"inLanguage":"es","potentialAction":[{"@type":"ReadAction","target":["https:\/\/www.cruillaconcerts.cat\/es\/artists\/clara-peya\/"]}]},{"@type":"ImageObject","inLanguage":"es","@id":"https:\/\/www.cruillaconcerts.cat\/es\/artists\/clara-peya\/#primaryimage","url":"https:\/\/www.cruillaconcerts.cat\/wp-content\/uploads\/2024\/03\/SBS24_Web_ClaraPeya_SoldOut.jpg","contentUrl":"https:\/\/www.cruillaconcerts.cat\/wp-content\/uploads\/2024\/03\/SBS24_Web_ClaraPeya_SoldOut.jpg","width":1000,"height":1000},{"@type":"BreadcrumbList","@id":"https:\/\/www.cruillaconcerts.cat\/es\/artists\/clara-peya\/#breadcrumb","itemListElement":[{"@type":"ListItem","position":1,"name":"Home","item":"https:\/\/www.cruillaconcerts.cat\/es\/"},{"@type":"ListItem","position":2,"name":"Clara Peya"}]},{"@type":"WebSite","@id":"https:\/\/www.cruillaconcerts.cat\/es\/#website","url":"https:\/\/www.cruillaconcerts.cat\/es\/","name":"Cru\u00eflla Concerts","description":"","potentialAction":[{"@type":"SearchAction","target":{"@type":"EntryPoint","urlTemplate":"https:\/\/www.cruillaconcerts.cat\/es\/?s={search_term_string}"},"query-input":{"@type":"PropertyValueSpecification","valueRequired":true,"valueName":"search_term_string"}}],"inLanguage":"es"}]}},"_links":{"self":[{"href":"https:\/\/www.cruillaconcerts.cat\/es\/wp-json\/wp\/v2\/artists\/5041","targetHints":{"allow":["GET"]}}],"collection":[{"href":"https:\/\/www.cruillaconcerts.cat\/es\/wp-json\/wp\/v2\/artists"}],"about":[{"href":"https:\/\/www.cruillaconcerts.cat\/es\/wp-json\/wp\/v2\/types\/artists"}],"acf:term":[{"embeddable":true,"taxonomy":"artists_location","href":"https:\/\/www.cruillaconcerts.cat\/es\/wp-json\/wp\/v2\/artists_location\/79"},{"embeddable":true,"taxonomy":"artists_edition","href":"https:\/\/www.cruillaconcerts.cat\/es\/wp-json\/wp\/v2\/artists_edition\/71"}],"wp:featuredmedia":[{"embeddable":true,"href":"https:\/\/www.cruillaconcerts.cat\/es\/wp-json\/wp\/v2\/media\/5863"}],"wp:attachment":[{"href":"https:\/\/www.cruillaconcerts.cat\/es\/wp-json\/wp\/v2\/media?parent=5041"}],"wp:term":[{"taxonomy":"artists_edition","embeddable":true,"href":"https:\/\/www.cruillaconcerts.cat\/es\/wp-json\/wp\/v2\/artists_edition?post=5041"}],"curies":[{"name":"wp","href":"https:\/\/api.w.org\/{rel}","templated":true}]}}

<h2>CLARA PEYA EN CONCIERTO EN EL CRUÏLLA BAIX SEGRE!</h2>
<h3>DESLIGADA</h3>
<p style="text-align: center;"><span style="color: #ff0000;"><strong>SOLD OUT</strong></span></p>
<p>De la presión estética y social. Del corset de la perfección y las violencias que ésta nos comporta. De los géneros musicales y de los roles premeditadamente establecidos en la industria musical. De la individualización y del egoísmo.</p>
<p><strong>Clara Peya</strong> nos ha demostrado con su último disco <strong><em>CORSÉ</em></strong> que está desatada de todo esto y el próximo<strong> 9 de marzo</strong> vendrá a demostárnoslo en el <strong>Cruïlla Baix Segre!</strong></p>
<p>Considerada una de las pianistas y compositoras más prolíficas y transgresoras de la escena musical de nuestra casa, esta artista inclasificable llevará su repertorio de canciones comprometidas hasta el espacio <strong>Aitona Gourmet</strong>, que pondrá en valor la labor agrícola del Baix Segre.</p>
<p><span style="color: #ff0000;">Por previsión de lluvia, el concierto se hará en la misma ubicación pero en el interior.</span></p>
<p style="text-align: center;"><em>¿Quieres saber qué más puedes hacer en el Cruïlla Baix Segre para aprovechar el día, descubrir la comarca y sumar más conciertos a tu agenda?</em></p>
<p style="text-align: center;"><a class="efsbutton button " target="_blank">ENCUENTRA TU RUTA</a></p>
<!-- auto-added video if acf/single-artist-video not used  --> <iframe style="width: 100%;max-width: 100%;height: auto;aspect-ratio: 16 / 9;" src="https://www.youtube-nocookie.com/embed/nCn0EtOCUb8" frameborder="0" allow="accelerometer; autoplay; encrypted-media; gyroscope; picture-in-picture" allowfullscreen></iframe>

Cruïlla Baix Segre 2024

<!-- This site is optimized with the Yoast SEO plugin v27.5 - https://yoast.com/product/yoast-seo-wordpress/ -->
<title>Clara Peya en concierto en el Cruïlla Baix Segre 2024</title>
<meta name="description" content="Compra tus entradas para el concierto de Clara Peya en el Cruïlla Baix Segre 2024, el 9 de marzo en Aitona Gourmet" />
<meta name="robots" content="index, follow, max-snippet:-1, max-image-preview:large, max-video-preview:-1" />
<link rel="canonical" href="https://www.cruillaconcerts.cat/es/artists/clara-peya/" />
<meta property="og:locale" content="es_ES" />
<meta property="og:type" content="article" />
<meta property="og:title" content="Clara Peya en concierto en el Cruïlla Baix Segre 2024" />
<meta property="og:description" content="Compra tus entradas para el concierto de Clara Peya en el Cruïlla Baix Segre 2024, el 9 de marzo en Aitona Gourmet" />
<meta property="og:url" content="https://www.cruillaconcerts.cat/es/artists/clara-peya/" />
<meta property="og:site_name" content="Cruïlla Concerts" />
<meta property="article:modified_time" content="2024-03-11T15:22:03+00:00" />
<meta property="og:image" content="https://www.cruillaconcerts.cat/wp-content/uploads/2024/03/SBS24_Web_ClaraPeya_SoldOut.jpg" />
	<meta property="og:image:width" content="1000" />
	<meta property="og:image:height" content="1000" />
	<meta property="og:image:type" content="image/jpeg" />
<meta name="twitter:card" content="summary_large_image" />
<meta name="twitter:label1" content="Tiempo de lectura" />
	<meta name="twitter:data1" content="2 minutos" />
<script type="application/ld+json" class="yoast-schema-graph">{"@context":"https:\/\/schema.org","@graph":[{"@type":"WebPage","@id":"https:\/\/www.cruillaconcerts.cat\/es\/artists\/clara-peya\/","url":"https:\/\/www.cruillaconcerts.cat\/es\/artists\/clara-peya\/","name":"Clara Peya en concierto en el Cruïlla Baix Segre 2024","isPartOf":{"@id":"https:\/\/www.cruillaconcerts.cat\/es\/#website"},"primaryImageOfPage":{"@id":"https:\/\/www.cruillaconcerts.cat\/es\/artists\/clara-peya\/#primaryimage"},"image":{"@id":"https:\/\/www.cruillaconcerts.cat\/es\/artists\/clara-peya\/#primaryimage"},"thumbnailUrl":"https:\/\/www.cruillaconcerts.cat\/wp-content\/uploads\/2024\/03\/SBS24_Web_ClaraPeya_SoldOut.jpg","datePublished":"2024-01-25T10:53:20+00:00","dateModified":"2024-03-11T15:22:03+00:00","description":"Compra tus entradas para el concierto de Clara Peya en el Cruïlla Baix Segre 2024, el 9 de marzo en Aitona Gourmet","breadcrumb":{"@id":"https:\/\/www.cruillaconcerts.cat\/es\/artists\/clara-peya\/#breadcrumb"},"inLanguage":"es","potentialAction":[{"@type":"ReadAction","target":["https:\/\/www.cruillaconcerts.cat\/es\/artists\/clara-peya\/"]}]},{"@type":"ImageObject","inLanguage":"es","@id":"https:\/\/www.cruillaconcerts.cat\/es\/artists\/clara-peya\/#primaryimage","url":"https:\/\/www.cruillaconcerts.cat\/wp-content\/uploads\/2024\/03\/SBS24_Web_ClaraPeya_SoldOut.jpg","contentUrl":"https:\/\/www.cruillaconcerts.cat\/wp-content\/uploads\/2024\/03\/SBS24_Web_ClaraPeya_SoldOut.jpg","width":1000,"height":1000},{"@type":"BreadcrumbList","@id":"https:\/\/www.cruillaconcerts.cat\/es\/artists\/clara-peya\/#breadcrumb","itemListElement":[{"@type":"ListItem","position":1,"name":"Home","item":"https:\/\/www.cruillaconcerts.cat\/es\/"},{"@type":"ListItem","position":2,"name":"Clara Peya"}]},{"@type":"WebSite","@id":"https:\/\/www.cruillaconcerts.cat\/es\/#website","url":"https:\/\/www.cruillaconcerts.cat\/es\/","name":"Cruïlla Concerts","description":"","potentialAction":[{"@type":"SearchAction","target":{"@type":"EntryPoint","urlTemplate":"https:\/\/www.cruillaconcerts.cat\/es\/?s={search_term_string}"},"query-input":{"@type":"PropertyValueSpecification","valueRequired":true,"valueName":"search_term_string"}}],"inLanguage":"es"}]}</script>
<!-- / Yoast SEO plugin. -->

Clara Peya en concierto en el Cruïlla Baix Segre 2024

Compra tus entradas para el concierto de Clara Peya en el Cruïlla Baix Segre 2024, el 9 de marzo en Aitona Gourmet

Cruïlla Concerts
