{"id":6601,"date":"2024-07-23T09:55:20","date_gmt":"2024-07-23T09:55:20","guid":{"rendered":"https:\/\/www.cruillaconcerts.cat\/?post_type=artists&#038;p=6601"},"modified":"2024-10-07T08:16:05","modified_gmt":"2024-10-07T08:16:05","slug":"andrea-motis-duo","status":"publish","type":"artists","link":"https:\/\/www.cruillaconcerts.cat\/es\/artists\/andrea-motis-duo\/","title":{"rendered":"Andrea Motis &#038; Duo"},"content":{"rendered":"<h2>\u00a1ANDREA MOTIS CON JOSEP TRAVER EN CONCIERTO EN EL CRU\u00cfLLA DELTA DE L&#8217;EBRE!<\/h2>\n<h3>EL SELLO DEL JAZZ<\/h3>\n<p>Suenan las primeras notas de trompeta y seguidamente una <strong>voz dulce y aterciopelada<\/strong> para entonar una canci\u00f3n de jazz. Y todo el mundo la reconoce, porque <strong>el jazz tiene un nombre<\/strong> y es <strong>Andrea Motis<\/strong>.<\/p>\n<p>Desde muy joven esta virtuosa de Barcelona destac\u00f3 en el panorama musical catal\u00e1n gracias a su trabajo con la Sant Andreu Jazz Band. Pronto fue tomando peso como solista hasta convertirse en una <strong>trompetista, saxofonista y cantante de jazz referente,<\/strong> consiguiendo que su talento sea ya un sello propio inconfundible. \u00a1El <strong>5 de octubre<\/strong> nos trae su jazz particular entre los humedales de <strong>Deltebre<\/strong> el el Parc Fluvial acompa\u00f1ada del guitarrista <strong>Josep Traver<\/strong>!<\/p>\n<hr \/>\n<p style=\"text-align: center;\"><strong><em>\u00a1Concierto Gratuito! Consulta el resto de programaci\u00f3n del Cru\u00eflla Delta del Ebre:<\/em><\/strong><\/p>\n<p style=\"text-align: center;\"><a class=\"efsbutton button \" target=\"_blank\">PROGRAMACI\u00d3N<\/a><\/p>\n<hr \/>\n<p>Su carrera despunt\u00f3 desde el inicio y ha conseguido una <strong>trayectoria admirable<\/strong> que le ha llevado a colaborar con sus referentes. Desde Quincy Jones a Milton Nascimento, Omara Portuondo y Buena Vista Social Club, Esperanza Spalding y Yo-Yo Ma, quien tambi\u00e9n la invit\u00f3 a participar en su disco de d\u00faos &#8216;Notes for the future&#8217; versionando la canci\u00f3n popular catalana \u00abEl cant dels ocells\u00bb.<\/p>\n<p>Con 10 discos en la espalda, <strong>Andrea Motis<\/strong> no ha dejado de hechizar a todo aquel que le escuchaba y no podemos esperar a dejarnos hechizar de nuevo \u00a1en el <strong>Cru\u00eflla\u00a0Delta de l&#8217;Ebre<\/strong>!<\/p>\n<!-- auto-added video if acf\/single-artist-video not used  --> <iframe style=\"width: 100%;max-width: 100%;height: auto;aspect-ratio: 16 \/ 9;\" src=\"https:\/\/www.youtube-nocookie.com\/embed\/dyF3zx98Y1k\" frameborder=\"0\" allow=\"accelerometer; autoplay; encrypted-media; gyroscope; picture-in-picture\" allowfullscreen><\/iframe>","protected":false},"featured_media":6599,"parent":0,"template":"","meta":{"_acf_changed":false},"artists_edition":[89],"class_list":["post-6601","artists","type-artists","status-publish","has-post-thumbnail","hentry","artists_location-deltebre","artists_edition-cruilla-delta-ebre-2024"],"acf":{"_thumbnail_id":6599,"youtube_player":"dyF3zx98Y1k","artist_edition":[89],"artist_date":"20241005","artist_time":"11:30","artist_time_2":"","artist_location":[92],"artist_ticket_url":"","artist_ticket_status":"","artist_extra_date__show":false,"artist_extra_date_2":null,"artist_time_of_date2":"","artist_extra_date_3":null,"artist_time_of_date3":"","artist_extra_date_4":null,"artist_time_of_date4":"","artist_extra_date_5":null,"artist_time_of_date5":"","artist_date__show_month":true,"artist_sidebar_active":true,"show_in_agenda":false,"artist_sidebar__banner_img":"","artist_sidebar__banner_link":"","artist_hero_content":"Cru\u00eflla Delta de l'Ebre","artist_style":false,"artist_nationality":false,"artist_audience_age":false},"yoast_head":"<!-- This site is optimized with the Yoast SEO plugin v27.5 - https:\/\/yoast.com\/product\/yoast-seo-wordpress\/ -->\n<title>\u00a1Andrea Motis &amp; Duo en concierto en el Cru\u00eflla Delta del Ebre!<\/title>\n<meta name=\"description\" content=\"\u00a1Ven a disfrutar del concierto de Andrea Motis &amp; Duo el 5 de octubre en Deltebre, dentro de la programaci\u00f3n del Cru\u00eflla Delta del Ebre!\" \/>\n<meta name=\"robots\" content=\"index, follow, max-snippet:-1, max-image-preview:large, max-video-preview:-1\" \/>\n<link rel=\"canonical\" href=\"https:\/\/www.cruillaconcerts.cat\/es\/artists\/andrea-motis-duo\/\" \/>\n<meta property=\"og:locale\" content=\"es_ES\" \/>\n<meta property=\"og:type\" content=\"article\" \/>\n<meta property=\"og:title\" content=\"\u00a1Andrea Motis &amp; Duo en concierto en el Cru\u00eflla Delta del Ebre!\" \/>\n<meta property=\"og:description\" content=\"\u00a1Ven a disfrutar del concierto de Andrea Motis &amp; Duo el 5 de octubre en Deltebre, dentro de la programaci\u00f3n del Cru\u00eflla Delta del Ebre!\" \/>\n<meta property=\"og:url\" content=\"https:\/\/www.cruillaconcerts.cat\/es\/artists\/andrea-motis-duo\/\" \/>\n<meta property=\"og:site_name\" content=\"Cru\u00eflla Concerts\" \/>\n<meta property=\"article:modified_time\" content=\"2024-10-07T08:16:05+00:00\" \/>\n<meta property=\"og:image\" content=\"https:\/\/www.cruillaconcerts.cat\/wp-content\/uploads\/2024\/07\/UTILITZAR-AQUESTASAndrea-Motis_ByJuanCaballero-5-1.jpg\" \/>\n\t<meta property=\"og:image:width\" content=\"1000\" \/>\n\t<meta property=\"og:image:height\" content=\"1000\" \/>\n\t<meta property=\"og:image:type\" content=\"image\/jpeg\" \/>\n<meta name=\"twitter:card\" content=\"summary_large_image\" \/>\n<meta name=\"twitter:label1\" content=\"Tiempo de lectura\" \/>\n\t<meta name=\"twitter:data1\" content=\"2 minutos\" \/>\n<script type=\"application\/ld+json\" class=\"yoast-schema-graph\">{\"@context\":\"https:\\\/\\\/schema.org\",\"@graph\":[{\"@type\":\"WebPage\",\"@id\":\"https:\\\/\\\/www.cruillaconcerts.cat\\\/es\\\/artists\\\/andrea-motis-duo\\\/\",\"url\":\"https:\\\/\\\/www.cruillaconcerts.cat\\\/es\\\/artists\\\/andrea-motis-duo\\\/\",\"name\":\"\u00a1Andrea Motis & Duo en concierto en el Cru\u00eflla Delta del Ebre!\",\"isPartOf\":{\"@id\":\"https:\\\/\\\/www.cruillaconcerts.cat\\\/es\\\/#website\"},\"primaryImageOfPage\":{\"@id\":\"https:\\\/\\\/www.cruillaconcerts.cat\\\/es\\\/artists\\\/andrea-motis-duo\\\/#primaryimage\"},\"image\":{\"@id\":\"https:\\\/\\\/www.cruillaconcerts.cat\\\/es\\\/artists\\\/andrea-motis-duo\\\/#primaryimage\"},\"thumbnailUrl\":\"https:\\\/\\\/www.cruillaconcerts.cat\\\/wp-content\\\/uploads\\\/2024\\\/07\\\/UTILITZAR-AQUESTASAndrea-Motis_ByJuanCaballero-5-1.jpg\",\"datePublished\":\"2024-07-23T09:55:20+00:00\",\"dateModified\":\"2024-10-07T08:16:05+00:00\",\"description\":\"\u00a1Ven a disfrutar del concierto de Andrea Motis & Duo el 5 de octubre en Deltebre, dentro de la programaci\u00f3n del Cru\u00eflla Delta del Ebre!\",\"breadcrumb\":{\"@id\":\"https:\\\/\\\/www.cruillaconcerts.cat\\\/es\\\/artists\\\/andrea-motis-duo\\\/#breadcrumb\"},\"inLanguage\":\"es\",\"potentialAction\":[{\"@type\":\"ReadAction\",\"target\":[\"https:\\\/\\\/www.cruillaconcerts.cat\\\/es\\\/artists\\\/andrea-motis-duo\\\/\"]}]},{\"@type\":\"ImageObject\",\"inLanguage\":\"es\",\"@id\":\"https:\\\/\\\/www.cruillaconcerts.cat\\\/es\\\/artists\\\/andrea-motis-duo\\\/#primaryimage\",\"url\":\"https:\\\/\\\/www.cruillaconcerts.cat\\\/wp-content\\\/uploads\\\/2024\\\/07\\\/UTILITZAR-AQUESTASAndrea-Motis_ByJuanCaballero-5-1.jpg\",\"contentUrl\":\"https:\\\/\\\/www.cruillaconcerts.cat\\\/wp-content\\\/uploads\\\/2024\\\/07\\\/UTILITZAR-AQUESTASAndrea-Motis_ByJuanCaballero-5-1.jpg\",\"width\":1000,\"height\":1000},{\"@type\":\"BreadcrumbList\",\"@id\":\"https:\\\/\\\/www.cruillaconcerts.cat\\\/es\\\/artists\\\/andrea-motis-duo\\\/#breadcrumb\",\"itemListElement\":[{\"@type\":\"ListItem\",\"position\":1,\"name\":\"Home\",\"item\":\"https:\\\/\\\/www.cruillaconcerts.cat\\\/es\\\/\"},{\"@type\":\"ListItem\",\"position\":2,\"name\":\"Andrea Motis &#038; Duo\"}]},{\"@type\":\"WebSite\",\"@id\":\"https:\\\/\\\/www.cruillaconcerts.cat\\\/es\\\/#website\",\"url\":\"https:\\\/\\\/www.cruillaconcerts.cat\\\/es\\\/\",\"name\":\"Cru\u00eflla Concerts\",\"description\":\"\",\"potentialAction\":[{\"@type\":\"SearchAction\",\"target\":{\"@type\":\"EntryPoint\",\"urlTemplate\":\"https:\\\/\\\/www.cruillaconcerts.cat\\\/es\\\/?s={search_term_string}\"},\"query-input\":{\"@type\":\"PropertyValueSpecification\",\"valueRequired\":true,\"valueName\":\"search_term_string\"}}],\"inLanguage\":\"es\"}]}<\/script>\n<!-- \/ Yoast SEO plugin. -->","yoast_head_json":{"title":"\u00a1Andrea Motis & Duo en concierto en el Cru\u00eflla Delta del Ebre!","description":"\u00a1Ven a disfrutar del concierto de Andrea Motis & Duo el 5 de octubre en Deltebre, dentro de la programaci\u00f3n del Cru\u00eflla Delta del Ebre!","robots":{"index":"index","follow":"follow","max-snippet":"max-snippet:-1","max-image-preview":"max-image-preview:large","max-video-preview":"max-video-preview:-1"},"canonical":"https:\/\/www.cruillaconcerts.cat\/es\/artists\/andrea-motis-duo\/","og_locale":"es_ES","og_type":"article","og_title":"\u00a1Andrea Motis & Duo en concierto en el Cru\u00eflla Delta del Ebre!","og_description":"\u00a1Ven a disfrutar del concierto de Andrea Motis & Duo el 5 de octubre en Deltebre, dentro de la programaci\u00f3n del Cru\u00eflla Delta del Ebre!","og_url":"https:\/\/www.cruillaconcerts.cat\/es\/artists\/andrea-motis-duo\/","og_site_name":"Cru\u00eflla Concerts","article_modified_time":"2024-10-07T08:16:05+00:00","og_image":[{"width":1000,"height":1000,"url":"https:\/\/www.cruillaconcerts.cat\/wp-content\/uploads\/2024\/07\/UTILITZAR-AQUESTASAndrea-Motis_ByJuanCaballero-5-1.jpg","type":"image\/jpeg"}],"twitter_card":"summary_large_image","twitter_misc":{"Tiempo de lectura":"2 minutos"},"schema":{"@context":"https:\/\/schema.org","@graph":[{"@type":"WebPage","@id":"https:\/\/www.cruillaconcerts.cat\/es\/artists\/andrea-motis-duo\/","url":"https:\/\/www.cruillaconcerts.cat\/es\/artists\/andrea-motis-duo\/","name":"\u00a1Andrea Motis & Duo en concierto en el Cru\u00eflla Delta del Ebre!","isPartOf":{"@id":"https:\/\/www.cruillaconcerts.cat\/es\/#website"},"primaryImageOfPage":{"@id":"https:\/\/www.cruillaconcerts.cat\/es\/artists\/andrea-motis-duo\/#primaryimage"},"image":{"@id":"https:\/\/www.cruillaconcerts.cat\/es\/artists\/andrea-motis-duo\/#primaryimage"},"thumbnailUrl":"https:\/\/www.cruillaconcerts.cat\/wp-content\/uploads\/2024\/07\/UTILITZAR-AQUESTASAndrea-Motis_ByJuanCaballero-5-1.jpg","datePublished":"2024-07-23T09:55:20+00:00","dateModified":"2024-10-07T08:16:05+00:00","description":"\u00a1Ven a disfrutar del concierto de Andrea Motis & Duo el 5 de octubre en Deltebre, dentro de la programaci\u00f3n del Cru\u00eflla Delta del Ebre!","breadcrumb":{"@id":"https:\/\/www.cruillaconcerts.cat\/es\/artists\/andrea-motis-duo\/#breadcrumb"},"inLanguage":"es","potentialAction":[{"@type":"ReadAction","target":["https:\/\/www.cruillaconcerts.cat\/es\/artists\/andrea-motis-duo\/"]}]},{"@type":"ImageObject","inLanguage":"es","@id":"https:\/\/www.cruillaconcerts.cat\/es\/artists\/andrea-motis-duo\/#primaryimage","url":"https:\/\/www.cruillaconcerts.cat\/wp-content\/uploads\/2024\/07\/UTILITZAR-AQUESTASAndrea-Motis_ByJuanCaballero-5-1.jpg","contentUrl":"https:\/\/www.cruillaconcerts.cat\/wp-content\/uploads\/2024\/07\/UTILITZAR-AQUESTASAndrea-Motis_ByJuanCaballero-5-1.jpg","width":1000,"height":1000},{"@type":"BreadcrumbList","@id":"https:\/\/www.cruillaconcerts.cat\/es\/artists\/andrea-motis-duo\/#breadcrumb","itemListElement":[{"@type":"ListItem","position":1,"name":"Home","item":"https:\/\/www.cruillaconcerts.cat\/es\/"},{"@type":"ListItem","position":2,"name":"Andrea Motis &#038; Duo"}]},{"@type":"WebSite","@id":"https:\/\/www.cruillaconcerts.cat\/es\/#website","url":"https:\/\/www.cruillaconcerts.cat\/es\/","name":"Cru\u00eflla Concerts","description":"","potentialAction":[{"@type":"SearchAction","target":{"@type":"EntryPoint","urlTemplate":"https:\/\/www.cruillaconcerts.cat\/es\/?s={search_term_string}"},"query-input":{"@type":"PropertyValueSpecification","valueRequired":true,"valueName":"search_term_string"}}],"inLanguage":"es"}]}},"_links":{"self":[{"href":"https:\/\/www.cruillaconcerts.cat\/es\/wp-json\/wp\/v2\/artists\/6601","targetHints":{"allow":["GET"]}}],"collection":[{"href":"https:\/\/www.cruillaconcerts.cat\/es\/wp-json\/wp\/v2\/artists"}],"about":[{"href":"https:\/\/www.cruillaconcerts.cat\/es\/wp-json\/wp\/v2\/types\/artists"}],"acf:term":[{"embeddable":true,"taxonomy":"artists_location","href":"https:\/\/www.cruillaconcerts.cat\/es\/wp-json\/wp\/v2\/artists_location\/92"},{"embeddable":true,"taxonomy":"artists_edition","href":"https:\/\/www.cruillaconcerts.cat\/es\/wp-json\/wp\/v2\/artists_edition\/89"}],"wp:featuredmedia":[{"embeddable":true,"href":"https:\/\/www.cruillaconcerts.cat\/es\/wp-json\/wp\/v2\/media\/6599"}],"wp:attachment":[{"href":"https:\/\/www.cruillaconcerts.cat\/es\/wp-json\/wp\/v2\/media?parent=6601"}],"wp:term":[{"taxonomy":"artists_edition","embeddable":true,"href":"https:\/\/www.cruillaconcerts.cat\/es\/wp-json\/wp\/v2\/artists_edition?post=6601"}],"curies":[{"name":"wp","href":"https:\/\/api.w.org\/{rel}","templated":true}]}}

<h2>¡ANDREA MOTIS CON JOSEP TRAVER EN CONCIERTO EN EL CRUÏLLA DELTA DE L&#8217;EBRE!</h2>
<h3>EL SELLO DEL JAZZ</h3>
<p>Suenan las primeras notas de trompeta y seguidamente una <strong>voz dulce y aterciopelada</strong> para entonar una canción de jazz. Y todo el mundo la reconoce, porque <strong>el jazz tiene un nombre</strong> y es <strong>Andrea Motis</strong>.</p>
<p>Desde muy joven esta virtuosa de Barcelona destacó en el panorama musical catalán gracias a su trabajo con la Sant Andreu Jazz Band. Pronto fue tomando peso como solista hasta convertirse en una <strong>trompetista, saxofonista y cantante de jazz referente,</strong> consiguiendo que su talento sea ya un sello propio inconfundible. ¡El <strong>5 de octubre</strong> nos trae su jazz particular entre los humedales de <strong>Deltebre</strong> el el Parc Fluvial acompañada del guitarrista <strong>Josep Traver</strong>!</p>
<hr />
<p style="text-align: center;"><strong><em>¡Concierto Gratuito! Consulta el resto de programación del Cruïlla Delta del Ebre:</em></strong></p>
<p style="text-align: center;"><a class="efsbutton button " target="_blank">PROGRAMACIÓN</a></p>
<hr />
<p>Su carrera despuntó desde el inicio y ha conseguido una <strong>trayectoria admirable</strong> que le ha llevado a colaborar con sus referentes. Desde Quincy Jones a Milton Nascimento, Omara Portuondo y Buena Vista Social Club, Esperanza Spalding y Yo-Yo Ma, quien también la invitó a participar en su disco de dúos &#8216;Notes for the future&#8217; versionando la canción popular catalana «El cant dels ocells».</p>
<p>Con 10 discos en la espalda, <strong>Andrea Motis</strong> no ha dejado de hechizar a todo aquel que le escuchaba y no podemos esperar a dejarnos hechizar de nuevo ¡en el <strong>Cruïlla Delta de l&#8217;Ebre</strong>!</p>
<!-- auto-added video if acf/single-artist-video not used  --> <iframe style="width: 100%;max-width: 100%;height: auto;aspect-ratio: 16 / 9;" src="https://www.youtube-nocookie.com/embed/dyF3zx98Y1k" frameborder="0" allow="accelerometer; autoplay; encrypted-media; gyroscope; picture-in-picture" allowfullscreen></iframe>

Cruïlla Delta de l'Ebre

<!-- This site is optimized with the Yoast SEO plugin v27.5 - https://yoast.com/product/yoast-seo-wordpress/ -->
<title>¡Andrea Motis &amp; Duo en concierto en el Cruïlla Delta del Ebre!</title>
<meta name="description" content="¡Ven a disfrutar del concierto de Andrea Motis &amp; Duo el 5 de octubre en Deltebre, dentro de la programación del Cruïlla Delta del Ebre!" />
<meta name="robots" content="index, follow, max-snippet:-1, max-image-preview:large, max-video-preview:-1" />
<link rel="canonical" href="https://www.cruillaconcerts.cat/es/artists/andrea-motis-duo/" />
<meta property="og:locale" content="es_ES" />
<meta property="og:type" content="article" />
<meta property="og:title" content="¡Andrea Motis &amp; Duo en concierto en el Cruïlla Delta del Ebre!" />
<meta property="og:description" content="¡Ven a disfrutar del concierto de Andrea Motis &amp; Duo el 5 de octubre en Deltebre, dentro de la programación del Cruïlla Delta del Ebre!" />
<meta property="og:url" content="https://www.cruillaconcerts.cat/es/artists/andrea-motis-duo/" />
<meta property="og:site_name" content="Cruïlla Concerts" />
<meta property="article:modified_time" content="2024-10-07T08:16:05+00:00" />
<meta property="og:image" content="https://www.cruillaconcerts.cat/wp-content/uploads/2024/07/UTILITZAR-AQUESTASAndrea-Motis_ByJuanCaballero-5-1.jpg" />
	<meta property="og:image:width" content="1000" />
	<meta property="og:image:height" content="1000" />
	<meta property="og:image:type" content="image/jpeg" />
<meta name="twitter:card" content="summary_large_image" />
<meta name="twitter:label1" content="Tiempo de lectura" />
	<meta name="twitter:data1" content="2 minutos" />
<script type="application/ld+json" class="yoast-schema-graph">{"@context":"https:\/\/schema.org","@graph":[{"@type":"WebPage","@id":"https:\/\/www.cruillaconcerts.cat\/es\/artists\/andrea-motis-duo\/","url":"https:\/\/www.cruillaconcerts.cat\/es\/artists\/andrea-motis-duo\/","name":"¡Andrea Motis & Duo en concierto en el Cruïlla Delta del Ebre!","isPartOf":{"@id":"https:\/\/www.cruillaconcerts.cat\/es\/#website"},"primaryImageOfPage":{"@id":"https:\/\/www.cruillaconcerts.cat\/es\/artists\/andrea-motis-duo\/#primaryimage"},"image":{"@id":"https:\/\/www.cruillaconcerts.cat\/es\/artists\/andrea-motis-duo\/#primaryimage"},"thumbnailUrl":"https:\/\/www.cruillaconcerts.cat\/wp-content\/uploads\/2024\/07\/UTILITZAR-AQUESTASAndrea-Motis_ByJuanCaballero-5-1.jpg","datePublished":"2024-07-23T09:55:20+00:00","dateModified":"2024-10-07T08:16:05+00:00","description":"¡Ven a disfrutar del concierto de Andrea Motis & Duo el 5 de octubre en Deltebre, dentro de la programación del Cruïlla Delta del Ebre!","breadcrumb":{"@id":"https:\/\/www.cruillaconcerts.cat\/es\/artists\/andrea-motis-duo\/#breadcrumb"},"inLanguage":"es","potentialAction":[{"@type":"ReadAction","target":["https:\/\/www.cruillaconcerts.cat\/es\/artists\/andrea-motis-duo\/"]}]},{"@type":"ImageObject","inLanguage":"es","@id":"https:\/\/www.cruillaconcerts.cat\/es\/artists\/andrea-motis-duo\/#primaryimage","url":"https:\/\/www.cruillaconcerts.cat\/wp-content\/uploads\/2024\/07\/UTILITZAR-AQUESTASAndrea-Motis_ByJuanCaballero-5-1.jpg","contentUrl":"https:\/\/www.cruillaconcerts.cat\/wp-content\/uploads\/2024\/07\/UTILITZAR-AQUESTASAndrea-Motis_ByJuanCaballero-5-1.jpg","width":1000,"height":1000},{"@type":"BreadcrumbList","@id":"https:\/\/www.cruillaconcerts.cat\/es\/artists\/andrea-motis-duo\/#breadcrumb","itemListElement":[{"@type":"ListItem","position":1,"name":"Home","item":"https:\/\/www.cruillaconcerts.cat\/es\/"},{"@type":"ListItem","position":2,"name":"Andrea Motis &#038; Duo"}]},{"@type":"WebSite","@id":"https:\/\/www.cruillaconcerts.cat\/es\/#website","url":"https:\/\/www.cruillaconcerts.cat\/es\/","name":"Cruïlla Concerts","description":"","potentialAction":[{"@type":"SearchAction","target":{"@type":"EntryPoint","urlTemplate":"https:\/\/www.cruillaconcerts.cat\/es\/?s={search_term_string}"},"query-input":{"@type":"PropertyValueSpecification","valueRequired":true,"valueName":"search_term_string"}}],"inLanguage":"es"}]}</script>
<!-- / Yoast SEO plugin. -->

¡Andrea Motis & Duo en concierto en el Cruïlla Delta del Ebre!

¡Ven a disfrutar del concierto de Andrea Motis & Duo el 5 de octubre en Deltebre, dentro de la programación del Cruïlla Delta del Ebre!

Cruïlla Concerts
