{"id":6620,"date":"2024-07-23T09:55:20","date_gmt":"2024-07-23T09:55:20","guid":{"rendered":"https:\/\/www.cruillaconcerts.cat\/?post_type=artists&#038;p=6620"},"modified":"2024-10-07T08:16:11","modified_gmt":"2024-10-07T08:16:11","slug":"myriam-swanson-jordi-mena","status":"publish","type":"artists","link":"https:\/\/www.cruillaconcerts.cat\/es\/artists\/myriam-swanson-jordi-mena\/","title":{"rendered":"Myriam Swanson &#038; Jordi Mena"},"content":{"rendered":"<h2>\u00a1MYRIAM SWANSON &amp; JORDI MENA EN CONCIERTO EN EL CRU\u00cfLLA DELTA DE L&#8217;EBRE!<\/h2>\n<h3>SEGUIR EMPEZANDO<\/h3>\n<p>Despu\u00e9s de tantos a\u00f1os sobre los escenarios, alguien podr\u00eda decir que lo m\u00e1s f\u00e1cil o m\u00e1s c\u00f3modo es seguir haciendo lo que se ha hecho durante todo este tiempo. Sin embargo, estos dos artistas no s\u00f3lo tienen las ganas sino tambi\u00e9n el <strong>talento desbordante<\/strong> para seguir emprendiendo nuevos caminos, para seguir empezando <strong>nuevos proyectos<\/strong>.<\/p>\n<p>Por todo ello, despu\u00e9s de dos discos con <strong>Flamingo Tours, Myriam Swanson <\/strong>y<strong> Jordi Mena<\/strong> \u00a1nos presentar\u00e1n su primer disco juntos en el Cru\u00eflla Delta de l&#8217;Ebre el pr\u00f3ximo <strong>5 de octubre<\/strong>!<\/p>\n<hr \/>\n<p style=\"text-align: center;\"><strong><em>\u00a1Concierto Gratuito! Consulta el resto de programaci\u00f3n del Cru\u00eflla Delta del Ebre:<\/em><\/strong><\/p>\n<p style=\"text-align: center;\"><a class=\"efsbutton button \" target=\"_blank\">PROGRAMACI\u00d3N<\/a><\/p>\n<hr \/>\n<p>Unidos por el amor, la experiencia y la dedicaci\u00f3n a la <strong>m\u00fasica de ra\u00edz<\/strong>, estos dos artistas se adentrar\u00e1n en territorios fronterizos para preparar este nuevo trabajo. Myriam Swanson es una cantante, compositora y productora con 5 discos de su autor\u00eda, mientras que Jordi Mena es un guitarrista, compositor, arreglista y productor que ha tocado la guitarra por m\u00e1s de 50 \u00e1lbumes y ha acompa\u00f1ado a artistas como Bunbury o Jarabe de Palo .<\/p>\n<p>El pr\u00f3ximo 5 de octubre el <strong>Parc de la Via de L&#8217;Aldea<\/strong> acoger\u00e1 su concierto en el Cru\u00eflla Delta de l&#8217;Ebre, \u00a1donde podremos descubrir su personal <strong>mirada \u00fanica e independiente<\/strong>!<\/p>\n<!-- auto-added video if acf\/single-artist-video not used  --> <iframe style=\"width: 100%;max-width: 100%;height: auto;aspect-ratio: 16 \/ 9;\" src=\"https:\/\/www.youtube-nocookie.com\/embed\/kBeEihTujOY\" frameborder=\"0\" allow=\"accelerometer; autoplay; encrypted-media; gyroscope; picture-in-picture\" allowfullscreen><\/iframe>","protected":false},"featured_media":6606,"parent":0,"template":"","meta":{"_acf_changed":false},"artists_edition":[89],"class_list":["post-6620","artists","type-artists","status-publish","has-post-thumbnail","hentry","artists_location-l-aldea","artists_edition-cruilla-delta-ebre-2024"],"acf":{"_thumbnail_id":6606,"youtube_player":"kBeEihTujOY","artist_edition":[89],"artist_date":"20241005","artist_time":"11:30","artist_time_2":"","artist_location":[91],"artist_ticket_url":"","artist_ticket_status":"","artist_extra_date__show":false,"artist_extra_date_2":null,"artist_time_of_date2":"","artist_extra_date_3":null,"artist_time_of_date3":"","artist_extra_date_4":null,"artist_time_of_date4":"","artist_extra_date_5":null,"artist_time_of_date5":"","artist_date__show_month":true,"artist_sidebar_active":true,"show_in_agenda":false,"artist_sidebar__banner_img":"","artist_sidebar__banner_link":"","artist_hero_content":"Cru\u00eflla Delta de l'Ebre","artist_style":false,"artist_nationality":false,"artist_audience_age":false},"yoast_head":"<!-- This site is optimized with the Yoast SEO plugin v27.5 - https:\/\/yoast.com\/product\/yoast-seo-wordpress\/ -->\n<title>\u00a1Myriam Swanson &amp; Jordi Mena en concierto en el Cru\u00eflla Delta del Ebre!<\/title>\n<meta name=\"description\" content=\"\u00a1Ven a disfrutar del concierto de Myriam Swanson &amp; Jordi Mena el 5 de octubre en L&#039;Aldea, dentro de la programaci\u00f3n del Cru\u00eflla Delta del Ebre!\" \/>\n<meta name=\"robots\" content=\"index, follow, max-snippet:-1, max-image-preview:large, max-video-preview:-1\" \/>\n<link rel=\"canonical\" href=\"https:\/\/www.cruillaconcerts.cat\/es\/artists\/myriam-swanson-jordi-mena\/\" \/>\n<meta property=\"og:locale\" content=\"es_ES\" \/>\n<meta property=\"og:type\" content=\"article\" \/>\n<meta property=\"og:title\" content=\"\u00a1Myriam Swanson &amp; Jordi Mena en concierto en el Cru\u00eflla Delta del Ebre!\" \/>\n<meta property=\"og:description\" content=\"\u00a1Ven a disfrutar del concierto de Myriam Swanson &amp; Jordi Mena el 5 de octubre en L&#039;Aldea, dentro de la programaci\u00f3n del Cru\u00eflla Delta del Ebre!\" \/>\n<meta property=\"og:url\" content=\"https:\/\/www.cruillaconcerts.cat\/es\/artists\/myriam-swanson-jordi-mena\/\" \/>\n<meta property=\"og:site_name\" content=\"Cru\u00eflla Concerts\" \/>\n<meta property=\"article:modified_time\" content=\"2024-10-07T08:16:11+00:00\" \/>\n<meta property=\"og:image\" content=\"https:\/\/www.cruillaconcerts.cat\/wp-content\/uploads\/2024\/07\/image0-1.jpeg\" \/>\n\t<meta property=\"og:image:width\" content=\"1000\" \/>\n\t<meta property=\"og:image:height\" content=\"1000\" \/>\n\t<meta property=\"og:image:type\" content=\"image\/jpeg\" \/>\n<meta name=\"twitter:card\" content=\"summary_large_image\" \/>\n<meta name=\"twitter:label1\" content=\"Tiempo de lectura\" \/>\n\t<meta name=\"twitter:data1\" content=\"2 minutos\" \/>\n<script type=\"application\/ld+json\" class=\"yoast-schema-graph\">{\"@context\":\"https:\\\/\\\/schema.org\",\"@graph\":[{\"@type\":\"WebPage\",\"@id\":\"https:\\\/\\\/www.cruillaconcerts.cat\\\/es\\\/artists\\\/myriam-swanson-jordi-mena\\\/\",\"url\":\"https:\\\/\\\/www.cruillaconcerts.cat\\\/es\\\/artists\\\/myriam-swanson-jordi-mena\\\/\",\"name\":\"\u00a1Myriam Swanson & Jordi Mena en concierto en el Cru\u00eflla Delta del Ebre!\",\"isPartOf\":{\"@id\":\"https:\\\/\\\/www.cruillaconcerts.cat\\\/es\\\/#website\"},\"primaryImageOfPage\":{\"@id\":\"https:\\\/\\\/www.cruillaconcerts.cat\\\/es\\\/artists\\\/myriam-swanson-jordi-mena\\\/#primaryimage\"},\"image\":{\"@id\":\"https:\\\/\\\/www.cruillaconcerts.cat\\\/es\\\/artists\\\/myriam-swanson-jordi-mena\\\/#primaryimage\"},\"thumbnailUrl\":\"https:\\\/\\\/www.cruillaconcerts.cat\\\/wp-content\\\/uploads\\\/2024\\\/07\\\/image0-1.jpeg\",\"datePublished\":\"2024-07-23T09:55:20+00:00\",\"dateModified\":\"2024-10-07T08:16:11+00:00\",\"description\":\"\u00a1Ven a disfrutar del concierto de Myriam Swanson & Jordi Mena el 5 de octubre en L'Aldea, dentro de la programaci\u00f3n del Cru\u00eflla Delta del Ebre!\",\"breadcrumb\":{\"@id\":\"https:\\\/\\\/www.cruillaconcerts.cat\\\/es\\\/artists\\\/myriam-swanson-jordi-mena\\\/#breadcrumb\"},\"inLanguage\":\"es\",\"potentialAction\":[{\"@type\":\"ReadAction\",\"target\":[\"https:\\\/\\\/www.cruillaconcerts.cat\\\/es\\\/artists\\\/myriam-swanson-jordi-mena\\\/\"]}]},{\"@type\":\"ImageObject\",\"inLanguage\":\"es\",\"@id\":\"https:\\\/\\\/www.cruillaconcerts.cat\\\/es\\\/artists\\\/myriam-swanson-jordi-mena\\\/#primaryimage\",\"url\":\"https:\\\/\\\/www.cruillaconcerts.cat\\\/wp-content\\\/uploads\\\/2024\\\/07\\\/image0-1.jpeg\",\"contentUrl\":\"https:\\\/\\\/www.cruillaconcerts.cat\\\/wp-content\\\/uploads\\\/2024\\\/07\\\/image0-1.jpeg\",\"width\":1000,\"height\":1000},{\"@type\":\"BreadcrumbList\",\"@id\":\"https:\\\/\\\/www.cruillaconcerts.cat\\\/es\\\/artists\\\/myriam-swanson-jordi-mena\\\/#breadcrumb\",\"itemListElement\":[{\"@type\":\"ListItem\",\"position\":1,\"name\":\"Home\",\"item\":\"https:\\\/\\\/www.cruillaconcerts.cat\\\/es\\\/\"},{\"@type\":\"ListItem\",\"position\":2,\"name\":\"Myriam Swanson &#038; Jordi Mena\"}]},{\"@type\":\"WebSite\",\"@id\":\"https:\\\/\\\/www.cruillaconcerts.cat\\\/es\\\/#website\",\"url\":\"https:\\\/\\\/www.cruillaconcerts.cat\\\/es\\\/\",\"name\":\"Cru\u00eflla Concerts\",\"description\":\"\",\"potentialAction\":[{\"@type\":\"SearchAction\",\"target\":{\"@type\":\"EntryPoint\",\"urlTemplate\":\"https:\\\/\\\/www.cruillaconcerts.cat\\\/es\\\/?s={search_term_string}\"},\"query-input\":{\"@type\":\"PropertyValueSpecification\",\"valueRequired\":true,\"valueName\":\"search_term_string\"}}],\"inLanguage\":\"es\"}]}<\/script>\n<!-- \/ Yoast SEO plugin. -->","yoast_head_json":{"title":"\u00a1Myriam Swanson & Jordi Mena en concierto en el Cru\u00eflla Delta del Ebre!","description":"\u00a1Ven a disfrutar del concierto de Myriam Swanson & Jordi Mena el 5 de octubre en L'Aldea, dentro de la programaci\u00f3n del Cru\u00eflla Delta del Ebre!","robots":{"index":"index","follow":"follow","max-snippet":"max-snippet:-1","max-image-preview":"max-image-preview:large","max-video-preview":"max-video-preview:-1"},"canonical":"https:\/\/www.cruillaconcerts.cat\/es\/artists\/myriam-swanson-jordi-mena\/","og_locale":"es_ES","og_type":"article","og_title":"\u00a1Myriam Swanson & Jordi Mena en concierto en el Cru\u00eflla Delta del Ebre!","og_description":"\u00a1Ven a disfrutar del concierto de Myriam Swanson & Jordi Mena el 5 de octubre en L'Aldea, dentro de la programaci\u00f3n del Cru\u00eflla Delta del Ebre!","og_url":"https:\/\/www.cruillaconcerts.cat\/es\/artists\/myriam-swanson-jordi-mena\/","og_site_name":"Cru\u00eflla Concerts","article_modified_time":"2024-10-07T08:16:11+00:00","og_image":[{"width":1000,"height":1000,"url":"https:\/\/www.cruillaconcerts.cat\/wp-content\/uploads\/2024\/07\/image0-1.jpeg","type":"image\/jpeg"}],"twitter_card":"summary_large_image","twitter_misc":{"Tiempo de lectura":"2 minutos"},"schema":{"@context":"https:\/\/schema.org","@graph":[{"@type":"WebPage","@id":"https:\/\/www.cruillaconcerts.cat\/es\/artists\/myriam-swanson-jordi-mena\/","url":"https:\/\/www.cruillaconcerts.cat\/es\/artists\/myriam-swanson-jordi-mena\/","name":"\u00a1Myriam Swanson & Jordi Mena en concierto en el Cru\u00eflla Delta del Ebre!","isPartOf":{"@id":"https:\/\/www.cruillaconcerts.cat\/es\/#website"},"primaryImageOfPage":{"@id":"https:\/\/www.cruillaconcerts.cat\/es\/artists\/myriam-swanson-jordi-mena\/#primaryimage"},"image":{"@id":"https:\/\/www.cruillaconcerts.cat\/es\/artists\/myriam-swanson-jordi-mena\/#primaryimage"},"thumbnailUrl":"https:\/\/www.cruillaconcerts.cat\/wp-content\/uploads\/2024\/07\/image0-1.jpeg","datePublished":"2024-07-23T09:55:20+00:00","dateModified":"2024-10-07T08:16:11+00:00","description":"\u00a1Ven a disfrutar del concierto de Myriam Swanson & Jordi Mena el 5 de octubre en L'Aldea, dentro de la programaci\u00f3n del Cru\u00eflla Delta del Ebre!","breadcrumb":{"@id":"https:\/\/www.cruillaconcerts.cat\/es\/artists\/myriam-swanson-jordi-mena\/#breadcrumb"},"inLanguage":"es","potentialAction":[{"@type":"ReadAction","target":["https:\/\/www.cruillaconcerts.cat\/es\/artists\/myriam-swanson-jordi-mena\/"]}]},{"@type":"ImageObject","inLanguage":"es","@id":"https:\/\/www.cruillaconcerts.cat\/es\/artists\/myriam-swanson-jordi-mena\/#primaryimage","url":"https:\/\/www.cruillaconcerts.cat\/wp-content\/uploads\/2024\/07\/image0-1.jpeg","contentUrl":"https:\/\/www.cruillaconcerts.cat\/wp-content\/uploads\/2024\/07\/image0-1.jpeg","width":1000,"height":1000},{"@type":"BreadcrumbList","@id":"https:\/\/www.cruillaconcerts.cat\/es\/artists\/myriam-swanson-jordi-mena\/#breadcrumb","itemListElement":[{"@type":"ListItem","position":1,"name":"Home","item":"https:\/\/www.cruillaconcerts.cat\/es\/"},{"@type":"ListItem","position":2,"name":"Myriam Swanson &#038; Jordi Mena"}]},{"@type":"WebSite","@id":"https:\/\/www.cruillaconcerts.cat\/es\/#website","url":"https:\/\/www.cruillaconcerts.cat\/es\/","name":"Cru\u00eflla Concerts","description":"","potentialAction":[{"@type":"SearchAction","target":{"@type":"EntryPoint","urlTemplate":"https:\/\/www.cruillaconcerts.cat\/es\/?s={search_term_string}"},"query-input":{"@type":"PropertyValueSpecification","valueRequired":true,"valueName":"search_term_string"}}],"inLanguage":"es"}]}},"_links":{"self":[{"href":"https:\/\/www.cruillaconcerts.cat\/es\/wp-json\/wp\/v2\/artists\/6620","targetHints":{"allow":["GET"]}}],"collection":[{"href":"https:\/\/www.cruillaconcerts.cat\/es\/wp-json\/wp\/v2\/artists"}],"about":[{"href":"https:\/\/www.cruillaconcerts.cat\/es\/wp-json\/wp\/v2\/types\/artists"}],"acf:term":[{"embeddable":true,"taxonomy":"artists_location","href":"https:\/\/www.cruillaconcerts.cat\/es\/wp-json\/wp\/v2\/artists_location\/91"},{"embeddable":true,"taxonomy":"artists_edition","href":"https:\/\/www.cruillaconcerts.cat\/es\/wp-json\/wp\/v2\/artists_edition\/89"}],"wp:featuredmedia":[{"embeddable":true,"href":"https:\/\/www.cruillaconcerts.cat\/es\/wp-json\/wp\/v2\/media\/6606"}],"wp:attachment":[{"href":"https:\/\/www.cruillaconcerts.cat\/es\/wp-json\/wp\/v2\/media?parent=6620"}],"wp:term":[{"taxonomy":"artists_edition","embeddable":true,"href":"https:\/\/www.cruillaconcerts.cat\/es\/wp-json\/wp\/v2\/artists_edition?post=6620"}],"curies":[{"name":"wp","href":"https:\/\/api.w.org\/{rel}","templated":true}]}}

<h2>¡MYRIAM SWANSON &amp; JORDI MENA EN CONCIERTO EN EL CRUÏLLA DELTA DE L&#8217;EBRE!</h2>
<h3>SEGUIR EMPEZANDO</h3>
<p>Después de tantos años sobre los escenarios, alguien podría decir que lo más fácil o más cómodo es seguir haciendo lo que se ha hecho durante todo este tiempo. Sin embargo, estos dos artistas no sólo tienen las ganas sino también el <strong>talento desbordante</strong> para seguir emprendiendo nuevos caminos, para seguir empezando <strong>nuevos proyectos</strong>.</p>
<p>Por todo ello, después de dos discos con <strong>Flamingo Tours, Myriam Swanson </strong>y<strong> Jordi Mena</strong> ¡nos presentarán su primer disco juntos en el Cruïlla Delta de l&#8217;Ebre el próximo <strong>5 de octubre</strong>!</p>
<hr />
<p style="text-align: center;"><strong><em>¡Concierto Gratuito! Consulta el resto de programación del Cruïlla Delta del Ebre:</em></strong></p>
<p style="text-align: center;"><a class="efsbutton button " target="_blank">PROGRAMACIÓN</a></p>
<hr />
<p>Unidos por el amor, la experiencia y la dedicación a la <strong>música de raíz</strong>, estos dos artistas se adentrarán en territorios fronterizos para preparar este nuevo trabajo. Myriam Swanson es una cantante, compositora y productora con 5 discos de su autoría, mientras que Jordi Mena es un guitarrista, compositor, arreglista y productor que ha tocado la guitarra por más de 50 álbumes y ha acompañado a artistas como Bunbury o Jarabe de Palo .</p>
<p>El próximo 5 de octubre el <strong>Parc de la Via de L&#8217;Aldea</strong> acogerá su concierto en el Cruïlla Delta de l&#8217;Ebre, ¡donde podremos descubrir su personal <strong>mirada única e independiente</strong>!</p>
<!-- auto-added video if acf/single-artist-video not used  --> <iframe style="width: 100%;max-width: 100%;height: auto;aspect-ratio: 16 / 9;" src="https://www.youtube-nocookie.com/embed/kBeEihTujOY" frameborder="0" allow="accelerometer; autoplay; encrypted-media; gyroscope; picture-in-picture" allowfullscreen></iframe>

Cruïlla Delta de l'Ebre

<!-- This site is optimized with the Yoast SEO plugin v27.5 - https://yoast.com/product/yoast-seo-wordpress/ -->
<title>¡Myriam Swanson &amp; Jordi Mena en concierto en el Cruïlla Delta del Ebre!</title>
<meta name="description" content="¡Ven a disfrutar del concierto de Myriam Swanson &amp; Jordi Mena el 5 de octubre en L&#039;Aldea, dentro de la programación del Cruïlla Delta del Ebre!" />
<meta name="robots" content="index, follow, max-snippet:-1, max-image-preview:large, max-video-preview:-1" />
<link rel="canonical" href="https://www.cruillaconcerts.cat/es/artists/myriam-swanson-jordi-mena/" />
<meta property="og:locale" content="es_ES" />
<meta property="og:type" content="article" />
<meta property="og:title" content="¡Myriam Swanson &amp; Jordi Mena en concierto en el Cruïlla Delta del Ebre!" />
<meta property="og:description" content="¡Ven a disfrutar del concierto de Myriam Swanson &amp; Jordi Mena el 5 de octubre en L&#039;Aldea, dentro de la programación del Cruïlla Delta del Ebre!" />
<meta property="og:url" content="https://www.cruillaconcerts.cat/es/artists/myriam-swanson-jordi-mena/" />
<meta property="og:site_name" content="Cruïlla Concerts" />
<meta property="article:modified_time" content="2024-10-07T08:16:11+00:00" />
<meta property="og:image" content="https://www.cruillaconcerts.cat/wp-content/uploads/2024/07/image0-1.jpeg" />
	<meta property="og:image:width" content="1000" />
	<meta property="og:image:height" content="1000" />
	<meta property="og:image:type" content="image/jpeg" />
<meta name="twitter:card" content="summary_large_image" />
<meta name="twitter:label1" content="Tiempo de lectura" />
	<meta name="twitter:data1" content="2 minutos" />
<script type="application/ld+json" class="yoast-schema-graph">{"@context":"https:\/\/schema.org","@graph":[{"@type":"WebPage","@id":"https:\/\/www.cruillaconcerts.cat\/es\/artists\/myriam-swanson-jordi-mena\/","url":"https:\/\/www.cruillaconcerts.cat\/es\/artists\/myriam-swanson-jordi-mena\/","name":"¡Myriam Swanson & Jordi Mena en concierto en el Cruïlla Delta del Ebre!","isPartOf":{"@id":"https:\/\/www.cruillaconcerts.cat\/es\/#website"},"primaryImageOfPage":{"@id":"https:\/\/www.cruillaconcerts.cat\/es\/artists\/myriam-swanson-jordi-mena\/#primaryimage"},"image":{"@id":"https:\/\/www.cruillaconcerts.cat\/es\/artists\/myriam-swanson-jordi-mena\/#primaryimage"},"thumbnailUrl":"https:\/\/www.cruillaconcerts.cat\/wp-content\/uploads\/2024\/07\/image0-1.jpeg","datePublished":"2024-07-23T09:55:20+00:00","dateModified":"2024-10-07T08:16:11+00:00","description":"¡Ven a disfrutar del concierto de Myriam Swanson & Jordi Mena el 5 de octubre en L'Aldea, dentro de la programación del Cruïlla Delta del Ebre!","breadcrumb":{"@id":"https:\/\/www.cruillaconcerts.cat\/es\/artists\/myriam-swanson-jordi-mena\/#breadcrumb"},"inLanguage":"es","potentialAction":[{"@type":"ReadAction","target":["https:\/\/www.cruillaconcerts.cat\/es\/artists\/myriam-swanson-jordi-mena\/"]}]},{"@type":"ImageObject","inLanguage":"es","@id":"https:\/\/www.cruillaconcerts.cat\/es\/artists\/myriam-swanson-jordi-mena\/#primaryimage","url":"https:\/\/www.cruillaconcerts.cat\/wp-content\/uploads\/2024\/07\/image0-1.jpeg","contentUrl":"https:\/\/www.cruillaconcerts.cat\/wp-content\/uploads\/2024\/07\/image0-1.jpeg","width":1000,"height":1000},{"@type":"BreadcrumbList","@id":"https:\/\/www.cruillaconcerts.cat\/es\/artists\/myriam-swanson-jordi-mena\/#breadcrumb","itemListElement":[{"@type":"ListItem","position":1,"name":"Home","item":"https:\/\/www.cruillaconcerts.cat\/es\/"},{"@type":"ListItem","position":2,"name":"Myriam Swanson &#038; Jordi Mena"}]},{"@type":"WebSite","@id":"https:\/\/www.cruillaconcerts.cat\/es\/#website","url":"https:\/\/www.cruillaconcerts.cat\/es\/","name":"Cruïlla Concerts","description":"","potentialAction":[{"@type":"SearchAction","target":{"@type":"EntryPoint","urlTemplate":"https:\/\/www.cruillaconcerts.cat\/es\/?s={search_term_string}"},"query-input":{"@type":"PropertyValueSpecification","valueRequired":true,"valueName":"search_term_string"}}],"inLanguage":"es"}]}</script>
<!-- / Yoast SEO plugin. -->

¡Myriam Swanson & Jordi Mena en concierto en el Cruïlla Delta del Ebre!

¡Ven a disfrutar del concierto de Myriam Swanson & Jordi Mena el 5 de octubre en L'Aldea, dentro de la programación del Cruïlla Delta del Ebre!

Cruïlla Concerts
