{"id":6621,"date":"2024-07-23T09:55:20","date_gmt":"2024-07-23T09:55:20","guid":{"rendered":"https:\/\/www.cruillaconcerts.cat\/?post_type=artists&#038;p=6621"},"modified":"2024-10-07T08:17:32","modified_gmt":"2024-10-07T08:17:32","slug":"pepet-i-marieta","status":"publish","type":"artists","link":"https:\/\/www.cruillaconcerts.cat\/es\/artists\/pepet-i-marieta\/","title":{"rendered":"Pepet i Marieta"},"content":{"rendered":"<h2>\u00a1PEPET I MARIETA EN CONCIERTO EN EL CRU\u00cfLLA DELTA DE L&#8217;EBRE!<\/h2>\n<h3>LA FUERZA DEL EBRO<\/h3>\n<p>Seguramente ser\u00eda dif\u00edcil encontrar una banda m\u00e1s <strong>arraigada en el territorio<\/strong> con su trayectoria: desde que nacieron en el 2003 en Ulldecona, este grupo del Montsi\u00e0 ha llevado por bandera las reivindicaciones de su <strong>paisaje natal<\/strong> all\u00e1 donde ha ido, no s\u00f3lo con su publicaci\u00f3n en el 2019 de \u00abLa For\u00e7a de l&#8217;Ebre\u00bb, el himno de los 18 a\u00f1os de la Plataforma en Defensa de l&#8217;Ebre, sino, por ejemplo, llevando el dialecto ebrense hasta el mainstream catal\u00e1n.<\/p>\n<p><strong>Pepet i Marieta<\/strong> llevan 9 discos, m\u00e1s de 2500 conciertos y 21 a\u00f1os sobre los escenarios y el pr\u00f3ximo s\u00e1bado <strong>5 de octubre<\/strong> \u00a1tendremos el placer de disfrutarlos en su casa, en el <strong>Cru\u00eflla Delta de l&#8217;Ebre<\/strong>!<\/p>\n<hr \/>\n<p style=\"text-align: center;\"><strong><em>\u00a1Concierto Gratuito! Consulta el resto de programaci\u00f3n del Cru\u00eflla Delta del Ebre:<\/em><\/strong><\/p>\n<p style=\"text-align: center;\"><a class=\"efsbutton button \" target=\"_blank\">PROGRAMACI\u00d3N<\/a><\/p>\n<hr \/>\n<p>\u00abMe moles\u00bb, \u00abTinc una cita\u00bb o \u00abCorre l&#8217;estiu\u00bb son tres de los grandes \u00e9xitos de este grupo que se uni\u00f3 en 2003 para hacer llegar la <strong>fiesta en forma de iron\u00eda <\/strong>y<strong> hits bailables<\/strong> en todas partes. Actualmente, para celebrar sus m\u00e1s de dos d\u00e9cadas de trayectoria, han preparado un show que repasa a todos sus cl\u00e1sicos a base de medleys con su nuevo material.<\/p>\n<p>\u00a1Prep\u00e1rate para vivir una <strong>farra inesperada<\/strong> cargada de adrenalina, juegos, sorpresas y conexi\u00f3n con el p\u00fablico en la <strong>Torre de Camarles<\/strong> el pr\u00f3ximo 5 de octubre con Pepet i Marieta!<\/p>\n<!-- auto-added video if acf\/single-artist-video not used  --> <iframe style=\"width: 100%;max-width: 100%;height: auto;aspect-ratio: 16 \/ 9;\" src=\"https:\/\/www.youtube-nocookie.com\/embed\/UkwIyD5fjnk\" frameborder=\"0\" allow=\"accelerometer; autoplay; encrypted-media; gyroscope; picture-in-picture\" allowfullscreen><\/iframe>","protected":false},"featured_media":6823,"parent":0,"template":"","meta":{"_acf_changed":false},"artists_edition":[89],"class_list":["post-6621","artists","type-artists","status-publish","has-post-thumbnail","hentry","artists_location-camarles","artists_edition-cruilla-delta-ebre-2024"],"acf":{"_thumbnail_id":6823,"youtube_player":"UkwIyD5fjnk","artist_edition":[89],"artist_date":"20241005","artist_time":"13:15","artist_time_2":"","artist_location":[93],"artist_ticket_url":"","artist_ticket_status":"","artist_extra_date__show":false,"artist_extra_date_2":null,"artist_time_of_date2":"","artist_extra_date_3":null,"artist_time_of_date3":"","artist_extra_date_4":null,"artist_time_of_date4":"","artist_extra_date_5":null,"artist_time_of_date5":"","artist_date__show_month":true,"artist_sidebar_active":true,"show_in_agenda":false,"artist_sidebar__banner_img":"","artist_sidebar__banner_link":"","artist_hero_content":"Cru\u00eflla Delta de l'Ebre","artist_style":false,"artist_nationality":false,"artist_audience_age":false},"yoast_head":"<!-- This site is optimized with the Yoast SEO plugin v27.5 - https:\/\/yoast.com\/product\/yoast-seo-wordpress\/ -->\n<title>\u00a1Pepet i Marieta en concierto en el Cru\u00eflla Delta del Ebre!<\/title>\n<meta name=\"description\" content=\"\u00a1Ven a disfrutar del concierto de Pepet i Marieta el 5 de octubre en Camarles, dentro de la programaci\u00f3n del Cru\u00eflla Delta del Ebre!\" \/>\n<meta name=\"robots\" content=\"index, follow, max-snippet:-1, max-image-preview:large, max-video-preview:-1\" \/>\n<link rel=\"canonical\" href=\"https:\/\/www.cruillaconcerts.cat\/es\/artists\/pepet-i-marieta\/\" \/>\n<meta property=\"og:locale\" content=\"es_ES\" \/>\n<meta property=\"og:type\" content=\"article\" \/>\n<meta property=\"og:title\" content=\"\u00a1Pepet i Marieta en concierto en el Cru\u00eflla Delta del Ebre!\" \/>\n<meta property=\"og:description\" content=\"\u00a1Ven a disfrutar del concierto de Pepet i Marieta el 5 de octubre en Camarles, dentro de la programaci\u00f3n del Cru\u00eflla Delta del Ebre!\" \/>\n<meta property=\"og:url\" content=\"https:\/\/www.cruillaconcerts.cat\/es\/artists\/pepet-i-marieta\/\" \/>\n<meta property=\"og:site_name\" content=\"Cru\u00eflla Concerts\" \/>\n<meta property=\"article:modified_time\" content=\"2024-10-07T08:17:32+00:00\" \/>\n<meta property=\"og:image\" content=\"https:\/\/www.cruillaconcerts.cat\/wp-content\/uploads\/2024\/07\/DSC_8101-1.jpg\" \/>\n\t<meta property=\"og:image:width\" content=\"1000\" \/>\n\t<meta property=\"og:image:height\" content=\"1000\" \/>\n\t<meta property=\"og:image:type\" content=\"image\/jpeg\" \/>\n<meta name=\"twitter:card\" content=\"summary_large_image\" \/>\n<meta name=\"twitter:label1\" content=\"Tiempo de lectura\" \/>\n\t<meta name=\"twitter:data1\" content=\"2 minutos\" \/>\n<script type=\"application\/ld+json\" class=\"yoast-schema-graph\">{\"@context\":\"https:\\\/\\\/schema.org\",\"@graph\":[{\"@type\":\"WebPage\",\"@id\":\"https:\\\/\\\/www.cruillaconcerts.cat\\\/es\\\/artists\\\/pepet-i-marieta\\\/\",\"url\":\"https:\\\/\\\/www.cruillaconcerts.cat\\\/es\\\/artists\\\/pepet-i-marieta\\\/\",\"name\":\"\u00a1Pepet i Marieta en concierto en el Cru\u00eflla Delta del Ebre!\",\"isPartOf\":{\"@id\":\"https:\\\/\\\/www.cruillaconcerts.cat\\\/es\\\/#website\"},\"primaryImageOfPage\":{\"@id\":\"https:\\\/\\\/www.cruillaconcerts.cat\\\/es\\\/artists\\\/pepet-i-marieta\\\/#primaryimage\"},\"image\":{\"@id\":\"https:\\\/\\\/www.cruillaconcerts.cat\\\/es\\\/artists\\\/pepet-i-marieta\\\/#primaryimage\"},\"thumbnailUrl\":\"https:\\\/\\\/www.cruillaconcerts.cat\\\/wp-content\\\/uploads\\\/2024\\\/07\\\/DSC_8101-1.jpg\",\"datePublished\":\"2024-07-23T09:55:20+00:00\",\"dateModified\":\"2024-10-07T08:17:32+00:00\",\"description\":\"\u00a1Ven a disfrutar del concierto de Pepet i Marieta el 5 de octubre en Camarles, dentro de la programaci\u00f3n del Cru\u00eflla Delta del Ebre!\",\"breadcrumb\":{\"@id\":\"https:\\\/\\\/www.cruillaconcerts.cat\\\/es\\\/artists\\\/pepet-i-marieta\\\/#breadcrumb\"},\"inLanguage\":\"es\",\"potentialAction\":[{\"@type\":\"ReadAction\",\"target\":[\"https:\\\/\\\/www.cruillaconcerts.cat\\\/es\\\/artists\\\/pepet-i-marieta\\\/\"]}]},{\"@type\":\"ImageObject\",\"inLanguage\":\"es\",\"@id\":\"https:\\\/\\\/www.cruillaconcerts.cat\\\/es\\\/artists\\\/pepet-i-marieta\\\/#primaryimage\",\"url\":\"https:\\\/\\\/www.cruillaconcerts.cat\\\/wp-content\\\/uploads\\\/2024\\\/07\\\/DSC_8101-1.jpg\",\"contentUrl\":\"https:\\\/\\\/www.cruillaconcerts.cat\\\/wp-content\\\/uploads\\\/2024\\\/07\\\/DSC_8101-1.jpg\",\"width\":1000,\"height\":1000},{\"@type\":\"BreadcrumbList\",\"@id\":\"https:\\\/\\\/www.cruillaconcerts.cat\\\/es\\\/artists\\\/pepet-i-marieta\\\/#breadcrumb\",\"itemListElement\":[{\"@type\":\"ListItem\",\"position\":1,\"name\":\"Home\",\"item\":\"https:\\\/\\\/www.cruillaconcerts.cat\\\/es\\\/\"},{\"@type\":\"ListItem\",\"position\":2,\"name\":\"Pepet i Marieta\"}]},{\"@type\":\"WebSite\",\"@id\":\"https:\\\/\\\/www.cruillaconcerts.cat\\\/es\\\/#website\",\"url\":\"https:\\\/\\\/www.cruillaconcerts.cat\\\/es\\\/\",\"name\":\"Cru\u00eflla Concerts\",\"description\":\"\",\"potentialAction\":[{\"@type\":\"SearchAction\",\"target\":{\"@type\":\"EntryPoint\",\"urlTemplate\":\"https:\\\/\\\/www.cruillaconcerts.cat\\\/es\\\/?s={search_term_string}\"},\"query-input\":{\"@type\":\"PropertyValueSpecification\",\"valueRequired\":true,\"valueName\":\"search_term_string\"}}],\"inLanguage\":\"es\"}]}<\/script>\n<!-- \/ Yoast SEO plugin. -->","yoast_head_json":{"title":"\u00a1Pepet i Marieta en concierto en el Cru\u00eflla Delta del Ebre!","description":"\u00a1Ven a disfrutar del concierto de Pepet i Marieta el 5 de octubre en Camarles, dentro de la programaci\u00f3n del Cru\u00eflla Delta del Ebre!","robots":{"index":"index","follow":"follow","max-snippet":"max-snippet:-1","max-image-preview":"max-image-preview:large","max-video-preview":"max-video-preview:-1"},"canonical":"https:\/\/www.cruillaconcerts.cat\/es\/artists\/pepet-i-marieta\/","og_locale":"es_ES","og_type":"article","og_title":"\u00a1Pepet i Marieta en concierto en el Cru\u00eflla Delta del Ebre!","og_description":"\u00a1Ven a disfrutar del concierto de Pepet i Marieta el 5 de octubre en Camarles, dentro de la programaci\u00f3n del Cru\u00eflla Delta del Ebre!","og_url":"https:\/\/www.cruillaconcerts.cat\/es\/artists\/pepet-i-marieta\/","og_site_name":"Cru\u00eflla Concerts","article_modified_time":"2024-10-07T08:17:32+00:00","og_image":[{"width":1000,"height":1000,"url":"https:\/\/www.cruillaconcerts.cat\/wp-content\/uploads\/2024\/07\/DSC_8101-1.jpg","type":"image\/jpeg"}],"twitter_card":"summary_large_image","twitter_misc":{"Tiempo de lectura":"2 minutos"},"schema":{"@context":"https:\/\/schema.org","@graph":[{"@type":"WebPage","@id":"https:\/\/www.cruillaconcerts.cat\/es\/artists\/pepet-i-marieta\/","url":"https:\/\/www.cruillaconcerts.cat\/es\/artists\/pepet-i-marieta\/","name":"\u00a1Pepet i Marieta en concierto en el Cru\u00eflla Delta del Ebre!","isPartOf":{"@id":"https:\/\/www.cruillaconcerts.cat\/es\/#website"},"primaryImageOfPage":{"@id":"https:\/\/www.cruillaconcerts.cat\/es\/artists\/pepet-i-marieta\/#primaryimage"},"image":{"@id":"https:\/\/www.cruillaconcerts.cat\/es\/artists\/pepet-i-marieta\/#primaryimage"},"thumbnailUrl":"https:\/\/www.cruillaconcerts.cat\/wp-content\/uploads\/2024\/07\/DSC_8101-1.jpg","datePublished":"2024-07-23T09:55:20+00:00","dateModified":"2024-10-07T08:17:32+00:00","description":"\u00a1Ven a disfrutar del concierto de Pepet i Marieta el 5 de octubre en Camarles, dentro de la programaci\u00f3n del Cru\u00eflla Delta del Ebre!","breadcrumb":{"@id":"https:\/\/www.cruillaconcerts.cat\/es\/artists\/pepet-i-marieta\/#breadcrumb"},"inLanguage":"es","potentialAction":[{"@type":"ReadAction","target":["https:\/\/www.cruillaconcerts.cat\/es\/artists\/pepet-i-marieta\/"]}]},{"@type":"ImageObject","inLanguage":"es","@id":"https:\/\/www.cruillaconcerts.cat\/es\/artists\/pepet-i-marieta\/#primaryimage","url":"https:\/\/www.cruillaconcerts.cat\/wp-content\/uploads\/2024\/07\/DSC_8101-1.jpg","contentUrl":"https:\/\/www.cruillaconcerts.cat\/wp-content\/uploads\/2024\/07\/DSC_8101-1.jpg","width":1000,"height":1000},{"@type":"BreadcrumbList","@id":"https:\/\/www.cruillaconcerts.cat\/es\/artists\/pepet-i-marieta\/#breadcrumb","itemListElement":[{"@type":"ListItem","position":1,"name":"Home","item":"https:\/\/www.cruillaconcerts.cat\/es\/"},{"@type":"ListItem","position":2,"name":"Pepet i Marieta"}]},{"@type":"WebSite","@id":"https:\/\/www.cruillaconcerts.cat\/es\/#website","url":"https:\/\/www.cruillaconcerts.cat\/es\/","name":"Cru\u00eflla Concerts","description":"","potentialAction":[{"@type":"SearchAction","target":{"@type":"EntryPoint","urlTemplate":"https:\/\/www.cruillaconcerts.cat\/es\/?s={search_term_string}"},"query-input":{"@type":"PropertyValueSpecification","valueRequired":true,"valueName":"search_term_string"}}],"inLanguage":"es"}]}},"_links":{"self":[{"href":"https:\/\/www.cruillaconcerts.cat\/es\/wp-json\/wp\/v2\/artists\/6621","targetHints":{"allow":["GET"]}}],"collection":[{"href":"https:\/\/www.cruillaconcerts.cat\/es\/wp-json\/wp\/v2\/artists"}],"about":[{"href":"https:\/\/www.cruillaconcerts.cat\/es\/wp-json\/wp\/v2\/types\/artists"}],"acf:term":[{"embeddable":true,"taxonomy":"artists_location","href":"https:\/\/www.cruillaconcerts.cat\/es\/wp-json\/wp\/v2\/artists_location\/93"},{"embeddable":true,"taxonomy":"artists_edition","href":"https:\/\/www.cruillaconcerts.cat\/es\/wp-json\/wp\/v2\/artists_edition\/89"}],"wp:featuredmedia":[{"embeddable":true,"href":"https:\/\/www.cruillaconcerts.cat\/es\/wp-json\/wp\/v2\/media\/6823"}],"wp:attachment":[{"href":"https:\/\/www.cruillaconcerts.cat\/es\/wp-json\/wp\/v2\/media?parent=6621"}],"wp:term":[{"taxonomy":"artists_edition","embeddable":true,"href":"https:\/\/www.cruillaconcerts.cat\/es\/wp-json\/wp\/v2\/artists_edition?post=6621"}],"curies":[{"name":"wp","href":"https:\/\/api.w.org\/{rel}","templated":true}]}}

<h2>¡PEPET I MARIETA EN CONCIERTO EN EL CRUÏLLA DELTA DE L&#8217;EBRE!</h2>
<h3>LA FUERZA DEL EBRO</h3>
<p>Seguramente sería difícil encontrar una banda más <strong>arraigada en el territorio</strong> con su trayectoria: desde que nacieron en el 2003 en Ulldecona, este grupo del Montsià ha llevado por bandera las reivindicaciones de su <strong>paisaje natal</strong> allá donde ha ido, no sólo con su publicación en el 2019 de «La Força de l&#8217;Ebre», el himno de los 18 años de la Plataforma en Defensa de l&#8217;Ebre, sino, por ejemplo, llevando el dialecto ebrense hasta el mainstream catalán.</p>
<p><strong>Pepet i Marieta</strong> llevan 9 discos, más de 2500 conciertos y 21 años sobre los escenarios y el próximo sábado <strong>5 de octubre</strong> ¡tendremos el placer de disfrutarlos en su casa, en el <strong>Cruïlla Delta de l&#8217;Ebre</strong>!</p>
<hr />
<p style="text-align: center;"><strong><em>¡Concierto Gratuito! Consulta el resto de programación del Cruïlla Delta del Ebre:</em></strong></p>
<p style="text-align: center;"><a class="efsbutton button " target="_blank">PROGRAMACIÓN</a></p>
<hr />
<p>«Me moles», «Tinc una cita» o «Corre l&#8217;estiu» son tres de los grandes éxitos de este grupo que se unió en 2003 para hacer llegar la <strong>fiesta en forma de ironía </strong>y<strong> hits bailables</strong> en todas partes. Actualmente, para celebrar sus más de dos décadas de trayectoria, han preparado un show que repasa a todos sus clásicos a base de medleys con su nuevo material.</p>
<p>¡Prepárate para vivir una <strong>farra inesperada</strong> cargada de adrenalina, juegos, sorpresas y conexión con el público en la <strong>Torre de Camarles</strong> el próximo 5 de octubre con Pepet i Marieta!</p>
<!-- auto-added video if acf/single-artist-video not used  --> <iframe style="width: 100%;max-width: 100%;height: auto;aspect-ratio: 16 / 9;" src="https://www.youtube-nocookie.com/embed/UkwIyD5fjnk" frameborder="0" allow="accelerometer; autoplay; encrypted-media; gyroscope; picture-in-picture" allowfullscreen></iframe>

Cruïlla Delta de l'Ebre

<!-- This site is optimized with the Yoast SEO plugin v27.5 - https://yoast.com/product/yoast-seo-wordpress/ -->
<title>¡Pepet i Marieta en concierto en el Cruïlla Delta del Ebre!</title>
<meta name="description" content="¡Ven a disfrutar del concierto de Pepet i Marieta el 5 de octubre en Camarles, dentro de la programación del Cruïlla Delta del Ebre!" />
<meta name="robots" content="index, follow, max-snippet:-1, max-image-preview:large, max-video-preview:-1" />
<link rel="canonical" href="https://www.cruillaconcerts.cat/es/artists/pepet-i-marieta/" />
<meta property="og:locale" content="es_ES" />
<meta property="og:type" content="article" />
<meta property="og:title" content="¡Pepet i Marieta en concierto en el Cruïlla Delta del Ebre!" />
<meta property="og:description" content="¡Ven a disfrutar del concierto de Pepet i Marieta el 5 de octubre en Camarles, dentro de la programación del Cruïlla Delta del Ebre!" />
<meta property="og:url" content="https://www.cruillaconcerts.cat/es/artists/pepet-i-marieta/" />
<meta property="og:site_name" content="Cruïlla Concerts" />
<meta property="article:modified_time" content="2024-10-07T08:17:32+00:00" />
<meta property="og:image" content="https://www.cruillaconcerts.cat/wp-content/uploads/2024/07/DSC_8101-1.jpg" />
	<meta property="og:image:width" content="1000" />
	<meta property="og:image:height" content="1000" />
	<meta property="og:image:type" content="image/jpeg" />
<meta name="twitter:card" content="summary_large_image" />
<meta name="twitter:label1" content="Tiempo de lectura" />
	<meta name="twitter:data1" content="2 minutos" />
<script type="application/ld+json" class="yoast-schema-graph">{"@context":"https:\/\/schema.org","@graph":[{"@type":"WebPage","@id":"https:\/\/www.cruillaconcerts.cat\/es\/artists\/pepet-i-marieta\/","url":"https:\/\/www.cruillaconcerts.cat\/es\/artists\/pepet-i-marieta\/","name":"¡Pepet i Marieta en concierto en el Cruïlla Delta del Ebre!","isPartOf":{"@id":"https:\/\/www.cruillaconcerts.cat\/es\/#website"},"primaryImageOfPage":{"@id":"https:\/\/www.cruillaconcerts.cat\/es\/artists\/pepet-i-marieta\/#primaryimage"},"image":{"@id":"https:\/\/www.cruillaconcerts.cat\/es\/artists\/pepet-i-marieta\/#primaryimage"},"thumbnailUrl":"https:\/\/www.cruillaconcerts.cat\/wp-content\/uploads\/2024\/07\/DSC_8101-1.jpg","datePublished":"2024-07-23T09:55:20+00:00","dateModified":"2024-10-07T08:17:32+00:00","description":"¡Ven a disfrutar del concierto de Pepet i Marieta el 5 de octubre en Camarles, dentro de la programación del Cruïlla Delta del Ebre!","breadcrumb":{"@id":"https:\/\/www.cruillaconcerts.cat\/es\/artists\/pepet-i-marieta\/#breadcrumb"},"inLanguage":"es","potentialAction":[{"@type":"ReadAction","target":["https:\/\/www.cruillaconcerts.cat\/es\/artists\/pepet-i-marieta\/"]}]},{"@type":"ImageObject","inLanguage":"es","@id":"https:\/\/www.cruillaconcerts.cat\/es\/artists\/pepet-i-marieta\/#primaryimage","url":"https:\/\/www.cruillaconcerts.cat\/wp-content\/uploads\/2024\/07\/DSC_8101-1.jpg","contentUrl":"https:\/\/www.cruillaconcerts.cat\/wp-content\/uploads\/2024\/07\/DSC_8101-1.jpg","width":1000,"height":1000},{"@type":"BreadcrumbList","@id":"https:\/\/www.cruillaconcerts.cat\/es\/artists\/pepet-i-marieta\/#breadcrumb","itemListElement":[{"@type":"ListItem","position":1,"name":"Home","item":"https:\/\/www.cruillaconcerts.cat\/es\/"},{"@type":"ListItem","position":2,"name":"Pepet i Marieta"}]},{"@type":"WebSite","@id":"https:\/\/www.cruillaconcerts.cat\/es\/#website","url":"https:\/\/www.cruillaconcerts.cat\/es\/","name":"Cruïlla Concerts","description":"","potentialAction":[{"@type":"SearchAction","target":{"@type":"EntryPoint","urlTemplate":"https:\/\/www.cruillaconcerts.cat\/es\/?s={search_term_string}"},"query-input":{"@type":"PropertyValueSpecification","valueRequired":true,"valueName":"search_term_string"}}],"inLanguage":"es"}]}</script>
<!-- / Yoast SEO plugin. -->

¡Pepet i Marieta en concierto en el Cruïlla Delta del Ebre!

¡Ven a disfrutar del concierto de Pepet i Marieta el 5 de octubre en Camarles, dentro de la programación del Cruïlla Delta del Ebre!

Cruïlla Concerts
