{"id":6622,"date":"2024-07-23T09:55:19","date_gmt":"2024-07-23T09:55:19","guid":{"rendered":"https:\/\/www.cruillaconcerts.cat\/?post_type=artists&#038;p=6622"},"modified":"2024-10-07T08:17:38","modified_gmt":"2024-10-07T08:17:38","slug":"river-omelet","status":"publish","type":"artists","link":"https:\/\/www.cruillaconcerts.cat\/es\/artists\/river-omelet\/","title":{"rendered":"River Omelet"},"content":{"rendered":"<h2>\u00a1RIVER OMELET EN CONCIERTO EN EL\u00a0CRU\u00cfLLA DELTA DE L&#8217;EBRE!<\/h2>\n<h3>ARMON\u00cdAS FANT\u00c1STICAS<\/h3>\n<p>Suenan melod\u00edas indie-pop en una terraza del barrio de Gr\u00e0cia, acompa\u00f1adas por sacas voces en perfecta armon\u00eda. Guitarras, panderetas e incluso un viol\u00edn. Ritmos alegres o partituras nost\u00e1lgicas. Estamos delante de River Omelet.<\/p>\n<p>Este tr\u00edo de m\u00fasica folk ha conseguido que su m\u00fasica de ra\u00edces populares anglosajonas con pinceladas indie-pop y la armon\u00eda de sus tres voces sean inconfundibles y un sello propio.Y el pr\u00f3ximo s\u00e1bado 5 de octubre, su estilo te\u00f1ir\u00e1 el paisaje de Sant Jaume d&#8217;Enveja en su concierto en la Pla\u00e7a de la Vila en el Cru\u00eflla Delta de l&#8217;Ebre!<\/p>\n<hr \/>\n<p style=\"text-align: center;\"><strong><em>\u00a1Concierto Gratuito! Consulta el resto de programaci\u00f3n del Cru\u00eflla Delta del Ebre:<\/em><\/strong><\/p>\n<p style=\"text-align: center;\"><a class=\"efsbutton button \" target=\"_blank\">PROGRAMACI\u00d3N<\/a><\/p>\n<hr \/>\n<p>Sus canciones retratan escenas costumbristas que a menudo se dan la mano con elementos fant\u00e1sticos y se nos llevan a un viaje mel\u00f3dico y emocionante.<\/p>\n<p>En 2023 publicaban un nuevo EP bajo el nombre de &#8216;The bad things we did right&#8217;. Un trabajo que explotaba su faceta m\u00e1s rock, con una base instrumental especialmente potente y en\u00e9rgica.Y este\u00a02024, preparan un nuevo disco donde por primera vez habr\u00e1 canciones en catal\u00e1n \u00a1y que podremos escuchar casi en primicia en el Delta del Ebro!<\/p>\n<!-- auto-added video if acf\/single-artist-video not used  --> <iframe style=\"width: 100%;max-width: 100%;height: auto;aspect-ratio: 16 \/ 9;\" src=\"https:\/\/www.youtube-nocookie.com\/embed\/DWzNY6ENvns\" frameborder=\"0\" allow=\"accelerometer; autoplay; encrypted-media; gyroscope; picture-in-picture\" allowfullscreen><\/iframe>","protected":false},"featured_media":6612,"parent":0,"template":"","meta":{"_acf_changed":false},"artists_edition":[89],"class_list":["post-6622","artists","type-artists","status-publish","has-post-thumbnail","hentry","artists_location-sant-jaume-d-enveja","artists_edition-cruilla-delta-ebre-2024"],"acf":{"_thumbnail_id":6612,"youtube_player":"DWzNY6ENvns","artist_edition":[89],"artist_date":"20241005","artist_time":"13:15","artist_time_2":"","artist_location":[94],"artist_ticket_url":"","artist_ticket_status":"","artist_extra_date__show":false,"artist_extra_date_2":null,"artist_time_of_date2":"","artist_extra_date_3":null,"artist_time_of_date3":"","artist_extra_date_4":null,"artist_time_of_date4":"","artist_extra_date_5":null,"artist_time_of_date5":"","artist_date__show_month":true,"artist_sidebar_active":true,"show_in_agenda":false,"artist_sidebar__banner_img":"","artist_sidebar__banner_link":"","artist_hero_content":"Cru\u00eflla Delta de l'Ebre","artist_style":false,"artist_nationality":false,"artist_audience_age":false},"yoast_head":"<!-- This site is optimized with the Yoast SEO plugin v27.5 - https:\/\/yoast.com\/product\/yoast-seo-wordpress\/ -->\n<title>\u00a1River Omelet en concierto en el Cru\u00eflla Delta del Ebre!<\/title>\n<meta name=\"description\" content=\"\u00a1Ven a disfrutar del concierto de River Omelet el 5 de octubre en Sant Jaume d&#039;Enveja dentro de la programaci\u00f3n del Cru\u00eflla Delta del Ebre!\" \/>\n<meta name=\"robots\" content=\"index, follow, max-snippet:-1, max-image-preview:large, max-video-preview:-1\" \/>\n<link rel=\"canonical\" href=\"https:\/\/www.cruillaconcerts.cat\/es\/artists\/river-omelet\/\" \/>\n<meta property=\"og:locale\" content=\"es_ES\" \/>\n<meta property=\"og:type\" content=\"article\" \/>\n<meta property=\"og:title\" content=\"\u00a1River Omelet en concierto en el Cru\u00eflla Delta del Ebre!\" \/>\n<meta property=\"og:description\" content=\"\u00a1Ven a disfrutar del concierto de River Omelet el 5 de octubre en Sant Jaume d&#039;Enveja dentro de la programaci\u00f3n del Cru\u00eflla Delta del Ebre!\" \/>\n<meta property=\"og:url\" content=\"https:\/\/www.cruillaconcerts.cat\/es\/artists\/river-omelet\/\" \/>\n<meta property=\"og:site_name\" content=\"Cru\u00eflla Concerts\" \/>\n<meta property=\"article:modified_time\" content=\"2024-10-07T08:17:38+00:00\" \/>\n<meta property=\"og:image\" content=\"https:\/\/www.cruillaconcerts.cat\/wp-content\/uploads\/2024\/07\/4.-Foto-Promo-River-Omelet-2024-Marta-Mas-1-1-scaled.jpg\" \/>\n\t<meta property=\"og:image:width\" content=\"2560\" \/>\n\t<meta property=\"og:image:height\" content=\"2560\" \/>\n\t<meta property=\"og:image:type\" content=\"image\/jpeg\" \/>\n<meta name=\"twitter:card\" content=\"summary_large_image\" \/>\n<meta name=\"twitter:label1\" content=\"Tiempo de lectura\" \/>\n\t<meta name=\"twitter:data1\" content=\"2 minutos\" \/>\n<script type=\"application\/ld+json\" class=\"yoast-schema-graph\">{\"@context\":\"https:\\\/\\\/schema.org\",\"@graph\":[{\"@type\":\"WebPage\",\"@id\":\"https:\\\/\\\/www.cruillaconcerts.cat\\\/es\\\/artists\\\/river-omelet\\\/\",\"url\":\"https:\\\/\\\/www.cruillaconcerts.cat\\\/es\\\/artists\\\/river-omelet\\\/\",\"name\":\"\u00a1River Omelet en concierto en el Cru\u00eflla Delta del Ebre!\",\"isPartOf\":{\"@id\":\"https:\\\/\\\/www.cruillaconcerts.cat\\\/es\\\/#website\"},\"primaryImageOfPage\":{\"@id\":\"https:\\\/\\\/www.cruillaconcerts.cat\\\/es\\\/artists\\\/river-omelet\\\/#primaryimage\"},\"image\":{\"@id\":\"https:\\\/\\\/www.cruillaconcerts.cat\\\/es\\\/artists\\\/river-omelet\\\/#primaryimage\"},\"thumbnailUrl\":\"https:\\\/\\\/www.cruillaconcerts.cat\\\/wp-content\\\/uploads\\\/2024\\\/07\\\/4.-Foto-Promo-River-Omelet-2024-Marta-Mas-1-1-scaled.jpg\",\"datePublished\":\"2024-07-23T09:55:19+00:00\",\"dateModified\":\"2024-10-07T08:17:38+00:00\",\"description\":\"\u00a1Ven a disfrutar del concierto de River Omelet el 5 de octubre en Sant Jaume d'Enveja dentro de la programaci\u00f3n del Cru\u00eflla Delta del Ebre!\",\"breadcrumb\":{\"@id\":\"https:\\\/\\\/www.cruillaconcerts.cat\\\/es\\\/artists\\\/river-omelet\\\/#breadcrumb\"},\"inLanguage\":\"es\",\"potentialAction\":[{\"@type\":\"ReadAction\",\"target\":[\"https:\\\/\\\/www.cruillaconcerts.cat\\\/es\\\/artists\\\/river-omelet\\\/\"]}]},{\"@type\":\"ImageObject\",\"inLanguage\":\"es\",\"@id\":\"https:\\\/\\\/www.cruillaconcerts.cat\\\/es\\\/artists\\\/river-omelet\\\/#primaryimage\",\"url\":\"https:\\\/\\\/www.cruillaconcerts.cat\\\/wp-content\\\/uploads\\\/2024\\\/07\\\/4.-Foto-Promo-River-Omelet-2024-Marta-Mas-1-1-scaled.jpg\",\"contentUrl\":\"https:\\\/\\\/www.cruillaconcerts.cat\\\/wp-content\\\/uploads\\\/2024\\\/07\\\/4.-Foto-Promo-River-Omelet-2024-Marta-Mas-1-1-scaled.jpg\",\"width\":2560,\"height\":2560},{\"@type\":\"BreadcrumbList\",\"@id\":\"https:\\\/\\\/www.cruillaconcerts.cat\\\/es\\\/artists\\\/river-omelet\\\/#breadcrumb\",\"itemListElement\":[{\"@type\":\"ListItem\",\"position\":1,\"name\":\"Home\",\"item\":\"https:\\\/\\\/www.cruillaconcerts.cat\\\/es\\\/\"},{\"@type\":\"ListItem\",\"position\":2,\"name\":\"River Omelet\"}]},{\"@type\":\"WebSite\",\"@id\":\"https:\\\/\\\/www.cruillaconcerts.cat\\\/es\\\/#website\",\"url\":\"https:\\\/\\\/www.cruillaconcerts.cat\\\/es\\\/\",\"name\":\"Cru\u00eflla Concerts\",\"description\":\"\",\"potentialAction\":[{\"@type\":\"SearchAction\",\"target\":{\"@type\":\"EntryPoint\",\"urlTemplate\":\"https:\\\/\\\/www.cruillaconcerts.cat\\\/es\\\/?s={search_term_string}\"},\"query-input\":{\"@type\":\"PropertyValueSpecification\",\"valueRequired\":true,\"valueName\":\"search_term_string\"}}],\"inLanguage\":\"es\"}]}<\/script>\n<!-- \/ Yoast SEO plugin. -->","yoast_head_json":{"title":"\u00a1River Omelet en concierto en el Cru\u00eflla Delta del Ebre!","description":"\u00a1Ven a disfrutar del concierto de River Omelet el 5 de octubre en Sant Jaume d'Enveja dentro de la programaci\u00f3n del Cru\u00eflla Delta del Ebre!","robots":{"index":"index","follow":"follow","max-snippet":"max-snippet:-1","max-image-preview":"max-image-preview:large","max-video-preview":"max-video-preview:-1"},"canonical":"https:\/\/www.cruillaconcerts.cat\/es\/artists\/river-omelet\/","og_locale":"es_ES","og_type":"article","og_title":"\u00a1River Omelet en concierto en el Cru\u00eflla Delta del Ebre!","og_description":"\u00a1Ven a disfrutar del concierto de River Omelet el 5 de octubre en Sant Jaume d'Enveja dentro de la programaci\u00f3n del Cru\u00eflla Delta del Ebre!","og_url":"https:\/\/www.cruillaconcerts.cat\/es\/artists\/river-omelet\/","og_site_name":"Cru\u00eflla Concerts","article_modified_time":"2024-10-07T08:17:38+00:00","og_image":[{"width":2560,"height":2560,"url":"https:\/\/www.cruillaconcerts.cat\/wp-content\/uploads\/2024\/07\/4.-Foto-Promo-River-Omelet-2024-Marta-Mas-1-1-scaled.jpg","type":"image\/jpeg"}],"twitter_card":"summary_large_image","twitter_misc":{"Tiempo de lectura":"2 minutos"},"schema":{"@context":"https:\/\/schema.org","@graph":[{"@type":"WebPage","@id":"https:\/\/www.cruillaconcerts.cat\/es\/artists\/river-omelet\/","url":"https:\/\/www.cruillaconcerts.cat\/es\/artists\/river-omelet\/","name":"\u00a1River Omelet en concierto en el Cru\u00eflla Delta del Ebre!","isPartOf":{"@id":"https:\/\/www.cruillaconcerts.cat\/es\/#website"},"primaryImageOfPage":{"@id":"https:\/\/www.cruillaconcerts.cat\/es\/artists\/river-omelet\/#primaryimage"},"image":{"@id":"https:\/\/www.cruillaconcerts.cat\/es\/artists\/river-omelet\/#primaryimage"},"thumbnailUrl":"https:\/\/www.cruillaconcerts.cat\/wp-content\/uploads\/2024\/07\/4.-Foto-Promo-River-Omelet-2024-Marta-Mas-1-1-scaled.jpg","datePublished":"2024-07-23T09:55:19+00:00","dateModified":"2024-10-07T08:17:38+00:00","description":"\u00a1Ven a disfrutar del concierto de River Omelet el 5 de octubre en Sant Jaume d'Enveja dentro de la programaci\u00f3n del Cru\u00eflla Delta del Ebre!","breadcrumb":{"@id":"https:\/\/www.cruillaconcerts.cat\/es\/artists\/river-omelet\/#breadcrumb"},"inLanguage":"es","potentialAction":[{"@type":"ReadAction","target":["https:\/\/www.cruillaconcerts.cat\/es\/artists\/river-omelet\/"]}]},{"@type":"ImageObject","inLanguage":"es","@id":"https:\/\/www.cruillaconcerts.cat\/es\/artists\/river-omelet\/#primaryimage","url":"https:\/\/www.cruillaconcerts.cat\/wp-content\/uploads\/2024\/07\/4.-Foto-Promo-River-Omelet-2024-Marta-Mas-1-1-scaled.jpg","contentUrl":"https:\/\/www.cruillaconcerts.cat\/wp-content\/uploads\/2024\/07\/4.-Foto-Promo-River-Omelet-2024-Marta-Mas-1-1-scaled.jpg","width":2560,"height":2560},{"@type":"BreadcrumbList","@id":"https:\/\/www.cruillaconcerts.cat\/es\/artists\/river-omelet\/#breadcrumb","itemListElement":[{"@type":"ListItem","position":1,"name":"Home","item":"https:\/\/www.cruillaconcerts.cat\/es\/"},{"@type":"ListItem","position":2,"name":"River Omelet"}]},{"@type":"WebSite","@id":"https:\/\/www.cruillaconcerts.cat\/es\/#website","url":"https:\/\/www.cruillaconcerts.cat\/es\/","name":"Cru\u00eflla Concerts","description":"","potentialAction":[{"@type":"SearchAction","target":{"@type":"EntryPoint","urlTemplate":"https:\/\/www.cruillaconcerts.cat\/es\/?s={search_term_string}"},"query-input":{"@type":"PropertyValueSpecification","valueRequired":true,"valueName":"search_term_string"}}],"inLanguage":"es"}]}},"_links":{"self":[{"href":"https:\/\/www.cruillaconcerts.cat\/es\/wp-json\/wp\/v2\/artists\/6622","targetHints":{"allow":["GET"]}}],"collection":[{"href":"https:\/\/www.cruillaconcerts.cat\/es\/wp-json\/wp\/v2\/artists"}],"about":[{"href":"https:\/\/www.cruillaconcerts.cat\/es\/wp-json\/wp\/v2\/types\/artists"}],"acf:term":[{"embeddable":true,"taxonomy":"artists_location","href":"https:\/\/www.cruillaconcerts.cat\/es\/wp-json\/wp\/v2\/artists_location\/94"},{"embeddable":true,"taxonomy":"artists_edition","href":"https:\/\/www.cruillaconcerts.cat\/es\/wp-json\/wp\/v2\/artists_edition\/89"}],"wp:featuredmedia":[{"embeddable":true,"href":"https:\/\/www.cruillaconcerts.cat\/es\/wp-json\/wp\/v2\/media\/6612"}],"wp:attachment":[{"href":"https:\/\/www.cruillaconcerts.cat\/es\/wp-json\/wp\/v2\/media?parent=6622"}],"wp:term":[{"taxonomy":"artists_edition","embeddable":true,"href":"https:\/\/www.cruillaconcerts.cat\/es\/wp-json\/wp\/v2\/artists_edition?post=6622"}],"curies":[{"name":"wp","href":"https:\/\/api.w.org\/{rel}","templated":true}]}}

<h2>¡RIVER OMELET EN CONCIERTO EN EL CRUÏLLA DELTA DE L&#8217;EBRE!</h2>
<h3>ARMONÍAS FANTÁSTICAS</h3>
<p>Suenan melodías indie-pop en una terraza del barrio de Gràcia, acompañadas por sacas voces en perfecta armonía. Guitarras, panderetas e incluso un violín. Ritmos alegres o partituras nostálgicas. Estamos delante de River Omelet.</p>
<p>Este trío de música folk ha conseguido que su música de raíces populares anglosajonas con pinceladas indie-pop y la armonía de sus tres voces sean inconfundibles y un sello propio.Y el próximo sábado 5 de octubre, su estilo teñirá el paisaje de Sant Jaume d&#8217;Enveja en su concierto en la Plaça de la Vila en el Cruïlla Delta de l&#8217;Ebre!</p>
<hr />
<p style="text-align: center;"><strong><em>¡Concierto Gratuito! Consulta el resto de programación del Cruïlla Delta del Ebre:</em></strong></p>
<p style="text-align: center;"><a class="efsbutton button " target="_blank">PROGRAMACIÓN</a></p>
<hr />
<p>Sus canciones retratan escenas costumbristas que a menudo se dan la mano con elementos fantásticos y se nos llevan a un viaje melódico y emocionante.</p>
<p>En 2023 publicaban un nuevo EP bajo el nombre de &#8216;The bad things we did right&#8217;. Un trabajo que explotaba su faceta más rock, con una base instrumental especialmente potente y enérgica.Y este 2024, preparan un nuevo disco donde por primera vez habrá canciones en catalán ¡y que podremos escuchar casi en primicia en el Delta del Ebro!</p>
<!-- auto-added video if acf/single-artist-video not used  --> <iframe style="width: 100%;max-width: 100%;height: auto;aspect-ratio: 16 / 9;" src="https://www.youtube-nocookie.com/embed/DWzNY6ENvns" frameborder="0" allow="accelerometer; autoplay; encrypted-media; gyroscope; picture-in-picture" allowfullscreen></iframe>

Cruïlla Delta de l'Ebre

<!-- This site is optimized with the Yoast SEO plugin v27.5 - https://yoast.com/product/yoast-seo-wordpress/ -->
<title>¡River Omelet en concierto en el Cruïlla Delta del Ebre!</title>
<meta name="description" content="¡Ven a disfrutar del concierto de River Omelet el 5 de octubre en Sant Jaume d&#039;Enveja dentro de la programación del Cruïlla Delta del Ebre!" />
<meta name="robots" content="index, follow, max-snippet:-1, max-image-preview:large, max-video-preview:-1" />
<link rel="canonical" href="https://www.cruillaconcerts.cat/es/artists/river-omelet/" />
<meta property="og:locale" content="es_ES" />
<meta property="og:type" content="article" />
<meta property="og:title" content="¡River Omelet en concierto en el Cruïlla Delta del Ebre!" />
<meta property="og:description" content="¡Ven a disfrutar del concierto de River Omelet el 5 de octubre en Sant Jaume d&#039;Enveja dentro de la programación del Cruïlla Delta del Ebre!" />
<meta property="og:url" content="https://www.cruillaconcerts.cat/es/artists/river-omelet/" />
<meta property="og:site_name" content="Cruïlla Concerts" />
<meta property="article:modified_time" content="2024-10-07T08:17:38+00:00" />
<meta property="og:image" content="https://www.cruillaconcerts.cat/wp-content/uploads/2024/07/4.-Foto-Promo-River-Omelet-2024-Marta-Mas-1-1-scaled.jpg" />
	<meta property="og:image:width" content="2560" />
	<meta property="og:image:height" content="2560" />
	<meta property="og:image:type" content="image/jpeg" />
<meta name="twitter:card" content="summary_large_image" />
<meta name="twitter:label1" content="Tiempo de lectura" />
	<meta name="twitter:data1" content="2 minutos" />
<script type="application/ld+json" class="yoast-schema-graph">{"@context":"https:\/\/schema.org","@graph":[{"@type":"WebPage","@id":"https:\/\/www.cruillaconcerts.cat\/es\/artists\/river-omelet\/","url":"https:\/\/www.cruillaconcerts.cat\/es\/artists\/river-omelet\/","name":"¡River Omelet en concierto en el Cruïlla Delta del Ebre!","isPartOf":{"@id":"https:\/\/www.cruillaconcerts.cat\/es\/#website"},"primaryImageOfPage":{"@id":"https:\/\/www.cruillaconcerts.cat\/es\/artists\/river-omelet\/#primaryimage"},"image":{"@id":"https:\/\/www.cruillaconcerts.cat\/es\/artists\/river-omelet\/#primaryimage"},"thumbnailUrl":"https:\/\/www.cruillaconcerts.cat\/wp-content\/uploads\/2024\/07\/4.-Foto-Promo-River-Omelet-2024-Marta-Mas-1-1-scaled.jpg","datePublished":"2024-07-23T09:55:19+00:00","dateModified":"2024-10-07T08:17:38+00:00","description":"¡Ven a disfrutar del concierto de River Omelet el 5 de octubre en Sant Jaume d'Enveja dentro de la programación del Cruïlla Delta del Ebre!","breadcrumb":{"@id":"https:\/\/www.cruillaconcerts.cat\/es\/artists\/river-omelet\/#breadcrumb"},"inLanguage":"es","potentialAction":[{"@type":"ReadAction","target":["https:\/\/www.cruillaconcerts.cat\/es\/artists\/river-omelet\/"]}]},{"@type":"ImageObject","inLanguage":"es","@id":"https:\/\/www.cruillaconcerts.cat\/es\/artists\/river-omelet\/#primaryimage","url":"https:\/\/www.cruillaconcerts.cat\/wp-content\/uploads\/2024\/07\/4.-Foto-Promo-River-Omelet-2024-Marta-Mas-1-1-scaled.jpg","contentUrl":"https:\/\/www.cruillaconcerts.cat\/wp-content\/uploads\/2024\/07\/4.-Foto-Promo-River-Omelet-2024-Marta-Mas-1-1-scaled.jpg","width":2560,"height":2560},{"@type":"BreadcrumbList","@id":"https:\/\/www.cruillaconcerts.cat\/es\/artists\/river-omelet\/#breadcrumb","itemListElement":[{"@type":"ListItem","position":1,"name":"Home","item":"https:\/\/www.cruillaconcerts.cat\/es\/"},{"@type":"ListItem","position":2,"name":"River Omelet"}]},{"@type":"WebSite","@id":"https:\/\/www.cruillaconcerts.cat\/es\/#website","url":"https:\/\/www.cruillaconcerts.cat\/es\/","name":"Cruïlla Concerts","description":"","potentialAction":[{"@type":"SearchAction","target":{"@type":"EntryPoint","urlTemplate":"https:\/\/www.cruillaconcerts.cat\/es\/?s={search_term_string}"},"query-input":{"@type":"PropertyValueSpecification","valueRequired":true,"valueName":"search_term_string"}}],"inLanguage":"es"}]}</script>
<!-- / Yoast SEO plugin. -->

¡River Omelet en concierto en el Cruïlla Delta del Ebre!

¡Ven a disfrutar del concierto de River Omelet el 5 de octubre en Sant Jaume d'Enveja dentro de la programación del Cruïlla Delta del Ebre!

Cruïlla Concerts
