{"id":6623,"date":"2024-07-23T09:55:20","date_gmt":"2024-07-23T09:55:20","guid":{"rendered":"https:\/\/www.cruillaconcerts.cat\/?post_type=artists&#038;p=6623"},"modified":"2024-10-07T08:17:45","modified_gmt":"2024-10-07T08:17:45","slug":"dani-nello-organ-trio","status":"publish","type":"artists","link":"https:\/\/www.cruillaconcerts.cat\/es\/artists\/dani-nello-organ-trio\/","title":{"rendered":"Dani Nel\u00b7lo &#038; Organ Trio"},"content":{"rendered":"<h2>\u00a1DANI\u00a0NEL\u00b7LO\u00a0&amp; ORGAN TRIO EN CONCIERTO EN EL CRU\u00cfLLA DELTA DE L&#8217;EBRE!<\/h2>\n<h3>GRAN PRIX<\/h3>\n<p>Si su trayectoria musical fuera una carrera de motor, seguro se llevar\u00eda el &#8216;Gran Prix&#8217;, como clama el t\u00edtulo del primer EP conjunto de este <strong>saxofonista y compositor barcelon\u00e9s<\/strong> con el tr\u00edo de m\u00fasicos formado por Gerard Nieto en el &#8216; \u00f3rgano, Mart\u00edn Burguez en la guitarra y Ram\u00f3n \u00c1ngel Rey en la bater\u00eda que actualmente le acompa\u00f1a a los directos.<\/p>\n<p>Despu\u00e9s de casi 20 a\u00f1os, <strong>Dani Nel\u00b7lo<\/strong> sigue teniendo muchas alegr\u00edas para regalarnos, desde un nuevo trabajo llamado &#8216;Bric-\u00e0-brac&#8217; junto a <strong>Organ Trio<\/strong> hasta \u00a1un concertazo en el <strong>Cru\u00eflla Delta de l&#8217;Ebre<\/strong> el pr\u00f3ximo <strong>5 de octubre<\/strong>!<\/p>\n<hr \/>\n<p style=\"text-align: center;\"><strong><em>\u00a1Concierto Gratuito! Consulta el resto de programaci\u00f3n del Cru\u00eflla Delta del Ebre:<\/em><\/strong><\/p>\n<p style=\"text-align: center;\"><a class=\"efsbutton button \" target=\"_blank\">PROGRAMACI\u00d3N<\/a><\/p>\n<hr \/>\n<p>El nombre de este nuevo disco hace referencia a las peque\u00f1as colecciones de objetos que se pueden encontrar en los encantos o rastros, que normalmente no tienen mucho valor comercial pero s\u00ed sentimental. Dani Nel\u00b7lo aplica este concepto a este \u00e1lbum, formado por <strong>temas nuevos, melod\u00edas de segunda mano, sinfon\u00edas de bolsillo, riffs emparejados <\/strong>y<strong> ritmos descatalogados.<\/strong><\/p>\n<p>El pr\u00f3ximo 5 de octubre, <strong>Dani Nel\u00b7lo + Organ Trio<\/strong> llevar\u00e1n la inspiraci\u00f3n del <strong>rhythm&amp;blues y el jazz<\/strong> de los a\u00f1os 50 hasta la Avenida dels Alfacs con el Parque del Garb\u00ed de <strong>La R\u00e0pita<\/strong> en el Cru\u00eflla Delta de l&#8217;Ebre!<\/p>\n<!-- auto-added video if acf\/single-artist-video not used  --> <iframe style=\"width: 100%;max-width: 100%;height: auto;aspect-ratio: 16 \/ 9;\" src=\"https:\/\/www.youtube-nocookie.com\/embed\/JdjKEY9tmqc\" frameborder=\"0\" allow=\"accelerometer; autoplay; encrypted-media; gyroscope; picture-in-picture\" allowfullscreen><\/iframe>","protected":false},"featured_media":6615,"parent":0,"template":"","meta":{"_acf_changed":false},"artists_edition":[89],"class_list":["post-6623","artists","type-artists","status-publish","has-post-thumbnail","hentry","artists_location-la-rapita","artists_edition-cruilla-delta-ebre-2024"],"acf":{"_thumbnail_id":6615,"youtube_player":"JdjKEY9tmqc","artist_edition":[89],"artist_date":"20241005","artist_time":"16:00","artist_time_2":"","artist_location":[95],"artist_ticket_url":"","artist_ticket_status":"","artist_extra_date__show":false,"artist_extra_date_2":null,"artist_time_of_date2":"","artist_extra_date_3":null,"artist_time_of_date3":"","artist_extra_date_4":null,"artist_time_of_date4":"","artist_extra_date_5":null,"artist_time_of_date5":"","artist_date__show_month":true,"artist_sidebar_active":true,"show_in_agenda":false,"artist_sidebar__banner_img":"","artist_sidebar__banner_link":"","artist_hero_content":"Cru\u00eflla Delta de l'Ebre","artist_style":false,"artist_nationality":false,"artist_audience_age":false},"yoast_head":"<!-- This site is optimized with the Yoast SEO plugin v27.5 - https:\/\/yoast.com\/product\/yoast-seo-wordpress\/ -->\n<title>\u00a1Dani Nel\u00b7lo &amp; Organ Trio en concierto en el Cru\u00eflla Delta del Ebre!<\/title>\n<meta name=\"description\" content=\"\u00a1Ven a disfrutar del concierto de Dani Nel\u00b7lo &amp; Organ Trio el 5 de octubre en La R\u00e0pita, dentro de la programaci\u00f3n del Cru\u00eflla Delta del Ebre!\" \/>\n<meta name=\"robots\" content=\"index, follow, max-snippet:-1, max-image-preview:large, max-video-preview:-1\" \/>\n<link rel=\"canonical\" href=\"https:\/\/www.cruillaconcerts.cat\/es\/artists\/dani-nello-organ-trio\/\" \/>\n<meta property=\"og:locale\" content=\"es_ES\" \/>\n<meta property=\"og:type\" content=\"article\" \/>\n<meta property=\"og:title\" content=\"\u00a1Dani Nel\u00b7lo &amp; Organ Trio en concierto en el Cru\u00eflla Delta del Ebre!\" \/>\n<meta property=\"og:description\" content=\"\u00a1Ven a disfrutar del concierto de Dani Nel\u00b7lo &amp; Organ Trio el 5 de octubre en La R\u00e0pita, dentro de la programaci\u00f3n del Cru\u00eflla Delta del Ebre!\" \/>\n<meta property=\"og:url\" content=\"https:\/\/www.cruillaconcerts.cat\/es\/artists\/dani-nello-organ-trio\/\" \/>\n<meta property=\"og:site_name\" content=\"Cru\u00eflla Concerts\" \/>\n<meta property=\"article:modified_time\" content=\"2024-10-07T08:17:45+00:00\" \/>\n<meta property=\"og:image\" content=\"https:\/\/www.cruillaconcerts.cat\/wp-content\/uploads\/2024\/07\/T22-Nello-045-1.jpg\" \/>\n\t<meta property=\"og:image:width\" content=\"1000\" \/>\n\t<meta property=\"og:image:height\" content=\"1000\" \/>\n\t<meta property=\"og:image:type\" content=\"image\/jpeg\" \/>\n<meta name=\"twitter:card\" content=\"summary_large_image\" \/>\n<meta name=\"twitter:label1\" content=\"Tiempo de lectura\" \/>\n\t<meta name=\"twitter:data1\" content=\"2 minutos\" \/>\n<script type=\"application\/ld+json\" class=\"yoast-schema-graph\">{\"@context\":\"https:\\\/\\\/schema.org\",\"@graph\":[{\"@type\":\"WebPage\",\"@id\":\"https:\\\/\\\/www.cruillaconcerts.cat\\\/es\\\/artists\\\/dani-nello-organ-trio\\\/\",\"url\":\"https:\\\/\\\/www.cruillaconcerts.cat\\\/es\\\/artists\\\/dani-nello-organ-trio\\\/\",\"name\":\"\u00a1Dani Nel\u00b7lo & Organ Trio en concierto en el Cru\u00eflla Delta del Ebre!\",\"isPartOf\":{\"@id\":\"https:\\\/\\\/www.cruillaconcerts.cat\\\/es\\\/#website\"},\"primaryImageOfPage\":{\"@id\":\"https:\\\/\\\/www.cruillaconcerts.cat\\\/es\\\/artists\\\/dani-nello-organ-trio\\\/#primaryimage\"},\"image\":{\"@id\":\"https:\\\/\\\/www.cruillaconcerts.cat\\\/es\\\/artists\\\/dani-nello-organ-trio\\\/#primaryimage\"},\"thumbnailUrl\":\"https:\\\/\\\/www.cruillaconcerts.cat\\\/wp-content\\\/uploads\\\/2024\\\/07\\\/T22-Nello-045-1.jpg\",\"datePublished\":\"2024-07-23T09:55:20+00:00\",\"dateModified\":\"2024-10-07T08:17:45+00:00\",\"description\":\"\u00a1Ven a disfrutar del concierto de Dani Nel\u00b7lo & Organ Trio el 5 de octubre en La R\u00e0pita, dentro de la programaci\u00f3n del Cru\u00eflla Delta del Ebre!\",\"breadcrumb\":{\"@id\":\"https:\\\/\\\/www.cruillaconcerts.cat\\\/es\\\/artists\\\/dani-nello-organ-trio\\\/#breadcrumb\"},\"inLanguage\":\"es\",\"potentialAction\":[{\"@type\":\"ReadAction\",\"target\":[\"https:\\\/\\\/www.cruillaconcerts.cat\\\/es\\\/artists\\\/dani-nello-organ-trio\\\/\"]}]},{\"@type\":\"ImageObject\",\"inLanguage\":\"es\",\"@id\":\"https:\\\/\\\/www.cruillaconcerts.cat\\\/es\\\/artists\\\/dani-nello-organ-trio\\\/#primaryimage\",\"url\":\"https:\\\/\\\/www.cruillaconcerts.cat\\\/wp-content\\\/uploads\\\/2024\\\/07\\\/T22-Nello-045-1.jpg\",\"contentUrl\":\"https:\\\/\\\/www.cruillaconcerts.cat\\\/wp-content\\\/uploads\\\/2024\\\/07\\\/T22-Nello-045-1.jpg\",\"width\":1000,\"height\":1000},{\"@type\":\"BreadcrumbList\",\"@id\":\"https:\\\/\\\/www.cruillaconcerts.cat\\\/es\\\/artists\\\/dani-nello-organ-trio\\\/#breadcrumb\",\"itemListElement\":[{\"@type\":\"ListItem\",\"position\":1,\"name\":\"Home\",\"item\":\"https:\\\/\\\/www.cruillaconcerts.cat\\\/es\\\/\"},{\"@type\":\"ListItem\",\"position\":2,\"name\":\"Dani Nel\u00b7lo &#038; Organ Trio\"}]},{\"@type\":\"WebSite\",\"@id\":\"https:\\\/\\\/www.cruillaconcerts.cat\\\/es\\\/#website\",\"url\":\"https:\\\/\\\/www.cruillaconcerts.cat\\\/es\\\/\",\"name\":\"Cru\u00eflla Concerts\",\"description\":\"\",\"potentialAction\":[{\"@type\":\"SearchAction\",\"target\":{\"@type\":\"EntryPoint\",\"urlTemplate\":\"https:\\\/\\\/www.cruillaconcerts.cat\\\/es\\\/?s={search_term_string}\"},\"query-input\":{\"@type\":\"PropertyValueSpecification\",\"valueRequired\":true,\"valueName\":\"search_term_string\"}}],\"inLanguage\":\"es\"}]}<\/script>\n<!-- \/ Yoast SEO plugin. -->","yoast_head_json":{"title":"\u00a1Dani Nel\u00b7lo & Organ Trio en concierto en el Cru\u00eflla Delta del Ebre!","description":"\u00a1Ven a disfrutar del concierto de Dani Nel\u00b7lo & Organ Trio el 5 de octubre en La R\u00e0pita, dentro de la programaci\u00f3n del Cru\u00eflla Delta del Ebre!","robots":{"index":"index","follow":"follow","max-snippet":"max-snippet:-1","max-image-preview":"max-image-preview:large","max-video-preview":"max-video-preview:-1"},"canonical":"https:\/\/www.cruillaconcerts.cat\/es\/artists\/dani-nello-organ-trio\/","og_locale":"es_ES","og_type":"article","og_title":"\u00a1Dani Nel\u00b7lo & Organ Trio en concierto en el Cru\u00eflla Delta del Ebre!","og_description":"\u00a1Ven a disfrutar del concierto de Dani Nel\u00b7lo & Organ Trio el 5 de octubre en La R\u00e0pita, dentro de la programaci\u00f3n del Cru\u00eflla Delta del Ebre!","og_url":"https:\/\/www.cruillaconcerts.cat\/es\/artists\/dani-nello-organ-trio\/","og_site_name":"Cru\u00eflla Concerts","article_modified_time":"2024-10-07T08:17:45+00:00","og_image":[{"width":1000,"height":1000,"url":"https:\/\/www.cruillaconcerts.cat\/wp-content\/uploads\/2024\/07\/T22-Nello-045-1.jpg","type":"image\/jpeg"}],"twitter_card":"summary_large_image","twitter_misc":{"Tiempo de lectura":"2 minutos"},"schema":{"@context":"https:\/\/schema.org","@graph":[{"@type":"WebPage","@id":"https:\/\/www.cruillaconcerts.cat\/es\/artists\/dani-nello-organ-trio\/","url":"https:\/\/www.cruillaconcerts.cat\/es\/artists\/dani-nello-organ-trio\/","name":"\u00a1Dani Nel\u00b7lo & Organ Trio en concierto en el Cru\u00eflla Delta del Ebre!","isPartOf":{"@id":"https:\/\/www.cruillaconcerts.cat\/es\/#website"},"primaryImageOfPage":{"@id":"https:\/\/www.cruillaconcerts.cat\/es\/artists\/dani-nello-organ-trio\/#primaryimage"},"image":{"@id":"https:\/\/www.cruillaconcerts.cat\/es\/artists\/dani-nello-organ-trio\/#primaryimage"},"thumbnailUrl":"https:\/\/www.cruillaconcerts.cat\/wp-content\/uploads\/2024\/07\/T22-Nello-045-1.jpg","datePublished":"2024-07-23T09:55:20+00:00","dateModified":"2024-10-07T08:17:45+00:00","description":"\u00a1Ven a disfrutar del concierto de Dani Nel\u00b7lo & Organ Trio el 5 de octubre en La R\u00e0pita, dentro de la programaci\u00f3n del Cru\u00eflla Delta del Ebre!","breadcrumb":{"@id":"https:\/\/www.cruillaconcerts.cat\/es\/artists\/dani-nello-organ-trio\/#breadcrumb"},"inLanguage":"es","potentialAction":[{"@type":"ReadAction","target":["https:\/\/www.cruillaconcerts.cat\/es\/artists\/dani-nello-organ-trio\/"]}]},{"@type":"ImageObject","inLanguage":"es","@id":"https:\/\/www.cruillaconcerts.cat\/es\/artists\/dani-nello-organ-trio\/#primaryimage","url":"https:\/\/www.cruillaconcerts.cat\/wp-content\/uploads\/2024\/07\/T22-Nello-045-1.jpg","contentUrl":"https:\/\/www.cruillaconcerts.cat\/wp-content\/uploads\/2024\/07\/T22-Nello-045-1.jpg","width":1000,"height":1000},{"@type":"BreadcrumbList","@id":"https:\/\/www.cruillaconcerts.cat\/es\/artists\/dani-nello-organ-trio\/#breadcrumb","itemListElement":[{"@type":"ListItem","position":1,"name":"Home","item":"https:\/\/www.cruillaconcerts.cat\/es\/"},{"@type":"ListItem","position":2,"name":"Dani Nel\u00b7lo &#038; Organ Trio"}]},{"@type":"WebSite","@id":"https:\/\/www.cruillaconcerts.cat\/es\/#website","url":"https:\/\/www.cruillaconcerts.cat\/es\/","name":"Cru\u00eflla Concerts","description":"","potentialAction":[{"@type":"SearchAction","target":{"@type":"EntryPoint","urlTemplate":"https:\/\/www.cruillaconcerts.cat\/es\/?s={search_term_string}"},"query-input":{"@type":"PropertyValueSpecification","valueRequired":true,"valueName":"search_term_string"}}],"inLanguage":"es"}]}},"_links":{"self":[{"href":"https:\/\/www.cruillaconcerts.cat\/es\/wp-json\/wp\/v2\/artists\/6623","targetHints":{"allow":["GET"]}}],"collection":[{"href":"https:\/\/www.cruillaconcerts.cat\/es\/wp-json\/wp\/v2\/artists"}],"about":[{"href":"https:\/\/www.cruillaconcerts.cat\/es\/wp-json\/wp\/v2\/types\/artists"}],"acf:term":[{"embeddable":true,"taxonomy":"artists_location","href":"https:\/\/www.cruillaconcerts.cat\/es\/wp-json\/wp\/v2\/artists_location\/95"},{"embeddable":true,"taxonomy":"artists_edition","href":"https:\/\/www.cruillaconcerts.cat\/es\/wp-json\/wp\/v2\/artists_edition\/89"}],"wp:featuredmedia":[{"embeddable":true,"href":"https:\/\/www.cruillaconcerts.cat\/es\/wp-json\/wp\/v2\/media\/6615"}],"wp:attachment":[{"href":"https:\/\/www.cruillaconcerts.cat\/es\/wp-json\/wp\/v2\/media?parent=6623"}],"wp:term":[{"taxonomy":"artists_edition","embeddable":true,"href":"https:\/\/www.cruillaconcerts.cat\/es\/wp-json\/wp\/v2\/artists_edition?post=6623"}],"curies":[{"name":"wp","href":"https:\/\/api.w.org\/{rel}","templated":true}]}}

<h2>¡DANI NEL·LO &amp; ORGAN TRIO EN CONCIERTO EN EL CRUÏLLA DELTA DE L&#8217;EBRE!</h2>
<h3>GRAN PRIX</h3>
<p>Si su trayectoria musical fuera una carrera de motor, seguro se llevaría el &#8216;Gran Prix&#8217;, como clama el título del primer EP conjunto de este <strong>saxofonista y compositor barcelonés</strong> con el trío de músicos formado por Gerard Nieto en el &#8216; órgano, Martín Burguez en la guitarra y Ramón Ángel Rey en la batería que actualmente le acompaña a los directos.</p>
<p>Después de casi 20 años, <strong>Dani Nel·lo</strong> sigue teniendo muchas alegrías para regalarnos, desde un nuevo trabajo llamado &#8216;Bric-à-brac&#8217; junto a <strong>Organ Trio</strong> hasta ¡un concertazo en el <strong>Cruïlla Delta de l&#8217;Ebre</strong> el próximo <strong>5 de octubre</strong>!</p>
<hr />
<p style="text-align: center;"><strong><em>¡Concierto Gratuito! Consulta el resto de programación del Cruïlla Delta del Ebre:</em></strong></p>
<p style="text-align: center;"><a class="efsbutton button " target="_blank">PROGRAMACIÓN</a></p>
<hr />
<p>El nombre de este nuevo disco hace referencia a las pequeñas colecciones de objetos que se pueden encontrar en los encantos o rastros, que normalmente no tienen mucho valor comercial pero sí sentimental. Dani Nel·lo aplica este concepto a este álbum, formado por <strong>temas nuevos, melodías de segunda mano, sinfonías de bolsillo, riffs emparejados </strong>y<strong> ritmos descatalogados.</strong></p>
<p>El próximo 5 de octubre, <strong>Dani Nel·lo + Organ Trio</strong> llevarán la inspiración del <strong>rhythm&amp;blues y el jazz</strong> de los años 50 hasta la Avenida dels Alfacs con el Parque del Garbí de <strong>La Ràpita</strong> en el Cruïlla Delta de l&#8217;Ebre!</p>
<!-- auto-added video if acf/single-artist-video not used  --> <iframe style="width: 100%;max-width: 100%;height: auto;aspect-ratio: 16 / 9;" src="https://www.youtube-nocookie.com/embed/JdjKEY9tmqc" frameborder="0" allow="accelerometer; autoplay; encrypted-media; gyroscope; picture-in-picture" allowfullscreen></iframe>

Cruïlla Delta de l'Ebre

<!-- This site is optimized with the Yoast SEO plugin v27.5 - https://yoast.com/product/yoast-seo-wordpress/ -->
<title>¡Dani Nel·lo &amp; Organ Trio en concierto en el Cruïlla Delta del Ebre!</title>
<meta name="description" content="¡Ven a disfrutar del concierto de Dani Nel·lo &amp; Organ Trio el 5 de octubre en La Ràpita, dentro de la programación del Cruïlla Delta del Ebre!" />
<meta name="robots" content="index, follow, max-snippet:-1, max-image-preview:large, max-video-preview:-1" />
<link rel="canonical" href="https://www.cruillaconcerts.cat/es/artists/dani-nello-organ-trio/" />
<meta property="og:locale" content="es_ES" />
<meta property="og:type" content="article" />
<meta property="og:title" content="¡Dani Nel·lo &amp; Organ Trio en concierto en el Cruïlla Delta del Ebre!" />
<meta property="og:description" content="¡Ven a disfrutar del concierto de Dani Nel·lo &amp; Organ Trio el 5 de octubre en La Ràpita, dentro de la programación del Cruïlla Delta del Ebre!" />
<meta property="og:url" content="https://www.cruillaconcerts.cat/es/artists/dani-nello-organ-trio/" />
<meta property="og:site_name" content="Cruïlla Concerts" />
<meta property="article:modified_time" content="2024-10-07T08:17:45+00:00" />
<meta property="og:image" content="https://www.cruillaconcerts.cat/wp-content/uploads/2024/07/T22-Nello-045-1.jpg" />
	<meta property="og:image:width" content="1000" />
	<meta property="og:image:height" content="1000" />
	<meta property="og:image:type" content="image/jpeg" />
<meta name="twitter:card" content="summary_large_image" />
<meta name="twitter:label1" content="Tiempo de lectura" />
	<meta name="twitter:data1" content="2 minutos" />
<script type="application/ld+json" class="yoast-schema-graph">{"@context":"https:\/\/schema.org","@graph":[{"@type":"WebPage","@id":"https:\/\/www.cruillaconcerts.cat\/es\/artists\/dani-nello-organ-trio\/","url":"https:\/\/www.cruillaconcerts.cat\/es\/artists\/dani-nello-organ-trio\/","name":"¡Dani Nel·lo & Organ Trio en concierto en el Cruïlla Delta del Ebre!","isPartOf":{"@id":"https:\/\/www.cruillaconcerts.cat\/es\/#website"},"primaryImageOfPage":{"@id":"https:\/\/www.cruillaconcerts.cat\/es\/artists\/dani-nello-organ-trio\/#primaryimage"},"image":{"@id":"https:\/\/www.cruillaconcerts.cat\/es\/artists\/dani-nello-organ-trio\/#primaryimage"},"thumbnailUrl":"https:\/\/www.cruillaconcerts.cat\/wp-content\/uploads\/2024\/07\/T22-Nello-045-1.jpg","datePublished":"2024-07-23T09:55:20+00:00","dateModified":"2024-10-07T08:17:45+00:00","description":"¡Ven a disfrutar del concierto de Dani Nel·lo & Organ Trio el 5 de octubre en La Ràpita, dentro de la programación del Cruïlla Delta del Ebre!","breadcrumb":{"@id":"https:\/\/www.cruillaconcerts.cat\/es\/artists\/dani-nello-organ-trio\/#breadcrumb"},"inLanguage":"es","potentialAction":[{"@type":"ReadAction","target":["https:\/\/www.cruillaconcerts.cat\/es\/artists\/dani-nello-organ-trio\/"]}]},{"@type":"ImageObject","inLanguage":"es","@id":"https:\/\/www.cruillaconcerts.cat\/es\/artists\/dani-nello-organ-trio\/#primaryimage","url":"https:\/\/www.cruillaconcerts.cat\/wp-content\/uploads\/2024\/07\/T22-Nello-045-1.jpg","contentUrl":"https:\/\/www.cruillaconcerts.cat\/wp-content\/uploads\/2024\/07\/T22-Nello-045-1.jpg","width":1000,"height":1000},{"@type":"BreadcrumbList","@id":"https:\/\/www.cruillaconcerts.cat\/es\/artists\/dani-nello-organ-trio\/#breadcrumb","itemListElement":[{"@type":"ListItem","position":1,"name":"Home","item":"https:\/\/www.cruillaconcerts.cat\/es\/"},{"@type":"ListItem","position":2,"name":"Dani Nel·lo &#038; Organ Trio"}]},{"@type":"WebSite","@id":"https:\/\/www.cruillaconcerts.cat\/es\/#website","url":"https:\/\/www.cruillaconcerts.cat\/es\/","name":"Cruïlla Concerts","description":"","potentialAction":[{"@type":"SearchAction","target":{"@type":"EntryPoint","urlTemplate":"https:\/\/www.cruillaconcerts.cat\/es\/?s={search_term_string}"},"query-input":{"@type":"PropertyValueSpecification","valueRequired":true,"valueName":"search_term_string"}}],"inLanguage":"es"}]}</script>
<!-- / Yoast SEO plugin. -->

¡Dani Nel·lo & Organ Trio en concierto en el Cruïlla Delta del Ebre!

¡Ven a disfrutar del concierto de Dani Nel·lo & Organ Trio el 5 de octubre en La Ràpita, dentro de la programación del Cruïlla Delta del Ebre!

Cruïlla Concerts
